{"id":1096,"date":"2024-05-13T19:37:29","date_gmt":"2024-05-14T00:37:29","guid":{"rendered":"https:\/\/elcomercioenlinea.com\/index.php\/producto\/luz-recargable-para-bicicleta\/"},"modified":"2024-05-13T19:45:34","modified_gmt":"2024-05-14T00:45:34","slug":"luz-recargable-para-bicicleta","status":"publish","type":"product","link":"https:\/\/elcomercioenlinea.com\/index.php\/producto\/luz-recargable-para-bicicleta\/","title":{"rendered":"LUZ RECARGABLE PARA BICICLETA"},"content":{"rendered":"<p>LUZ RECARGABLE PARA BICICLETA ref. 2029<br \/>\nLa correa se adapta a las barras.<br \/>\nResistente al agua.<br \/>\n3 modos de iluminaci\u00f3n.<br \/>\nCargador USB disponible.<br \/>\nDise\u00f1o de luz lateral.<br \/>\nL\u00ednea de corte superior del frijol de la l\u00e1mpara.<br \/>\nESPECIFICACIONES:<\/p>\n<p>Fuente de alimentaci\u00f3n: bater\u00eda de pol\u00edmero de litio recargable por USB de 800 mAh.<br \/>\nTiempo de carga: 3hrs por USB.<br \/>\nMaterial: aliado de aluminio, PC y ABS.<br \/>\nDimensi\u00f3n\/Peso: La66x An29 x Al22mm\/50g.<br \/>\nBombilla: LED CREE de alta potencia.<\/p>\n","protected":false},"excerpt":{"rendered":"<p>LUZ RECARGABLE PARA BICICLETA ref. 2029 La correa se adapta a las barras. Resistente al agua. 3 modos de iluminaci\u00f3n. Cargador USB disponible. Dise\u00f1o de luz lateral. L\u00ednea de corte superior del frijol de la l\u00e1mpara. ESPECIFICACIONES: Fuente de alimentaci\u00f3n: bater\u00eda de pol\u00edmero de litio recargable por USB de 800 mAh. Tiempo de carga: 3hrs [&hellip;]<\/p>\n","protected":false},"featured_media":1097,"template":"","meta":[],"product_brand":[],"product_cat":[15],"product_tag":[],"class_list":{"0":"post-1096","1":"product","2":"type-product","3":"status-publish","4":"has-post-thumbnail","6":"product_cat-sin-categoria","8":"first","9":"instock","10":"shipping-taxable","11":"purchasable","12":"product-type-simple"},"featured_image_urls":{"full":["https:\/\/elcomercioenlinea.com\/wp-content\/uploads\/2024\/05\/712658.png",1080,1080,false],"thumbnail":["https:\/\/elcomercioenlinea.com\/wp-content\/uploads\/2024\/05\/712658-150x150.png",150,150,true],"medium":["https:\/\/elcomercioenlinea.com\/wp-content\/uploads\/2024\/05\/712658-300x300.png",300,300,true],"medium_large":["https:\/\/elcomercioenlinea.com\/wp-content\/uploads\/2024\/05\/712658-768x768.png",768,768,true],"large":["https:\/\/elcomercioenlinea.com\/wp-content\/uploads\/2024\/05\/712658-1024x1024.png",1024,1024,true],"1536x1536":["https:\/\/elcomercioenlinea.com\/wp-content\/uploads\/2024\/05\/712658.png",1080,1080,false],"2048x2048":["https:\/\/elcomercioenlinea.com\/wp-content\/uploads\/2024\/05\/712658.png",1080,1080,false],"woocommerce_archive_thumbnail":["https:\/\/elcomercioenlinea.com\/wp-content\/uploads\/2024\/05\/712658-300x300.png",300,300,true],"woocommerce_thumbnail":["https:\/\/elcomercioenlinea.com\/wp-content\/uploads\/2024\/05\/712658-300x300.png",300,300,true],"woocommerce_single":["https:\/\/elcomercioenlinea.com\/wp-content\/uploads\/2024\/05\/712658-600x600.png",600,600,true],"woocommerce_gallery_thumbnail":["https:\/\/elcomercioenlinea.com\/wp-content\/uploads\/2024\/05\/712658-100x100.png",100,100,true]},"post_excerpt_stackable":"<p>LUZ RECARGABLE PARA BICICLETA ref. 2029 La correa se adapta a las barras. Resistente al agua. 3 modos de iluminaci\u00f3n. Cargador USB disponible. Dise\u00f1o de luz lateral. L\u00ednea de corte superior del frijol de la l\u00e1mpara. ESPECIFICACIONES: Fuente de alimentaci\u00f3n: bater\u00eda de pol\u00edmero de litio recargable por USB de 800 mAh. Tiempo de carga: 3hrs por USB. Material: aliado de aluminio, PC y ABS. Dimensi\u00f3n\/Peso: La66x An29 x Al22mm\/50g. Bombilla: LED CREE de alta potencia.<\/p>\n","category_list":"","author_info":{"name":"","url":""},"comments_num":"0 comentarios","jetpack_sharing_enabled":true,"_links":{"self":[{"href":"https:\/\/elcomercioenlinea.com\/index.php\/wp-json\/wp\/v2\/product\/1096","targetHints":{"allow":["GET"]}}],"collection":[{"href":"https:\/\/elcomercioenlinea.com\/index.php\/wp-json\/wp\/v2\/product"}],"about":[{"href":"https:\/\/elcomercioenlinea.com\/index.php\/wp-json\/wp\/v2\/types\/product"}],"wp:featuredmedia":[{"embeddable":true,"href":"https:\/\/elcomercioenlinea.com\/index.php\/wp-json\/wp\/v2\/media\/1097"}],"wp:attachment":[{"href":"https:\/\/elcomercioenlinea.com\/index.php\/wp-json\/wp\/v2\/media?parent=1096"}],"wp:term":[{"taxonomy":"product_brand","embeddable":true,"href":"https:\/\/elcomercioenlinea.com\/index.php\/wp-json\/wp\/v2\/product_brand?post=1096"},{"taxonomy":"product_cat","embeddable":true,"href":"https:\/\/elcomercioenlinea.com\/index.php\/wp-json\/wp\/v2\/product_cat?post=1096"},{"taxonomy":"product_tag","embeddable":true,"href":"https:\/\/elcomercioenlinea.com\/index.php\/wp-json\/wp\/v2\/product_tag?post=1096"}],"curies":[{"name":"wp","href":"https:\/\/api.w.org\/{rel}","templated":true}]}}