{"id":155,"date":"2020-03-16T09:00:48","date_gmt":"2020-03-16T09:00:48","guid":{"rendered":"https:\/\/demo.creativethemes.com\/blocksy\/modern-shop\/?post_type=product&#038;p=155"},"modified":"2024-03-24T17:27:11","modified_gmt":"2024-03-24T22:27:11","slug":"libero-faucibus-nistincidunt","status":"publish","type":"product","link":"https:\/\/elcomercioenlinea.com\/index.php\/producto\/libero-faucibus-nistincidunt\/","title":{"rendered":"SOPORTE PLEGABLE PARA DECODIFICADOR TV"},"content":{"rendered":"<p>Estante de TV ajustable estante superior de pantalla Monitor de ordenador elevador de escritorio soporte de exhibici\u00f3n de almacenamiento de oficina<\/p>\n<p>CARACTER\u00cdSTICAS:<\/p>\n<p>F\u00c1CIL INSTALACI\u00d3N: no se requieren herramientas. Solo tarda 2 segundos en montar el estante.<\/p>\n<p>ESTANTE: Es una plataforma perfecta para mostrar tu personalidad y ampliar el espacio de almacenamiento. Se adapta a todos los monitores de computadora de escritorio, TV LCD, ajustando libremente las patas de los estantes.<\/p>\n<p>CREA ESPACIOS ADICIONALES: dise\u00f1ado para decodificador de TV, decodificador de cable, dispositivos de transmisi\u00f3n de medios, enrutador Wi-Fi, controles remotos, decoraci\u00f3n del hogar. Monta la caja de transmisi\u00f3n en su televisor. Ejemplo: Apple TV, Roku, Amazon Fire TV, PlayStation TV, etc. Decora tu espacio poniendo marcos de fotos, plantas, juguetes, parlantes, etc.<\/p>\n<p>&#8211; Nunca pierda sus accesorios y controles remotos de TV. Mant\u00e9ngalos fuera de la vista y del alcance de los ni\u00f1os peque\u00f1os.<\/p>\n<p>&#8211; Material de protecci\u00f3n ambiental ABS, seguro y saludable. Resistencia a altas temperaturas, sin deformaci\u00f3n, fuerte y duradera.<br \/>\n&#8211; Superficie antideslizante: los puntos de goma en la superficie aseguran que sus cosas no se resbalen. \u00a1El estante de exhibici\u00f3n ajustable es un estante creativo que le permite organizar y recolectar art\u00edculos peque\u00f1os en la pantalla!<br \/>\n&#8211; Dise\u00f1o plegable: brinde espacio de almacenamiento adicional, utilice completamente el espacio sobre la pantalla para clasificar y organizar elementos como papeler\u00eda, parlantes, enrutadores, vasos, bocadillos \/ bebidas, medicamentos y m\u00e1s.<br \/>\n&#8211; Con un dise\u00f1o estructural \u00fanico: 2 soportes se pueden ajustar para encajar perfectamente y sujetar de forma estable en cualquier pantalla.<br \/>\n&#8211; Instalaci\u00f3n gratuita: simplemente ajuste la tensi\u00f3n de las juntas para la instalaci\u00f3n, no se necesitan herramientas adicionales<\/p>\n<p>ESPECIFICACIONES:<br \/>\n&#8211; 100% nuevo de alta calidad<br \/>\n&#8211; Color: negro<br \/>\n&#8211; Tama\u00f1o: 33x16x2.5cm<br \/>\n&#8211; Material: ABS<\/p>\n<p>1. Creatividad \u00fanica, aproveche al m\u00e1ximo el espacio sobre la pantalla para clasificaci\u00f3n y almacenamiento 2. Usando materiales ABS ecol\u00f3gicos, seguros y saludables resistencia, alta temperatura, sin deformaci\u00f3n, duradero<br \/>\n3. Dise\u00f1o estructural \u00fanico, dos soportes activos, compatible con varios tipos de pantallas<br \/>\n4. Detalles perfectos, nuevos materiales, duraderos<\/p>\n<p>POR TU COMPRA RECIBES:<br \/>\n1 x Estante superior<\/p>\n","protected":false},"excerpt":{"rendered":"<p>Estante de TV ajustable estante superior de pantalla Monitor de ordenador elevador de escritorio soporte de exhibici\u00f3n de almacenamiento de oficina<\/p>\n","protected":false},"featured_media":635,"template":"","meta":[],"product_brand":[],"product_cat":[18],"product_tag":[69,70,68,67,34,66,65],"class_list":{"0":"post-155","1":"product","2":"type-product","3":"status-publish","4":"has-post-thumbnail","6":"product_cat-tecnologia","7":"product_tag-deco","8":"product_tag-decodificador","9":"product_tag-modem","10":"product_tag-router","11":"product_tag-soporte","12":"product_tag-televisor","13":"product_tag-tv","15":"first","16":"instock","17":"sale","18":"shipping-taxable","19":"purchasable","20":"product-type-simple"},"featured_image_urls":{"full":["https:\/\/elcomercioenlinea.com\/wp-content\/uploads\/2020\/03\/171122770117030712511703071251soporte-deco-2.jpeg",800,802,false],"thumbnail":["https:\/\/elcomercioenlinea.com\/wp-content\/uploads\/2020\/03\/171122770117030712511703071251soporte-deco-2-150x150.jpeg",150,150,true],"medium":["https:\/\/elcomercioenlinea.com\/wp-content\/uploads\/2020\/03\/171122770117030712511703071251soporte-deco-2-300x300.jpeg",300,300,true],"medium_large":["https:\/\/elcomercioenlinea.com\/wp-content\/uploads\/2020\/03\/171122770117030712511703071251soporte-deco-2-768x770.jpeg",768,770,true],"large":["https:\/\/elcomercioenlinea.com\/wp-content\/uploads\/2020\/03\/171122770117030712511703071251soporte-deco-2.jpeg",800,802,false],"1536x1536":["https:\/\/elcomercioenlinea.com\/wp-content\/uploads\/2020\/03\/171122770117030712511703071251soporte-deco-2.jpeg",800,802,false],"2048x2048":["https:\/\/elcomercioenlinea.com\/wp-content\/uploads\/2020\/03\/171122770117030712511703071251soporte-deco-2.jpeg",800,802,false],"woocommerce_archive_thumbnail":["https:\/\/elcomercioenlinea.com\/wp-content\/uploads\/2020\/03\/171122770117030712511703071251soporte-deco-2-300x300.jpeg",300,300,true],"woocommerce_thumbnail":["https:\/\/elcomercioenlinea.com\/wp-content\/uploads\/2020\/03\/171122770117030712511703071251soporte-deco-2-300x300.jpeg",300,300,true],"woocommerce_single":["https:\/\/elcomercioenlinea.com\/wp-content\/uploads\/2020\/03\/171122770117030712511703071251soporte-deco-2-600x602.jpeg",600,602,true],"woocommerce_gallery_thumbnail":["https:\/\/elcomercioenlinea.com\/wp-content\/uploads\/2020\/03\/171122770117030712511703071251soporte-deco-2-100x100.jpeg",100,100,true]},"post_excerpt_stackable":"<p>Estante de TV ajustable estante superior de pantalla Monitor de ordenador elevador de escritorio soporte de exhibici\u00f3n de almacenamiento de oficina<\/p>\n","category_list":"","author_info":{"name":"","url":""},"comments_num":"1 comentario","jetpack_sharing_enabled":true,"_links":{"self":[{"href":"https:\/\/elcomercioenlinea.com\/index.php\/wp-json\/wp\/v2\/product\/155","targetHints":{"allow":["GET"]}}],"collection":[{"href":"https:\/\/elcomercioenlinea.com\/index.php\/wp-json\/wp\/v2\/product"}],"about":[{"href":"https:\/\/elcomercioenlinea.com\/index.php\/wp-json\/wp\/v2\/types\/product"}],"wp:featuredmedia":[{"embeddable":true,"href":"https:\/\/elcomercioenlinea.com\/index.php\/wp-json\/wp\/v2\/media\/635"}],"wp:attachment":[{"href":"https:\/\/elcomercioenlinea.com\/index.php\/wp-json\/wp\/v2\/media?parent=155"}],"wp:term":[{"taxonomy":"product_brand","embeddable":true,"href":"https:\/\/elcomercioenlinea.com\/index.php\/wp-json\/wp\/v2\/product_brand?post=155"},{"taxonomy":"product_cat","embeddable":true,"href":"https:\/\/elcomercioenlinea.com\/index.php\/wp-json\/wp\/v2\/product_cat?post=155"},{"taxonomy":"product_tag","embeddable":true,"href":"https:\/\/elcomercioenlinea.com\/index.php\/wp-json\/wp\/v2\/product_tag?post=155"}],"curies":[{"name":"wp","href":"https:\/\/api.w.org\/{rel}","templated":true}]}}