{"id":1819,"date":"2024-07-01T19:54:24","date_gmt":"2024-07-02T00:54:24","guid":{"rendered":"https:\/\/elcomercioenlinea.com\/index.php\/producto\/sombrilla-forma-de-botella\/"},"modified":"2024-07-02T11:12:24","modified_gmt":"2024-07-02T16:12:24","slug":"sombrilla-forma-de-botella","status":"publish","type":"product","link":"https:\/\/elcomercioenlinea.com\/index.php\/producto\/sombrilla-forma-de-botella\/","title":{"rendered":"Sombrilla Forma de Botella"},"content":{"rendered":"<p>Presentamos el innovador Paraguas en Forma de Botella Este paraguas modelo Wine Bottle no solo te mantener seco bajo la lluvia sino que tambi\u00e9n es extremadamente practico y f\u00e1cil de transportar. Este sorprendente paraguas Dise\u00f1o \u00fanico Con forma de botella de zinc estilo aluminio este paraguas se destaca por su atractivo dise\u00f1o y Protecci\u00f3n contra los rayos UV Hecho de poli\u00e9ster 190T con protecci\u00f3n para rayos UV.<\/p>\n","protected":false},"excerpt":{"rendered":"<p>Presentamos el innovador Paraguas en Forma de Botella Este paraguas modelo Wine Bottle no solo te mantener seco bajo la lluvia sino que tambi\u00e9n es extremadamente practico y f\u00e1cil de transportar. Este sorprendente paraguas Dise\u00f1o \u00fanico Con forma de botella de zinc estilo aluminio este paraguas se destaca por su atractivo dise\u00f1o y Protecci\u00f3n contra [&hellip;]<\/p>\n","protected":false},"featured_media":1820,"template":"","meta":[],"product_brand":[],"product_cat":[17],"product_tag":[],"class_list":{"0":"post-1819","1":"product","2":"type-product","3":"status-publish","4":"has-post-thumbnail","6":"product_cat-hogar","8":"first","9":"instock","10":"shipping-taxable","11":"purchasable","12":"product-type-simple"},"featured_image_urls":{"full":["https:\/\/elcomercioenlinea.com\/wp-content\/uploads\/2024\/07\/932203.png",465,500,false],"thumbnail":["https:\/\/elcomercioenlinea.com\/wp-content\/uploads\/2024\/07\/932203-150x150.png",150,150,true],"medium":["https:\/\/elcomercioenlinea.com\/wp-content\/uploads\/2024\/07\/932203-279x300.png",279,300,true],"medium_large":["https:\/\/elcomercioenlinea.com\/wp-content\/uploads\/2024\/07\/932203.png",465,500,false],"large":["https:\/\/elcomercioenlinea.com\/wp-content\/uploads\/2024\/07\/932203.png",465,500,false],"1536x1536":["https:\/\/elcomercioenlinea.com\/wp-content\/uploads\/2024\/07\/932203.png",465,500,false],"2048x2048":["https:\/\/elcomercioenlinea.com\/wp-content\/uploads\/2024\/07\/932203.png",465,500,false],"woocommerce_archive_thumbnail":["https:\/\/elcomercioenlinea.com\/wp-content\/uploads\/2024\/07\/932203-300x323.png",300,323,true],"woocommerce_thumbnail":["https:\/\/elcomercioenlinea.com\/wp-content\/uploads\/2024\/07\/932203-300x300.png",300,300,true],"woocommerce_single":["https:\/\/elcomercioenlinea.com\/wp-content\/uploads\/2024\/07\/932203.png",465,500,false],"woocommerce_gallery_thumbnail":["https:\/\/elcomercioenlinea.com\/wp-content\/uploads\/2024\/07\/932203-100x100.png",100,100,true]},"post_excerpt_stackable":"<p>Presentamos el innovador Paraguas en Forma de Botella Este paraguas modelo Wine Bottle no solo te mantener seco bajo la lluvia sino que tambi\u00e9n es extremadamente practico y f\u00e1cil de transportar. Este sorprendente paraguas Dise\u00f1o \u00fanico Con forma de botella de zinc estilo aluminio este paraguas se destaca por su atractivo dise\u00f1o y Protecci\u00f3n contra los rayos UV Hecho de poli\u00e9ster 190T con protecci\u00f3n para rayos UV.<\/p>\n","category_list":"","author_info":{"name":"","url":""},"comments_num":"0 comentarios","jetpack_sharing_enabled":true,"_links":{"self":[{"href":"https:\/\/elcomercioenlinea.com\/index.php\/wp-json\/wp\/v2\/product\/1819","targetHints":{"allow":["GET"]}}],"collection":[{"href":"https:\/\/elcomercioenlinea.com\/index.php\/wp-json\/wp\/v2\/product"}],"about":[{"href":"https:\/\/elcomercioenlinea.com\/index.php\/wp-json\/wp\/v2\/types\/product"}],"wp:featuredmedia":[{"embeddable":true,"href":"https:\/\/elcomercioenlinea.com\/index.php\/wp-json\/wp\/v2\/media\/1820"}],"wp:attachment":[{"href":"https:\/\/elcomercioenlinea.com\/index.php\/wp-json\/wp\/v2\/media?parent=1819"}],"wp:term":[{"taxonomy":"product_brand","embeddable":true,"href":"https:\/\/elcomercioenlinea.com\/index.php\/wp-json\/wp\/v2\/product_brand?post=1819"},{"taxonomy":"product_cat","embeddable":true,"href":"https:\/\/elcomercioenlinea.com\/index.php\/wp-json\/wp\/v2\/product_cat?post=1819"},{"taxonomy":"product_tag","embeddable":true,"href":"https:\/\/elcomercioenlinea.com\/index.php\/wp-json\/wp\/v2\/product_tag?post=1819"}],"curies":[{"name":"wp","href":"https:\/\/api.w.org\/{rel}","templated":true}]}}