{"id":1875,"date":"2024-07-02T11:40:23","date_gmt":"2024-07-02T16:40:23","guid":{"rendered":"https:\/\/elcomercioenlinea.com\/index.php\/producto\/filtro-purificador-de-agua-water\/"},"modified":"2024-07-02T11:49:36","modified_gmt":"2024-07-02T16:49:36","slug":"filtro-purificador-de-agua-water","status":"publish","type":"product","link":"https:\/\/elcomercioenlinea.com\/index.php\/producto\/filtro-purificador-de-agua-water\/","title":{"rendered":"Filtro Purificador De Agua"},"content":{"rendered":"<p>El purificador y filtro de agua para grifo elimina eficazmente el oxido todo tipo de sedimentos microorganismos nocivos polvo par sitos algas coloides y bacterias El filtro y purificador de agua tiene un cartucho de cer\u00e1mica que puede filtrar y eliminar sustancias nocivas Adem\u00e1s el cartucho de cer\u00e1mica se puede usar durante aproximadamente 6 meses Despu\u00e9s de este tiempo retire el cartucho y l\u00edmpielo con papel de lija.<\/p>\n<p>REMUEVE Moho, Iones de metales pesados, sabores, olores desagradables y todo tipo de impurezas dependiendo del caudal de agua adaptable para todo tipo de llave Incluye Adaptadores de rosca para grifo.<\/p>\n","protected":false},"excerpt":{"rendered":"<p>El purificador y filtro de agua para grifo elimina eficazmente el oxido todo tipo de sedimentos microorganismos nocivos polvo par sitos algas coloides y bacterias El filtro y purificador de agua tiene un cartucho de cer\u00e1mica que puede filtrar y eliminar sustancias nocivas Adem\u00e1s el cartucho de cer\u00e1mica se puede usar durante aproximadamente 6 meses [&hellip;]<\/p>\n","protected":false},"featured_media":1876,"template":"","meta":[],"product_brand":[],"product_cat":[25,17],"product_tag":[],"class_list":{"0":"post-1875","1":"product","2":"type-product","3":"status-publish","4":"has-post-thumbnail","6":"product_cat-cocina","7":"product_cat-hogar","9":"first","10":"instock","11":"shipping-taxable","12":"purchasable","13":"product-type-simple"},"featured_image_urls":{"full":["https:\/\/elcomercioenlinea.com\/wp-content\/uploads\/2024\/07\/600671.png",1200,1163,false],"thumbnail":["https:\/\/elcomercioenlinea.com\/wp-content\/uploads\/2024\/07\/600671-150x150.png",150,150,true],"medium":["https:\/\/elcomercioenlinea.com\/wp-content\/uploads\/2024\/07\/600671-300x291.png",300,291,true],"medium_large":["https:\/\/elcomercioenlinea.com\/wp-content\/uploads\/2024\/07\/600671-768x744.png",768,744,true],"large":["https:\/\/elcomercioenlinea.com\/wp-content\/uploads\/2024\/07\/600671-1024x992.png",1024,992,true],"1536x1536":["https:\/\/elcomercioenlinea.com\/wp-content\/uploads\/2024\/07\/600671.png",1200,1163,false],"2048x2048":["https:\/\/elcomercioenlinea.com\/wp-content\/uploads\/2024\/07\/600671.png",1200,1163,false],"woocommerce_archive_thumbnail":["https:\/\/elcomercioenlinea.com\/wp-content\/uploads\/2024\/07\/600671-300x291.png",300,291,true],"woocommerce_thumbnail":["https:\/\/elcomercioenlinea.com\/wp-content\/uploads\/2024\/07\/600671-300x300.png",300,300,true],"woocommerce_single":["https:\/\/elcomercioenlinea.com\/wp-content\/uploads\/2024\/07\/600671-600x582.png",600,582,true],"woocommerce_gallery_thumbnail":["https:\/\/elcomercioenlinea.com\/wp-content\/uploads\/2024\/07\/600671-100x100.png",100,100,true]},"post_excerpt_stackable":"<p>El purificador y filtro de agua para grifo elimina eficazmente el oxido todo tipo de sedimentos microorganismos nocivos polvo par sitos algas coloides y bacterias El filtro y purificador de agua tiene un cartucho de cer\u00e1mica que puede filtrar y eliminar sustancias nocivas Adem\u00e1s el cartucho de cer\u00e1mica se puede usar durante aproximadamente 6 meses Despu\u00e9s de este tiempo retire el cartucho y l\u00edmpielo con papel de lija. REMUEVE Moho, Iones de metales pesados, sabores, olores desagradables y todo tipo de impurezas dependiendo del caudal de agua adaptable para todo tipo de llave Incluye Adaptadores de rosca para grifo.<\/p>\n","category_list":"","author_info":{"name":"","url":""},"comments_num":"0 comentarios","jetpack_sharing_enabled":true,"_links":{"self":[{"href":"https:\/\/elcomercioenlinea.com\/index.php\/wp-json\/wp\/v2\/product\/1875","targetHints":{"allow":["GET"]}}],"collection":[{"href":"https:\/\/elcomercioenlinea.com\/index.php\/wp-json\/wp\/v2\/product"}],"about":[{"href":"https:\/\/elcomercioenlinea.com\/index.php\/wp-json\/wp\/v2\/types\/product"}],"wp:featuredmedia":[{"embeddable":true,"href":"https:\/\/elcomercioenlinea.com\/index.php\/wp-json\/wp\/v2\/media\/1876"}],"wp:attachment":[{"href":"https:\/\/elcomercioenlinea.com\/index.php\/wp-json\/wp\/v2\/media?parent=1875"}],"wp:term":[{"taxonomy":"product_brand","embeddable":true,"href":"https:\/\/elcomercioenlinea.com\/index.php\/wp-json\/wp\/v2\/product_brand?post=1875"},{"taxonomy":"product_cat","embeddable":true,"href":"https:\/\/elcomercioenlinea.com\/index.php\/wp-json\/wp\/v2\/product_cat?post=1875"},{"taxonomy":"product_tag","embeddable":true,"href":"https:\/\/elcomercioenlinea.com\/index.php\/wp-json\/wp\/v2\/product_tag?post=1875"}],"curies":[{"name":"wp","href":"https:\/\/api.w.org\/{rel}","templated":true}]}}