{"id":1956,"date":"2024-07-02T16:59:44","date_gmt":"2024-07-02T21:59:44","guid":{"rendered":"https:\/\/elcomercioenlinea.com\/index.php\/producto\/juanetero-separador-de-dedos\/"},"modified":"2024-07-02T17:02:07","modified_gmt":"2024-07-02T22:02:07","slug":"juanetero-separador-de-dedos","status":"publish","type":"product","link":"https:\/\/elcomercioenlinea.com\/index.php\/producto\/juanetero-separador-de-dedos\/","title":{"rendered":"JUANETERO SEPARADOR DE DEDOS"},"content":{"rendered":"<p>set de 2 Correctores de juanetes separadores de dedos en gel alivio del dolor Corrector Gel de Dedo de Separadores de Camillas Juanete Espaciadores de la Enderezadora del Corrector de la Alineaci\u00f3n Que Reduce el Dedo del pie y el Pie Dismfort Alivia la Tensi\u00f3n se Estira y se Alinea Dedos de los pies Aumenta la Circulaci\u00f3n Enderezar los Dedos de los pies Realinea Articulaciones Mejora el Equilibrio la Mejora de Pie de Fuerza y Juanete Alivio Caracter\u00edsticas Recuperar la salud de los pies por el enjuague de los dedos de los pies en el agua y llevarlos durante 10 minutos El uso Regular puede ayudar a resolver en com\u00fan los problemas en los pies como hallux varus y el dedo del pie en martillo.<\/p>\n","protected":false},"excerpt":{"rendered":"<p>set de 2 Correctores de juanetes separadores de dedos en gel alivio del dolor Corrector Gel de Dedo de Separadores de Camillas Juanete Espaciadores de la Enderezadora del Corrector de la Alineaci\u00f3n Que Reduce el Dedo del pie y el Pie Dismfort Alivia la Tensi\u00f3n se Estira y se Alinea Dedos de los pies Aumenta [&hellip;]<\/p>\n","protected":false},"featured_media":1957,"template":"","meta":[],"product_brand":[],"product_cat":[102],"product_tag":[],"class_list":{"0":"post-1956","1":"product","2":"type-product","3":"status-publish","4":"has-post-thumbnail","6":"product_cat-belleza","8":"first","9":"instock","10":"shipping-taxable","11":"purchasable","12":"product-type-simple"},"featured_image_urls":{"full":["https:\/\/elcomercioenlinea.com\/wp-content\/uploads\/2024\/07\/131806.png",600,600,false],"thumbnail":["https:\/\/elcomercioenlinea.com\/wp-content\/uploads\/2024\/07\/131806-150x150.png",150,150,true],"medium":["https:\/\/elcomercioenlinea.com\/wp-content\/uploads\/2024\/07\/131806-300x300.png",300,300,true],"medium_large":["https:\/\/elcomercioenlinea.com\/wp-content\/uploads\/2024\/07\/131806.png",600,600,false],"large":["https:\/\/elcomercioenlinea.com\/wp-content\/uploads\/2024\/07\/131806.png",600,600,false],"1536x1536":["https:\/\/elcomercioenlinea.com\/wp-content\/uploads\/2024\/07\/131806.png",600,600,false],"2048x2048":["https:\/\/elcomercioenlinea.com\/wp-content\/uploads\/2024\/07\/131806.png",600,600,false],"woocommerce_archive_thumbnail":["https:\/\/elcomercioenlinea.com\/wp-content\/uploads\/2024\/07\/131806-300x300.png",300,300,true],"woocommerce_thumbnail":["https:\/\/elcomercioenlinea.com\/wp-content\/uploads\/2024\/07\/131806-300x300.png",300,300,true],"woocommerce_single":["https:\/\/elcomercioenlinea.com\/wp-content\/uploads\/2024\/07\/131806.png",600,600,false],"woocommerce_gallery_thumbnail":["https:\/\/elcomercioenlinea.com\/wp-content\/uploads\/2024\/07\/131806-100x100.png",100,100,true]},"post_excerpt_stackable":"<p>set de 2 Correctores de juanetes separadores de dedos en gel alivio del dolor Corrector Gel de Dedo de Separadores de Camillas Juanete Espaciadores de la Enderezadora del Corrector de la Alineaci\u00f3n Que Reduce el Dedo del pie y el Pie Dismfort Alivia la Tensi\u00f3n se Estira y se Alinea Dedos de los pies Aumenta la Circulaci\u00f3n Enderezar los Dedos de los pies Realinea Articulaciones Mejora el Equilibrio la Mejora de Pie de Fuerza y Juanete Alivio Caracter\u00edsticas Recuperar la salud de los pies por el enjuague de los dedos de los pies en el agua y llevarlos durante 10&hellip;<\/p>\n","category_list":"","author_info":{"name":"","url":""},"comments_num":"0 comentarios","jetpack_sharing_enabled":true,"_links":{"self":[{"href":"https:\/\/elcomercioenlinea.com\/index.php\/wp-json\/wp\/v2\/product\/1956","targetHints":{"allow":["GET"]}}],"collection":[{"href":"https:\/\/elcomercioenlinea.com\/index.php\/wp-json\/wp\/v2\/product"}],"about":[{"href":"https:\/\/elcomercioenlinea.com\/index.php\/wp-json\/wp\/v2\/types\/product"}],"wp:featuredmedia":[{"embeddable":true,"href":"https:\/\/elcomercioenlinea.com\/index.php\/wp-json\/wp\/v2\/media\/1957"}],"wp:attachment":[{"href":"https:\/\/elcomercioenlinea.com\/index.php\/wp-json\/wp\/v2\/media?parent=1956"}],"wp:term":[{"taxonomy":"product_brand","embeddable":true,"href":"https:\/\/elcomercioenlinea.com\/index.php\/wp-json\/wp\/v2\/product_brand?post=1956"},{"taxonomy":"product_cat","embeddable":true,"href":"https:\/\/elcomercioenlinea.com\/index.php\/wp-json\/wp\/v2\/product_cat?post=1956"},{"taxonomy":"product_tag","embeddable":true,"href":"https:\/\/elcomercioenlinea.com\/index.php\/wp-json\/wp\/v2\/product_tag?post=1956"}],"curies":[{"name":"wp","href":"https:\/\/api.w.org\/{rel}","templated":true}]}}