{"id":2036,"date":"2024-07-03T12:03:32","date_gmt":"2024-07-03T17:03:32","guid":{"rendered":"https:\/\/elcomercioenlinea.com\/index.php\/producto\/lampara-led-de-mesa-tactil-rgb-cristal\/"},"modified":"2024-07-03T12:08:03","modified_gmt":"2024-07-03T17:08:03","slug":"lampara-led-de-mesa-tactil-rgb-cristal","status":"publish","type":"product","link":"https:\/\/elcomercioenlinea.com\/index.php\/producto\/lampara-led-de-mesa-tactil-rgb-cristal\/","title":{"rendered":"Lampara LED De Mesa T\u00e1ctil RGB Cristal"},"content":{"rendered":"<p>toca la parte superior de la lampara para ajustar el brillo Hay 6 niveles de ajuste de la oscuridad a la luz Puedes elegir libremente el brillo de luz adecuado 16 tipos de colores claros dise\u00f1o de interruptor t\u00e1ctil\u00a0 y conveniente la luz es delicada\u00a0 moda y natural bater\u00eda recargable integrada de 800 mAh hace que las luces para decoraci\u00f3n de la habitaci\u00f3n se puedan utilizar inal\u00e1mbricas y port\u00e1tiles Practica carga USB C y larga duraci\u00f3n.<\/p>\n<p>Viene con un cable de carga USB carga completa para 2 horas tambi\u00e9n se puede utilizar mientras se carga funciona durante 12 horas con brillo m\u00ednimo 4 horas con brillo m\u00e1ximo Lampara de mesa hecho de material de cristal acr lico de alta calidad la apariencia esta exquisitamente pulida y la superficie cortada es como un diamante Cuando enciende esta lampara de mesa de cristal brilla como un diamante reflejando un efecto de luz en forma de rombo y cayendo sobre la mesa es como una rosa enorme puede cambiar con un toque.<\/p>\n","protected":false},"excerpt":{"rendered":"<p>toca la parte superior de la lampara para ajustar el brillo Hay 6 niveles de ajuste de la oscuridad a la luz Puedes elegir libremente el brillo de luz adecuado 16 tipos de colores claros dise\u00f1o de interruptor t\u00e1ctil\u00a0 y conveniente la luz es delicada\u00a0 moda y natural bater\u00eda recargable integrada de 800 mAh hace [&hellip;]<\/p>\n","protected":false},"featured_media":2037,"template":"","meta":[],"product_brand":[],"product_cat":[17,18],"product_tag":[],"class_list":{"0":"post-2036","1":"product","2":"type-product","3":"status-publish","4":"has-post-thumbnail","6":"product_cat-hogar","7":"product_cat-tecnologia","9":"first","10":"instock","11":"shipping-taxable","12":"purchasable","13":"product-type-simple"},"featured_image_urls":{"full":["https:\/\/elcomercioenlinea.com\/wp-content\/uploads\/2024\/07\/837859.png",1196,1204,false],"thumbnail":["https:\/\/elcomercioenlinea.com\/wp-content\/uploads\/2024\/07\/837859-150x150.png",150,150,true],"medium":["https:\/\/elcomercioenlinea.com\/wp-content\/uploads\/2024\/07\/837859-298x300.png",298,300,true],"medium_large":["https:\/\/elcomercioenlinea.com\/wp-content\/uploads\/2024\/07\/837859-768x773.png",768,773,true],"large":["https:\/\/elcomercioenlinea.com\/wp-content\/uploads\/2024\/07\/837859-1017x1024.png",1017,1024,true],"1536x1536":["https:\/\/elcomercioenlinea.com\/wp-content\/uploads\/2024\/07\/837859.png",1196,1204,false],"2048x2048":["https:\/\/elcomercioenlinea.com\/wp-content\/uploads\/2024\/07\/837859.png",1196,1204,false],"woocommerce_archive_thumbnail":["https:\/\/elcomercioenlinea.com\/wp-content\/uploads\/2024\/07\/837859-300x302.png",300,302,true],"woocommerce_thumbnail":["https:\/\/elcomercioenlinea.com\/wp-content\/uploads\/2024\/07\/837859-300x300.png",300,300,true],"woocommerce_single":["https:\/\/elcomercioenlinea.com\/wp-content\/uploads\/2024\/07\/837859-600x604.png",600,604,true],"woocommerce_gallery_thumbnail":["https:\/\/elcomercioenlinea.com\/wp-content\/uploads\/2024\/07\/837859-100x100.png",100,100,true]},"post_excerpt_stackable":"<p>toca la parte superior de la lampara para ajustar el brillo Hay 6 niveles de ajuste de la oscuridad a la luz Puedes elegir libremente el brillo de luz adecuado 16 tipos de colores claros dise\u00f1o de interruptor t\u00e1ctil\u00a0 y conveniente la luz es delicada\u00a0 moda y natural bater\u00eda recargable integrada de 800 mAh hace que las luces para decoraci\u00f3n de la habitaci\u00f3n se puedan utilizar inal\u00e1mbricas y port\u00e1tiles Practica carga USB C y larga duraci\u00f3n. Viene con un cable de carga USB carga completa para 2 horas tambi\u00e9n se puede utilizar mientras se carga funciona durante 12 horas con&hellip;<\/p>\n","category_list":"","author_info":{"name":"","url":""},"comments_num":"0 comentarios","jetpack_sharing_enabled":true,"_links":{"self":[{"href":"https:\/\/elcomercioenlinea.com\/index.php\/wp-json\/wp\/v2\/product\/2036","targetHints":{"allow":["GET"]}}],"collection":[{"href":"https:\/\/elcomercioenlinea.com\/index.php\/wp-json\/wp\/v2\/product"}],"about":[{"href":"https:\/\/elcomercioenlinea.com\/index.php\/wp-json\/wp\/v2\/types\/product"}],"wp:featuredmedia":[{"embeddable":true,"href":"https:\/\/elcomercioenlinea.com\/index.php\/wp-json\/wp\/v2\/media\/2037"}],"wp:attachment":[{"href":"https:\/\/elcomercioenlinea.com\/index.php\/wp-json\/wp\/v2\/media?parent=2036"}],"wp:term":[{"taxonomy":"product_brand","embeddable":true,"href":"https:\/\/elcomercioenlinea.com\/index.php\/wp-json\/wp\/v2\/product_brand?post=2036"},{"taxonomy":"product_cat","embeddable":true,"href":"https:\/\/elcomercioenlinea.com\/index.php\/wp-json\/wp\/v2\/product_cat?post=2036"},{"taxonomy":"product_tag","embeddable":true,"href":"https:\/\/elcomercioenlinea.com\/index.php\/wp-json\/wp\/v2\/product_tag?post=2036"}],"curies":[{"name":"wp","href":"https:\/\/api.w.org\/{rel}","templated":true}]}}