{"id":2167,"date":"2024-07-03T18:40:32","date_gmt":"2024-07-03T23:40:32","guid":{"rendered":"https:\/\/elcomercioenlinea.com\/index.php\/producto\/set-de-cepillos-para-diferentes-tipos-de-taladro\/"},"modified":"2024-07-03T18:59:36","modified_gmt":"2024-07-03T23:59:36","slug":"set-de-cepillos-para-diferentes-tipos-de-taladro","status":"publish","type":"product","link":"https:\/\/elcomercioenlinea.com\/index.php\/producto\/set-de-cepillos-para-diferentes-tipos-de-taladro\/","title":{"rendered":"set de cepillos para diferentes tipos de taladro"},"content":{"rendered":"<p>Caracter\u00edsticas Este juego de pinceles tiene diferente dureza media suave rugido duro puede elegir seg\u00fan sus propias necesidades Tres cepillos de diferentes tama\u00f1os para satisfacer sus diferentes necesidades 2 3 5 4 pulgadas Los depuradores de taladro est\u00e1n dise\u00f1ados para limpiar la ba\u00f1era la ducha La lechada la tapicer\u00eda la superficie del ba\u00f1o el suelo las baldosas el inodoro y la alfombra, etc. Las cerdas de nailon no rayaran las superficies de las baldosas.<\/p>\n","protected":false},"excerpt":{"rendered":"<p>Caracter\u00edsticas Este juego de pinceles tiene diferente dureza media suave rugido duro puede elegir seg\u00fan sus propias necesidades Tres cepillos de diferentes tama\u00f1os para satisfacer sus diferentes necesidades 2 3 5 4 pulgadas Los depuradores de taladro est\u00e1n dise\u00f1ados para limpiar la ba\u00f1era la ducha La lechada la tapicer\u00eda la superficie del ba\u00f1o el suelo [&hellip;]<\/p>\n","protected":false},"featured_media":2168,"template":"","meta":[],"product_brand":[],"product_cat":[17],"product_tag":[],"class_list":{"0":"post-2167","1":"product","2":"type-product","3":"status-publish","4":"has-post-thumbnail","6":"product_cat-hogar","8":"first","9":"instock","10":"shipping-taxable","11":"purchasable","12":"product-type-simple"},"featured_image_urls":{"full":["https:\/\/elcomercioenlinea.com\/wp-content\/uploads\/2024\/07\/662429.png",1080,1080,false],"thumbnail":["https:\/\/elcomercioenlinea.com\/wp-content\/uploads\/2024\/07\/662429-150x150.png",150,150,true],"medium":["https:\/\/elcomercioenlinea.com\/wp-content\/uploads\/2024\/07\/662429-300x300.png",300,300,true],"medium_large":["https:\/\/elcomercioenlinea.com\/wp-content\/uploads\/2024\/07\/662429-768x768.png",768,768,true],"large":["https:\/\/elcomercioenlinea.com\/wp-content\/uploads\/2024\/07\/662429-1024x1024.png",1024,1024,true],"1536x1536":["https:\/\/elcomercioenlinea.com\/wp-content\/uploads\/2024\/07\/662429.png",1080,1080,false],"2048x2048":["https:\/\/elcomercioenlinea.com\/wp-content\/uploads\/2024\/07\/662429.png",1080,1080,false],"woocommerce_archive_thumbnail":["https:\/\/elcomercioenlinea.com\/wp-content\/uploads\/2024\/07\/662429-300x300.png",300,300,true],"woocommerce_thumbnail":["https:\/\/elcomercioenlinea.com\/wp-content\/uploads\/2024\/07\/662429-300x300.png",300,300,true],"woocommerce_single":["https:\/\/elcomercioenlinea.com\/wp-content\/uploads\/2024\/07\/662429-600x600.png",600,600,true],"woocommerce_gallery_thumbnail":["https:\/\/elcomercioenlinea.com\/wp-content\/uploads\/2024\/07\/662429-100x100.png",100,100,true]},"post_excerpt_stackable":"<p>Caracter\u00edsticas Este juego de pinceles tiene diferente dureza media suave rugido duro puede elegir seg\u00fan sus propias necesidades Tres cepillos de diferentes tama\u00f1os para satisfacer sus diferentes necesidades 2 3 5 4 pulgadas Los depuradores de taladro est\u00e1n dise\u00f1ados para limpiar la ba\u00f1era la ducha La lechada la tapicer\u00eda la superficie del ba\u00f1o el suelo las baldosas el inodoro y la alfombra, etc. Las cerdas de nailon no rayaran las superficies de las baldosas.<\/p>\n","category_list":"","author_info":{"name":"","url":""},"comments_num":"0 comentarios","jetpack_sharing_enabled":true,"_links":{"self":[{"href":"https:\/\/elcomercioenlinea.com\/index.php\/wp-json\/wp\/v2\/product\/2167","targetHints":{"allow":["GET"]}}],"collection":[{"href":"https:\/\/elcomercioenlinea.com\/index.php\/wp-json\/wp\/v2\/product"}],"about":[{"href":"https:\/\/elcomercioenlinea.com\/index.php\/wp-json\/wp\/v2\/types\/product"}],"wp:featuredmedia":[{"embeddable":true,"href":"https:\/\/elcomercioenlinea.com\/index.php\/wp-json\/wp\/v2\/media\/2168"}],"wp:attachment":[{"href":"https:\/\/elcomercioenlinea.com\/index.php\/wp-json\/wp\/v2\/media?parent=2167"}],"wp:term":[{"taxonomy":"product_brand","embeddable":true,"href":"https:\/\/elcomercioenlinea.com\/index.php\/wp-json\/wp\/v2\/product_brand?post=2167"},{"taxonomy":"product_cat","embeddable":true,"href":"https:\/\/elcomercioenlinea.com\/index.php\/wp-json\/wp\/v2\/product_cat?post=2167"},{"taxonomy":"product_tag","embeddable":true,"href":"https:\/\/elcomercioenlinea.com\/index.php\/wp-json\/wp\/v2\/product_tag?post=2167"}],"curies":[{"name":"wp","href":"https:\/\/api.w.org\/{rel}","templated":true}]}}