{"id":2232,"date":"2024-07-03T20:09:07","date_gmt":"2024-07-04T01:09:07","guid":{"rendered":"https:\/\/elcomercioenlinea.com\/index.php\/producto\/cuchara-gramera-digital\/"},"modified":"2024-07-03T21:05:02","modified_gmt":"2024-07-04T02:05:02","slug":"cuchara-gramera-digital","status":"publish","type":"product","link":"https:\/\/elcomercioenlinea.com\/index.php\/producto\/cuchara-gramera-digital\/","title":{"rendered":"Cuchara gramera digital"},"content":{"rendered":"<p>Especificaciones 1 bater\u00eda de botones.<\/p>\n<p>Rango de pesaje 0 5g 500g. An\u00e1lisis clave encendido apagado desprendimiento unidad de conmutaci\u00f3n bloqueo Material pl\u00e1stico ABS. Corte autom\u00e1tico de energ\u00eda.<\/p>\n<p>Unidad de medida G oz GN CT Funci\u00f3n pesar condimentos t granos de caf\u00e9, medicamentos tradicionales, l\u00edquidos, etc.<\/p>\n<p>Ventajas f\u00e1cil de llevar pantalla digital led lectura clara. Limpieza f\u00e1cil de desmontar y limpiar La cuchara de bascula digital de alta precisi\u00f3n se utiliza para mediciones peque as practicas port\u00e1tiles desmontables en contenedores y la medici\u00f3n puede elegir entre la pantalla digital y el gramo o la onza.<\/p>\n","protected":false},"excerpt":{"rendered":"<p>Especificaciones 1 bater\u00eda de botones. Rango de pesaje 0 5g 500g. An\u00e1lisis clave encendido apagado desprendimiento unidad de conmutaci\u00f3n bloqueo Material pl\u00e1stico ABS. Corte autom\u00e1tico de energ\u00eda. Unidad de medida G oz GN CT Funci\u00f3n pesar condimentos t granos de caf\u00e9, medicamentos tradicionales, l\u00edquidos, etc. Ventajas f\u00e1cil de llevar pantalla digital led lectura clara. Limpieza [&hellip;]<\/p>\n","protected":false},"featured_media":2233,"template":"","meta":[],"product_brand":[],"product_cat":[100,25],"product_tag":[],"class_list":{"0":"post-2232","1":"product","2":"type-product","3":"status-publish","4":"has-post-thumbnail","6":"product_cat-bienestar","7":"product_cat-cocina","9":"first","10":"instock","11":"shipping-taxable","12":"purchasable","13":"product-type-simple"},"featured_image_urls":{"full":["https:\/\/elcomercioenlinea.com\/wp-content\/uploads\/2024\/07\/733209.png",500,500,false],"thumbnail":["https:\/\/elcomercioenlinea.com\/wp-content\/uploads\/2024\/07\/733209-150x150.png",150,150,true],"medium":["https:\/\/elcomercioenlinea.com\/wp-content\/uploads\/2024\/07\/733209-300x300.png",300,300,true],"medium_large":["https:\/\/elcomercioenlinea.com\/wp-content\/uploads\/2024\/07\/733209.png",500,500,false],"large":["https:\/\/elcomercioenlinea.com\/wp-content\/uploads\/2024\/07\/733209.png",500,500,false],"1536x1536":["https:\/\/elcomercioenlinea.com\/wp-content\/uploads\/2024\/07\/733209.png",500,500,false],"2048x2048":["https:\/\/elcomercioenlinea.com\/wp-content\/uploads\/2024\/07\/733209.png",500,500,false],"woocommerce_archive_thumbnail":["https:\/\/elcomercioenlinea.com\/wp-content\/uploads\/2024\/07\/733209-300x300.png",300,300,true],"woocommerce_thumbnail":["https:\/\/elcomercioenlinea.com\/wp-content\/uploads\/2024\/07\/733209-300x300.png",300,300,true],"woocommerce_single":["https:\/\/elcomercioenlinea.com\/wp-content\/uploads\/2024\/07\/733209.png",500,500,false],"woocommerce_gallery_thumbnail":["https:\/\/elcomercioenlinea.com\/wp-content\/uploads\/2024\/07\/733209-100x100.png",100,100,true]},"post_excerpt_stackable":"<p>Especificaciones 1 bater\u00eda de botones. Rango de pesaje 0 5g 500g. An\u00e1lisis clave encendido apagado desprendimiento unidad de conmutaci\u00f3n bloqueo Material pl\u00e1stico ABS. Corte autom\u00e1tico de energ\u00eda. Unidad de medida G oz GN CT Funci\u00f3n pesar condimentos t granos de caf\u00e9, medicamentos tradicionales, l\u00edquidos, etc. Ventajas f\u00e1cil de llevar pantalla digital led lectura clara. Limpieza f\u00e1cil de desmontar y limpiar La cuchara de bascula digital de alta precisi\u00f3n se utiliza para mediciones peque as practicas port\u00e1tiles desmontables en contenedores y la medici\u00f3n puede elegir entre la pantalla digital y el gramo o la onza.<\/p>\n","category_list":"","author_info":{"name":"","url":""},"comments_num":"0 comentarios","jetpack_sharing_enabled":true,"_links":{"self":[{"href":"https:\/\/elcomercioenlinea.com\/index.php\/wp-json\/wp\/v2\/product\/2232","targetHints":{"allow":["GET"]}}],"collection":[{"href":"https:\/\/elcomercioenlinea.com\/index.php\/wp-json\/wp\/v2\/product"}],"about":[{"href":"https:\/\/elcomercioenlinea.com\/index.php\/wp-json\/wp\/v2\/types\/product"}],"wp:featuredmedia":[{"embeddable":true,"href":"https:\/\/elcomercioenlinea.com\/index.php\/wp-json\/wp\/v2\/media\/2233"}],"wp:attachment":[{"href":"https:\/\/elcomercioenlinea.com\/index.php\/wp-json\/wp\/v2\/media?parent=2232"}],"wp:term":[{"taxonomy":"product_brand","embeddable":true,"href":"https:\/\/elcomercioenlinea.com\/index.php\/wp-json\/wp\/v2\/product_brand?post=2232"},{"taxonomy":"product_cat","embeddable":true,"href":"https:\/\/elcomercioenlinea.com\/index.php\/wp-json\/wp\/v2\/product_cat?post=2232"},{"taxonomy":"product_tag","embeddable":true,"href":"https:\/\/elcomercioenlinea.com\/index.php\/wp-json\/wp\/v2\/product_tag?post=2232"}],"curies":[{"name":"wp","href":"https:\/\/api.w.org\/{rel}","templated":true}]}}