{"id":2266,"date":"2024-07-06T11:36:30","date_gmt":"2024-07-06T16:36:30","guid":{"rendered":"https:\/\/elcomercioenlinea.com\/index.php\/producto\/pelador-de-pinas\/"},"modified":"2024-07-06T11:39:28","modified_gmt":"2024-07-06T16:39:28","slug":"pelador-de-pinas","status":"publish","type":"product","link":"https:\/\/elcomercioenlinea.com\/index.php\/producto\/pelador-de-pinas\/","title":{"rendered":"PELADOR DE PI\u00d1AS"},"content":{"rendered":"<p>Qu\u00e9 hace \u00e9ste producto?<br \/>\nCon \u00e9ste producto vas a poder extraer la pi\u00f1a totalmente rebanada y lista para servir, sin coraz\u00f3n y sin necesidad de pelar la pi\u00f1a.<\/p>\n<p>\u00bfC\u00f3mo se usa?<br \/>\nEs muy f\u00e1cil, solo tienes que cortar la corona de la pi\u00f1a, introducir el rebanador y girarlo hasta que llegue al fondo, ahora solo lo extraes y magia!!! tendr\u00e1s la pi\u00f1a lista para servir en rebanadas.<\/p>\n<p>Especificaciones:<br \/>\nMaterial: Acero inoxidable.<br \/>\nDimensiones:<br \/>\n25 x 9.5 x 9 cm<\/p>\n","protected":false},"excerpt":{"rendered":"<p>Qu\u00e9 hace \u00e9ste producto? Con \u00e9ste producto vas a poder extraer la pi\u00f1a totalmente rebanada y lista para servir, sin coraz\u00f3n y sin necesidad de pelar la pi\u00f1a. \u00bfC\u00f3mo se usa? Es muy f\u00e1cil, solo tienes que cortar la corona de la pi\u00f1a, introducir el rebanador y girarlo hasta que llegue al fondo, ahora solo [&hellip;]<\/p>\n","protected":false},"featured_media":2267,"template":"","meta":[],"product_brand":[],"product_cat":[25],"product_tag":[],"class_list":{"0":"post-2266","1":"product","2":"type-product","3":"status-publish","4":"has-post-thumbnail","6":"product_cat-cocina","8":"first","9":"instock","10":"shipping-taxable","11":"purchasable","12":"product-type-simple"},"featured_image_urls":{"full":["https:\/\/elcomercioenlinea.com\/wp-content\/uploads\/2024\/07\/228496.png",495,500,false],"thumbnail":["https:\/\/elcomercioenlinea.com\/wp-content\/uploads\/2024\/07\/228496-150x150.png",150,150,true],"medium":["https:\/\/elcomercioenlinea.com\/wp-content\/uploads\/2024\/07\/228496-297x300.png",297,300,true],"medium_large":["https:\/\/elcomercioenlinea.com\/wp-content\/uploads\/2024\/07\/228496.png",495,500,false],"large":["https:\/\/elcomercioenlinea.com\/wp-content\/uploads\/2024\/07\/228496.png",495,500,false],"1536x1536":["https:\/\/elcomercioenlinea.com\/wp-content\/uploads\/2024\/07\/228496.png",495,500,false],"2048x2048":["https:\/\/elcomercioenlinea.com\/wp-content\/uploads\/2024\/07\/228496.png",495,500,false],"woocommerce_archive_thumbnail":["https:\/\/elcomercioenlinea.com\/wp-content\/uploads\/2024\/07\/228496-300x303.png",300,303,true],"woocommerce_thumbnail":["https:\/\/elcomercioenlinea.com\/wp-content\/uploads\/2024\/07\/228496-300x300.png",300,300,true],"woocommerce_single":["https:\/\/elcomercioenlinea.com\/wp-content\/uploads\/2024\/07\/228496.png",495,500,false],"woocommerce_gallery_thumbnail":["https:\/\/elcomercioenlinea.com\/wp-content\/uploads\/2024\/07\/228496-100x100.png",100,100,true]},"post_excerpt_stackable":"<p>Qu\u00e9 hace \u00e9ste producto? Con \u00e9ste producto vas a poder extraer la pi\u00f1a totalmente rebanada y lista para servir, sin coraz\u00f3n y sin necesidad de pelar la pi\u00f1a. \u00bfC\u00f3mo se usa? Es muy f\u00e1cil, solo tienes que cortar la corona de la pi\u00f1a, introducir el rebanador y girarlo hasta que llegue al fondo, ahora solo lo extraes y magia!!! tendr\u00e1s la pi\u00f1a lista para servir en rebanadas. Especificaciones: Material: Acero inoxidable. Dimensiones: 25 x 9.5 x 9 cm<\/p>\n","category_list":"","author_info":{"name":"","url":""},"comments_num":"0 comentarios","jetpack_sharing_enabled":true,"_links":{"self":[{"href":"https:\/\/elcomercioenlinea.com\/index.php\/wp-json\/wp\/v2\/product\/2266","targetHints":{"allow":["GET"]}}],"collection":[{"href":"https:\/\/elcomercioenlinea.com\/index.php\/wp-json\/wp\/v2\/product"}],"about":[{"href":"https:\/\/elcomercioenlinea.com\/index.php\/wp-json\/wp\/v2\/types\/product"}],"wp:featuredmedia":[{"embeddable":true,"href":"https:\/\/elcomercioenlinea.com\/index.php\/wp-json\/wp\/v2\/media\/2267"}],"wp:attachment":[{"href":"https:\/\/elcomercioenlinea.com\/index.php\/wp-json\/wp\/v2\/media?parent=2266"}],"wp:term":[{"taxonomy":"product_brand","embeddable":true,"href":"https:\/\/elcomercioenlinea.com\/index.php\/wp-json\/wp\/v2\/product_brand?post=2266"},{"taxonomy":"product_cat","embeddable":true,"href":"https:\/\/elcomercioenlinea.com\/index.php\/wp-json\/wp\/v2\/product_cat?post=2266"},{"taxonomy":"product_tag","embeddable":true,"href":"https:\/\/elcomercioenlinea.com\/index.php\/wp-json\/wp\/v2\/product_tag?post=2266"}],"curies":[{"name":"wp","href":"https:\/\/api.w.org\/{rel}","templated":true}]}}