{"id":2284,"date":"2024-07-06T12:19:19","date_gmt":"2024-07-06T17:19:19","guid":{"rendered":"https:\/\/elcomercioenlinea.com\/index.php\/producto\/hielera-en-silicona\/"},"modified":"2024-07-06T13:29:05","modified_gmt":"2024-07-06T18:29:05","slug":"hielera-en-silicona","status":"publish","type":"product","link":"https:\/\/elcomercioenlinea.com\/index.php\/producto\/hielera-en-silicona\/","title":{"rendered":"Hielera en Silicona"},"content":{"rendered":"<p>&#8212;&#8212;&#8212;&#8212;&#8212;&#8212;&#8212;&#8212;&#8212;&#8212;&#8212;&#8212;&#8212;&#8212;&#8212;&#8212;&#8212;&#8212;&#8212;&#8212;&#8212;&#8212;&#8212;&#8212;&#8212;&#8212;&#8212;&#8212;&#8212;&#8212;&#8212;&#8212;&#8212;&#8212;&#8212;&#8212;&#8212;&#8212;&#8212;&#8212;&#8212;&#8212;&#8212;&#8212;&#8212;&#8212;&#8212;&#8212;&#8212;&#8212;&#8211;<\/p>\n<blockquote>\n<ul>\n<li>Llamar o escribir al WhatsApp \ud83d\udcac para confirmar unidades o privatizar inventario: \ud83d\udcf1 <i><strong>323-366-81-97<\/strong><\/i><\/li>\n<\/ul>\n<\/blockquote>\n<p>&#8212;&#8212;&#8212;&#8212;&#8212;&#8212;&#8212;&#8212;&#8212;&#8212;&#8212;&#8212;&#8212;&#8212;&#8212;&#8212;&#8212;&#8212;&#8212;&#8212;&#8212;&#8212;&#8212;&#8212;&#8212;&#8212;&#8212;&#8212;&#8212;&#8212;&#8212;&#8212;&#8212;&#8212;&#8212;&#8212;&#8212;&#8212;&#8212;&#8212;&#8212;&#8212;&#8212;&#8212;&#8212;&#8212;&#8212;&#8212;&#8212;&#8212;&#8211;<\/p>\n<h4><strong>*** HIELERA EN SILICONA ***<\/strong><\/h4>\n<h4><strong>*** SEGURO Y DURADERO ***<\/strong><\/h4>\n<p>\u2022 La Hielera en Silicona est\u00e1 hecha de silicona de grado alimenticio y material ABS, sin olor.<\/p>\n<p>\u2022 Puede soportar el almacenamiento a baja temperatura a largo plazo sin romperse, seguro y duradero.<\/p>\n<p>\u2022 Buena flexibilidad, no se deforma f\u00e1cilmente al tirar.<\/p>\n<h4><strong>*** HIELO PERSONALIZADO ***<\/strong><\/h4>\n<p>\u2022 Hielera en Silicona personalizada, muy pr\u00e1ctica y ligera.<\/p>\n<p>\u2022 Vierta la mitad del agua en la taza al hacer, solo tarda 3 segundos en completar la inyecci\u00f3n de agua, ahorrando tiempo.<\/p>\n<p>\u2022 Luego ins\u00e9rtelo en la taza de silicona, presione suavemente la parte inferior de la tapa para expulsar el aire y p\u00f3ngalo en el refrigerador durante unas horas.<\/p>\n<h4><strong>*** \u00a0F\u00c1CIL DE USAR ***<\/strong><\/h4>\n<p>\u2022 Inserte lentamente el cilindro interior con la cubierta en la cavidad de silicona, preste atenci\u00f3n para girarlo hacia el extremo y mant\u00e9ngalo presionado, luego Pellizque suavemente la superficie de silicona debajo de la cubierta, para que el cilindro interno se descargue del flotador hacia el cilindro interno.<\/p>\n<h4><strong>*** \u00a0HIELO F\u00c1CIL DE SACAR ***<\/strong><\/h4>\n<p>\u2022 Presiona la taza de hielo ligeramente, los cubitos de hielo se caen y es f\u00e1cil de usar.<\/p>\n<p>\u2022 Tambi\u00e9n puede agregar agua tibia en las ranuras medias, desmoldar al instante.<\/p>\n<p>\u2022 Sostiene muchos cubitos de hielo, adecuado para bebidas fr\u00edas r\u00e1pidamente, pero tambi\u00e9n garantiza unos 10 minutos de tiempo de hielo, cubitos de hielo demasiado grandes que enfr\u00edan las bebidas lentamente, los batidos demasiado rotos se derretir\u00e1n en uno o dos minutos, no son lo suficientemente duraderos.<\/p>\n<h4><strong>*** AHORRA ESPACIO ***<\/strong><\/h4>\n<p>\u2022 Tama\u00f1o ideal, forma ovalada, f\u00e1cil de colocar.<\/p>\n<p>\u2022 No se requiere almacenamiento adicional.<\/p>\n<p>\u2022 Despu\u00e9s de triturar los cubitos de hielo, vierta directamente en un vaso de agua y disfrute f\u00e1cilmente.<\/p>\n<p>\u2022 Los cubitos de hielo se pueden almacenar directamente en la taza de silicona, lo cual es muy conveniente.<\/p>\n<h4><strong>*** ESPECIFICACIONES T\u00c9CNICAS ***<\/strong><\/h4>\n<ul>\n<li><strong>Tama\u00f1o: <\/strong>18 cm x 8 cm x 9.5 cm<\/li>\n<li><strong>Material:<\/strong> silicona de calidad alimentaria + ABS<\/li>\n<li><strong>Cubitos de hielo:<\/strong> aproximadamente 1,3 cm<\/li>\n<\/ul>\n<p><strong>\u2705 La Garant\u00eda ser\u00e1 v\u00e1lida por defectos de f\u00e1brica o Da\u00f1os causados por Transportadoras.\u00a0<\/strong><\/p>\n<p><i><strong>\ud83d\udea8 \u00bfTu producto tiene alguna novedad que debamos reportar?<\/strong><\/i><\/p>\n<p><i>Una vez recibas tu producto, cuentas con m\u00e1ximo 5 d\u00edas para reportar a Soporte: piezas faltantes, rotas o cualquier novedad que presente el producto.\u00a0<\/i><\/p>\n<p><i>Para hacer efectiva la devoluci\u00f3n, el producto debe entregarse debidamente protegido, cuidando el estado del empaque original, incluir todos los documentos y\/o manuales (si aplica) y las partes completas<\/i><\/p>\n<p><i>El producto debe estar en las condiciones que se recibi\u00f3, con su empaque original, con las etiquetas, sellos de seguridad, y contar con todas sus partes y\/o accesorios.\u00a0<\/i><\/p>\n<p><i>Sin rayones ni manchas, sin evidencias de manipulaci\u00f3n o uso, se recibir\u00e1 \u00fanicamente en \u00f3ptimas condiciones.<\/i><\/p>\n","protected":false},"excerpt":{"rendered":"<p>&#8212;&#8212;&#8212;&#8212;&#8212;&#8212;&#8212;&#8212;&#8212;&#8212;&#8212;&#8212;&#8212;&#8212;&#8212;&#8212;&#8212;&#8212;&#8212;&#8212;&#8212;&#8212;&#8212;&#8212;&#8212;&#8212;&#8212;&#8212;&#8212;&#8212;&#8212;&#8212;&#8212;&#8212;&#8212;&#8212;&#8212;&#8212;&#8212;&#8212;&#8212;&#8212;&#8212;&#8212;&#8212;&#8212;&#8212;&#8212;&#8212;&#8212;&#8211; Llamar o escribir al WhatsApp \ud83d\udcac para confirmar unidades o privatizar inventario: \ud83d\udcf1 323-366-81-97 &#8212;&#8212;&#8212;&#8212;&#8212;&#8212;&#8212;&#8212;&#8212;&#8212;&#8212;&#8212;&#8212;&#8212;&#8212;&#8212;&#8212;&#8212;&#8212;&#8212;&#8212;&#8212;&#8212;&#8212;&#8212;&#8212;&#8212;&#8212;&#8212;&#8212;&#8212;&#8212;&#8212;&#8212;&#8212;&#8212;&#8212;&#8212;&#8212;&#8212;&#8212;&#8212;&#8212;&#8212;&#8212;&#8212;&#8212;&#8212;&#8212;&#8212;&#8211; *** HIELERA EN SILICONA *** *** SEGURO Y DURADERO *** \u2022 La Hielera en Silicona est\u00e1 hecha de silicona de grado alimenticio y material ABS, sin olor. \u2022 Puede soportar el almacenamiento a baja temperatura a largo plazo sin [&hellip;]<\/p>\n","protected":false},"featured_media":2293,"template":"","meta":[],"product_brand":[],"product_cat":[25],"product_tag":[],"class_list":{"0":"post-2284","1":"product","2":"type-product","3":"status-publish","4":"has-post-thumbnail","6":"product_cat-cocina","8":"first","9":"instock","10":"shipping-taxable","11":"purchasable","12":"product-type-simple"},"featured_image_urls":{"full":["https:\/\/elcomercioenlinea.com\/wp-content\/uploads\/2024\/07\/751102.png",790,1082,false],"thumbnail":["https:\/\/elcomercioenlinea.com\/wp-content\/uploads\/2024\/07\/751102-150x150.png",150,150,true],"medium":["https:\/\/elcomercioenlinea.com\/wp-content\/uploads\/2024\/07\/751102-219x300.png",219,300,true],"medium_large":["https:\/\/elcomercioenlinea.com\/wp-content\/uploads\/2024\/07\/751102-768x1052.png",768,1052,true],"large":["https:\/\/elcomercioenlinea.com\/wp-content\/uploads\/2024\/07\/751102-748x1024.png",748,1024,true],"1536x1536":["https:\/\/elcomercioenlinea.com\/wp-content\/uploads\/2024\/07\/751102.png",790,1082,false],"2048x2048":["https:\/\/elcomercioenlinea.com\/wp-content\/uploads\/2024\/07\/751102.png",790,1082,false],"woocommerce_archive_thumbnail":["https:\/\/elcomercioenlinea.com\/wp-content\/uploads\/2024\/07\/751102-300x411.png",300,411,true],"woocommerce_thumbnail":["https:\/\/elcomercioenlinea.com\/wp-content\/uploads\/2024\/07\/751102-300x300.png",300,300,true],"woocommerce_single":["https:\/\/elcomercioenlinea.com\/wp-content\/uploads\/2024\/07\/751102-600x822.png",600,822,true],"woocommerce_gallery_thumbnail":["https:\/\/elcomercioenlinea.com\/wp-content\/uploads\/2024\/07\/751102-100x100.png",100,100,true]},"post_excerpt_stackable":"<p>&#8212;&#8212;&#8212;&#8212;&#8212;&#8212;&#8212;&#8212;&#8212;&#8212;&#8212;&#8212;&#8212;&#8212;&#8212;&#8212;&#8212;&#8212;&#8212;&#8212;&#8212;&#8212;&#8212;&#8212;&#8212;&#8212;&#8212;&#8212;&#8212;&#8212;&#8212;&#8212;&#8212;&#8212;&#8212;&#8212;&#8212;&#8212;&#8212;&#8212;&#8212;&#8212;&#8212;&#8212;&#8212;&#8212;&#8212;&#8212;&#8212;&#8212;&#8211; Llamar o escribir al WhatsApp \ud83d\udcac para confirmar unidades o privatizar inventario: \ud83d\udcf1 323-366-81-97 &#8212;&#8212;&#8212;&#8212;&#8212;&#8212;&#8212;&#8212;&#8212;&#8212;&#8212;&#8212;&#8212;&#8212;&#8212;&#8212;&#8212;&#8212;&#8212;&#8212;&#8212;&#8212;&#8212;&#8212;&#8212;&#8212;&#8212;&#8212;&#8212;&#8212;&#8212;&#8212;&#8212;&#8212;&#8212;&#8212;&#8212;&#8212;&#8212;&#8212;&#8212;&#8212;&#8212;&#8212;&#8212;&#8212;&#8212;&#8212;&#8212;&#8212;&#8211; *** HIELERA EN SILICONA *** *** SEGURO Y DURADERO *** \u2022 La Hielera en Silicona est\u00e1 hecha de silicona de grado alimenticio y material ABS, sin olor. \u2022 Puede soportar el almacenamiento a baja temperatura a largo plazo sin romperse, seguro y duradero. \u2022 Buena flexibilidad, no se deforma f\u00e1cilmente al tirar. *** HIELO PERSONALIZADO *** \u2022 Hielera en Silicona personalizada, muy pr\u00e1ctica y ligera. \u2022 Vierta la mitad del agua en la taza al hacer, solo tarda 3 segundos en completar la inyecci\u00f3n&hellip;<\/p>\n","category_list":"","author_info":{"name":"","url":""},"comments_num":"0 comentarios","jetpack_sharing_enabled":true,"_links":{"self":[{"href":"https:\/\/elcomercioenlinea.com\/index.php\/wp-json\/wp\/v2\/product\/2284","targetHints":{"allow":["GET"]}}],"collection":[{"href":"https:\/\/elcomercioenlinea.com\/index.php\/wp-json\/wp\/v2\/product"}],"about":[{"href":"https:\/\/elcomercioenlinea.com\/index.php\/wp-json\/wp\/v2\/types\/product"}],"wp:featuredmedia":[{"embeddable":true,"href":"https:\/\/elcomercioenlinea.com\/index.php\/wp-json\/wp\/v2\/media\/2293"}],"wp:attachment":[{"href":"https:\/\/elcomercioenlinea.com\/index.php\/wp-json\/wp\/v2\/media?parent=2284"}],"wp:term":[{"taxonomy":"product_brand","embeddable":true,"href":"https:\/\/elcomercioenlinea.com\/index.php\/wp-json\/wp\/v2\/product_brand?post=2284"},{"taxonomy":"product_cat","embeddable":true,"href":"https:\/\/elcomercioenlinea.com\/index.php\/wp-json\/wp\/v2\/product_cat?post=2284"},{"taxonomy":"product_tag","embeddable":true,"href":"https:\/\/elcomercioenlinea.com\/index.php\/wp-json\/wp\/v2\/product_tag?post=2284"}],"curies":[{"name":"wp","href":"https:\/\/api.w.org\/{rel}","templated":true}]}}