{"id":2385,"date":"2024-07-07T16:35:05","date_gmt":"2024-07-07T21:35:05","guid":{"rendered":"https:\/\/elcomercioenlinea.com\/index.php\/producto\/ventilador-portatil-recargable\/"},"modified":"2024-07-07T16:37:25","modified_gmt":"2024-07-07T21:37:25","slug":"ventilador-portatil-recargable","status":"publish","type":"product","link":"https:\/\/elcomercioenlinea.com\/index.php\/producto\/ventilador-portatil-recargable\/","title":{"rendered":"Ventilador portatil recargable"},"content":{"rendered":"<h3><strong>VENTILADOR PORT\u00c1TIL USB RECARGABLE MANO<\/strong><\/h3>\n<p>&nbsp;<\/p>\n<ul>\n<li>Este producto es especial para ti.<\/li>\n<li>Ventilador Recargable con 3 velocidades.<\/li>\n<li>Bateria de alta duracion.<\/li>\n<li>Base removible para dejarlo de pie o tomarlo con la mano.<\/li>\n<li>Excelente calidad de materiales<\/li>\n<li>Garant\u00eda directa 30d\u00edas.<\/li>\n<li>Dise\u00f1o elegante y juvenil.<\/li>\n<\/ul>\n<p>&nbsp;<\/p>\n","protected":false},"excerpt":{"rendered":"<p>VENTILADOR PORT\u00c1TIL USB RECARGABLE MANO &nbsp; Este producto es especial para ti. Ventilador Recargable con 3 velocidades. Bateria de alta duracion. Base removible para dejarlo de pie o tomarlo con la mano. Excelente calidad de materiales Garant\u00eda directa 30d\u00edas. Dise\u00f1o elegante y juvenil. &nbsp;<\/p>\n","protected":false},"featured_media":2386,"template":"","meta":[],"product_brand":[],"product_cat":[100,17],"product_tag":[],"class_list":{"0":"post-2385","1":"product","2":"type-product","3":"status-publish","4":"has-post-thumbnail","6":"product_cat-bienestar","7":"product_cat-hogar","9":"first","10":"instock","11":"shipping-taxable","12":"purchasable","13":"product-type-simple"},"featured_image_urls":{"full":["https:\/\/elcomercioenlinea.com\/wp-content\/uploads\/2024\/07\/334294.png",458,372,false],"thumbnail":["https:\/\/elcomercioenlinea.com\/wp-content\/uploads\/2024\/07\/334294-150x150.png",150,150,true],"medium":["https:\/\/elcomercioenlinea.com\/wp-content\/uploads\/2024\/07\/334294-300x244.png",300,244,true],"medium_large":["https:\/\/elcomercioenlinea.com\/wp-content\/uploads\/2024\/07\/334294.png",458,372,false],"large":["https:\/\/elcomercioenlinea.com\/wp-content\/uploads\/2024\/07\/334294.png",458,372,false],"1536x1536":["https:\/\/elcomercioenlinea.com\/wp-content\/uploads\/2024\/07\/334294.png",458,372,false],"2048x2048":["https:\/\/elcomercioenlinea.com\/wp-content\/uploads\/2024\/07\/334294.png",458,372,false],"woocommerce_archive_thumbnail":["https:\/\/elcomercioenlinea.com\/wp-content\/uploads\/2024\/07\/334294-300x244.png",300,244,true],"woocommerce_thumbnail":["https:\/\/elcomercioenlinea.com\/wp-content\/uploads\/2024\/07\/334294-300x300.png",300,300,true],"woocommerce_single":["https:\/\/elcomercioenlinea.com\/wp-content\/uploads\/2024\/07\/334294.png",458,372,false],"woocommerce_gallery_thumbnail":["https:\/\/elcomercioenlinea.com\/wp-content\/uploads\/2024\/07\/334294-100x100.png",100,100,true]},"post_excerpt_stackable":"<p>VENTILADOR PORT\u00c1TIL USB RECARGABLE MANO &nbsp; Este producto es especial para ti. Ventilador Recargable con 3 velocidades. Bateria de alta duracion. Base removible para dejarlo de pie o tomarlo con la mano. Excelente calidad de materiales Garant\u00eda directa 30d\u00edas. Dise\u00f1o elegante y juvenil. &nbsp;<\/p>\n","category_list":"","author_info":{"name":"","url":""},"comments_num":"0 comentarios","jetpack_sharing_enabled":true,"_links":{"self":[{"href":"https:\/\/elcomercioenlinea.com\/index.php\/wp-json\/wp\/v2\/product\/2385","targetHints":{"allow":["GET"]}}],"collection":[{"href":"https:\/\/elcomercioenlinea.com\/index.php\/wp-json\/wp\/v2\/product"}],"about":[{"href":"https:\/\/elcomercioenlinea.com\/index.php\/wp-json\/wp\/v2\/types\/product"}],"wp:featuredmedia":[{"embeddable":true,"href":"https:\/\/elcomercioenlinea.com\/index.php\/wp-json\/wp\/v2\/media\/2386"}],"wp:attachment":[{"href":"https:\/\/elcomercioenlinea.com\/index.php\/wp-json\/wp\/v2\/media?parent=2385"}],"wp:term":[{"taxonomy":"product_brand","embeddable":true,"href":"https:\/\/elcomercioenlinea.com\/index.php\/wp-json\/wp\/v2\/product_brand?post=2385"},{"taxonomy":"product_cat","embeddable":true,"href":"https:\/\/elcomercioenlinea.com\/index.php\/wp-json\/wp\/v2\/product_cat?post=2385"},{"taxonomy":"product_tag","embeddable":true,"href":"https:\/\/elcomercioenlinea.com\/index.php\/wp-json\/wp\/v2\/product_tag?post=2385"}],"curies":[{"name":"wp","href":"https:\/\/api.w.org\/{rel}","templated":true}]}}