{"id":2394,"date":"2024-07-07T17:04:09","date_gmt":"2024-07-07T22:04:09","guid":{"rendered":"https:\/\/elcomercioenlinea.com\/index.php\/producto\/calculadora-transparente\/"},"modified":"2024-07-07T17:06:01","modified_gmt":"2024-07-07T22:06:01","slug":"calculadora-transparente","status":"publish","type":"product","link":"https:\/\/elcomercioenlinea.com\/index.php\/producto\/calculadora-transparente\/","title":{"rendered":"CALCULADORA TRANSPARENTE"},"content":{"rendered":"<p>Esta calculadora utiliza un sensor t\u00e1ctil y una pantalla grande, que es clara y f\u00e1cil de usar y leer.<br \/>\nCon una respuesta r\u00e1pida y alta precisi\u00f3n, esta calculadora puede mejorar la eficiencia de su trabajo.<br \/>\nEst\u00e1 hecho de pl\u00e1stico de alta calidad y material de componentes electr\u00f3nicos.<br \/>\nLa longitud de este producto es de 12 cm y el ancho es de 8,2 cm. Es mini y liviano, lo que es f\u00e1cil y conveniente de llevar contigo.<br \/>\nEsta calculadora es adecuada para el hogar y la escuela.<\/p>\n<p>Nombre del art\u00edculo: Calculadora<br \/>\nMaterial: pl\u00e1stico, componentes electr\u00f3nicos.<br \/>\nFuente de alimentaci\u00f3n: 1 pila de bot\u00f3n (incluida)<br \/>\nCaracter\u00edsticas: respuesta r\u00e1pida, port\u00e1til, transparente<br \/>\nDetalles del tama\u00f1o:<br \/>\n12 cm x 8,2 cm\/4,72&#8243; x 3,23&#8243; (aprox.)<\/p>\n","protected":false},"excerpt":{"rendered":"<p>Esta calculadora utiliza un sensor t\u00e1ctil y una pantalla grande, que es clara y f\u00e1cil de usar y leer. Con una respuesta r\u00e1pida y alta precisi\u00f3n, esta calculadora puede mejorar la eficiencia de su trabajo. Est\u00e1 hecho de pl\u00e1stico de alta calidad y material de componentes electr\u00f3nicos. La longitud de este producto es de 12 [&hellip;]<\/p>\n","protected":false},"featured_media":2395,"template":"","meta":[],"product_brand":[],"product_cat":[18],"product_tag":[],"class_list":{"0":"post-2394","1":"product","2":"type-product","3":"status-publish","4":"has-post-thumbnail","6":"product_cat-tecnologia","8":"first","9":"instock","10":"shipping-taxable","11":"purchasable","12":"product-type-simple"},"featured_image_urls":{"full":["https:\/\/elcomercioenlinea.com\/wp-content\/uploads\/2024\/07\/550568.png",1000,1000,false],"thumbnail":["https:\/\/elcomercioenlinea.com\/wp-content\/uploads\/2024\/07\/550568-150x150.png",150,150,true],"medium":["https:\/\/elcomercioenlinea.com\/wp-content\/uploads\/2024\/07\/550568-300x300.png",300,300,true],"medium_large":["https:\/\/elcomercioenlinea.com\/wp-content\/uploads\/2024\/07\/550568-768x768.png",768,768,true],"large":["https:\/\/elcomercioenlinea.com\/wp-content\/uploads\/2024\/07\/550568.png",1000,1000,false],"1536x1536":["https:\/\/elcomercioenlinea.com\/wp-content\/uploads\/2024\/07\/550568.png",1000,1000,false],"2048x2048":["https:\/\/elcomercioenlinea.com\/wp-content\/uploads\/2024\/07\/550568.png",1000,1000,false],"woocommerce_archive_thumbnail":["https:\/\/elcomercioenlinea.com\/wp-content\/uploads\/2024\/07\/550568-300x300.png",300,300,true],"woocommerce_thumbnail":["https:\/\/elcomercioenlinea.com\/wp-content\/uploads\/2024\/07\/550568-300x300.png",300,300,true],"woocommerce_single":["https:\/\/elcomercioenlinea.com\/wp-content\/uploads\/2024\/07\/550568-600x600.png",600,600,true],"woocommerce_gallery_thumbnail":["https:\/\/elcomercioenlinea.com\/wp-content\/uploads\/2024\/07\/550568-100x100.png",100,100,true]},"post_excerpt_stackable":"<p>Esta calculadora utiliza un sensor t\u00e1ctil y una pantalla grande, que es clara y f\u00e1cil de usar y leer. Con una respuesta r\u00e1pida y alta precisi\u00f3n, esta calculadora puede mejorar la eficiencia de su trabajo. Est\u00e1 hecho de pl\u00e1stico de alta calidad y material de componentes electr\u00f3nicos. La longitud de este producto es de 12 cm y el ancho es de 8,2 cm. Es mini y liviano, lo que es f\u00e1cil y conveniente de llevar contigo. Esta calculadora es adecuada para el hogar y la escuela. Nombre del art\u00edculo: Calculadora Material: pl\u00e1stico, componentes electr\u00f3nicos. Fuente de alimentaci\u00f3n: 1 pila de&hellip;<\/p>\n","category_list":"","author_info":{"name":"","url":""},"comments_num":"0 comentarios","jetpack_sharing_enabled":true,"_links":{"self":[{"href":"https:\/\/elcomercioenlinea.com\/index.php\/wp-json\/wp\/v2\/product\/2394","targetHints":{"allow":["GET"]}}],"collection":[{"href":"https:\/\/elcomercioenlinea.com\/index.php\/wp-json\/wp\/v2\/product"}],"about":[{"href":"https:\/\/elcomercioenlinea.com\/index.php\/wp-json\/wp\/v2\/types\/product"}],"wp:featuredmedia":[{"embeddable":true,"href":"https:\/\/elcomercioenlinea.com\/index.php\/wp-json\/wp\/v2\/media\/2395"}],"wp:attachment":[{"href":"https:\/\/elcomercioenlinea.com\/index.php\/wp-json\/wp\/v2\/media?parent=2394"}],"wp:term":[{"taxonomy":"product_brand","embeddable":true,"href":"https:\/\/elcomercioenlinea.com\/index.php\/wp-json\/wp\/v2\/product_brand?post=2394"},{"taxonomy":"product_cat","embeddable":true,"href":"https:\/\/elcomercioenlinea.com\/index.php\/wp-json\/wp\/v2\/product_cat?post=2394"},{"taxonomy":"product_tag","embeddable":true,"href":"https:\/\/elcomercioenlinea.com\/index.php\/wp-json\/wp\/v2\/product_tag?post=2394"}],"curies":[{"name":"wp","href":"https:\/\/api.w.org\/{rel}","templated":true}]}}