{"id":2431,"date":"2024-07-07T18:42:43","date_gmt":"2024-07-07T23:42:43","guid":{"rendered":"https:\/\/elcomercioenlinea.com\/index.php\/producto\/cinta-adhesiva-para-pechos\/"},"modified":"2024-07-07T18:43:43","modified_gmt":"2024-07-07T23:43:43","slug":"cinta-adhesiva-para-pechos","status":"publish","type":"product","link":"https:\/\/elcomercioenlinea.com\/index.php\/producto\/cinta-adhesiva-para-pechos\/","title":{"rendered":"Cinta Adhesiva para Pechos"},"content":{"rendered":"<h2>Cinta Adhesiva para Pechos Sujetador Elevaci\u00f3n senos CAP13<\/h2>\n<p>Perfecto para los que buscan lucir un busto firme y natural, el dise\u00f1o invisible de la cinta levanta ligeramente los pechos para ropa, mejorando la apariencia y forma sin sacrificar la comodidad. \u00a1V\u00edstete con elegancia y disfruta del lujo que la cinta adhesiva para pechos ofrece!<\/p>\n<ul>\n<li><strong>Material:<\/strong> Algod\u00f3n y spandex.<\/li>\n<li><strong>Largo cinta.:<\/strong> 5m.<\/li>\n<li><strong>Peso Aprox.:<\/strong> 93 g.<\/li>\n<li>Esta cinta de levantamiento de pecho aumentar\u00e1 tu forma y te dar\u00e1 un aspecto seguro.<\/li>\n<li>Tiene un dise\u00f1o de ajuste perfecto que se adapta a tus curvas y un material delgado y c\u00f3modo que se siente como una segunda piel.<\/li>\n<li>Es suave y c\u00f3moda, por lo que puedes sentirte bien y lucir bien. Tiene 95% algod\u00f3n y 5% spandex, que son agradables al tacto y ligeros.<\/li>\n<li>Ya sea una cita, una fiesta o una salida casual, puedes lucir hermosa e impresionante. Esta cinta de levantamiento de pecho puede ayudarte a ganar confianza y comodidad en cualquier ocasi\u00f3n.<\/li>\n<li>Esta cinta de levantamiento de pecho cuenta con un patr\u00f3n de rejilla simple que te permite cortarla al tama\u00f1o y la forma exactos que necesitas, lo que te da un dise\u00f1o c\u00f3modo y personalizado.<\/li>\n<li>Es transpirable y discreto, por lo que se puede llevar debajo de cualquier ropa sin preocuparte por mostrar ning\u00fan rastro.<\/li>\n<li><strong>Contenido del Paquete<\/strong><\/li>\n<li>1 Cinta.<\/li>\n<li>10 Tapa pezones.<\/li>\n<li><strong>100 % Nuevo<\/strong><\/li>\n<\/ul>\n","protected":false},"excerpt":{"rendered":"<p>Cinta Adhesiva para Pechos Sujetador Elevaci\u00f3n senos CAP13 Perfecto para los que buscan lucir un busto firme y natural, el dise\u00f1o invisible de la cinta levanta ligeramente los pechos para ropa, mejorando la apariencia y forma sin sacrificar la comodidad. \u00a1V\u00edstete con elegancia y disfruta del lujo que la cinta adhesiva para pechos ofrece! Material: [&hellip;]<\/p>\n","protected":false},"featured_media":2438,"template":"","meta":[],"product_brand":[],"product_cat":[102],"product_tag":[],"class_list":{"0":"post-2431","1":"product","2":"type-product","3":"status-publish","4":"has-post-thumbnail","6":"product_cat-belleza","8":"first","9":"instock","10":"shipping-taxable","11":"purchasable","12":"product-type-simple"},"featured_image_urls":{"full":["https:\/\/elcomercioenlinea.com\/wp-content\/uploads\/2024\/07\/606028.png",1200,1200,false],"thumbnail":["https:\/\/elcomercioenlinea.com\/wp-content\/uploads\/2024\/07\/606028-150x150.png",150,150,true],"medium":["https:\/\/elcomercioenlinea.com\/wp-content\/uploads\/2024\/07\/606028-300x300.png",300,300,true],"medium_large":["https:\/\/elcomercioenlinea.com\/wp-content\/uploads\/2024\/07\/606028-768x768.png",768,768,true],"large":["https:\/\/elcomercioenlinea.com\/wp-content\/uploads\/2024\/07\/606028-1024x1024.png",1024,1024,true],"1536x1536":["https:\/\/elcomercioenlinea.com\/wp-content\/uploads\/2024\/07\/606028.png",1200,1200,false],"2048x2048":["https:\/\/elcomercioenlinea.com\/wp-content\/uploads\/2024\/07\/606028.png",1200,1200,false],"woocommerce_archive_thumbnail":["https:\/\/elcomercioenlinea.com\/wp-content\/uploads\/2024\/07\/606028-300x300.png",300,300,true],"woocommerce_thumbnail":["https:\/\/elcomercioenlinea.com\/wp-content\/uploads\/2024\/07\/606028-300x300.png",300,300,true],"woocommerce_single":["https:\/\/elcomercioenlinea.com\/wp-content\/uploads\/2024\/07\/606028-600x600.png",600,600,true],"woocommerce_gallery_thumbnail":["https:\/\/elcomercioenlinea.com\/wp-content\/uploads\/2024\/07\/606028-100x100.png",100,100,true]},"post_excerpt_stackable":"<p>Cinta Adhesiva para Pechos Sujetador Elevaci\u00f3n senos CAP13 Perfecto para los que buscan lucir un busto firme y natural, el dise\u00f1o invisible de la cinta levanta ligeramente los pechos para ropa, mejorando la apariencia y forma sin sacrificar la comodidad. \u00a1V\u00edstete con elegancia y disfruta del lujo que la cinta adhesiva para pechos ofrece! Material: Algod\u00f3n y spandex. Largo cinta.: 5m. Peso Aprox.: 93 g. Esta cinta de levantamiento de pecho aumentar\u00e1 tu forma y te dar\u00e1 un aspecto seguro. Tiene un dise\u00f1o de ajuste perfecto que se adapta a tus curvas y un material delgado y c\u00f3modo que se&hellip;<\/p>\n","category_list":"","author_info":{"name":"","url":""},"comments_num":"0 comentarios","jetpack_sharing_enabled":true,"_links":{"self":[{"href":"https:\/\/elcomercioenlinea.com\/index.php\/wp-json\/wp\/v2\/product\/2431","targetHints":{"allow":["GET"]}}],"collection":[{"href":"https:\/\/elcomercioenlinea.com\/index.php\/wp-json\/wp\/v2\/product"}],"about":[{"href":"https:\/\/elcomercioenlinea.com\/index.php\/wp-json\/wp\/v2\/types\/product"}],"wp:featuredmedia":[{"embeddable":true,"href":"https:\/\/elcomercioenlinea.com\/index.php\/wp-json\/wp\/v2\/media\/2438"}],"wp:attachment":[{"href":"https:\/\/elcomercioenlinea.com\/index.php\/wp-json\/wp\/v2\/media?parent=2431"}],"wp:term":[{"taxonomy":"product_brand","embeddable":true,"href":"https:\/\/elcomercioenlinea.com\/index.php\/wp-json\/wp\/v2\/product_brand?post=2431"},{"taxonomy":"product_cat","embeddable":true,"href":"https:\/\/elcomercioenlinea.com\/index.php\/wp-json\/wp\/v2\/product_cat?post=2431"},{"taxonomy":"product_tag","embeddable":true,"href":"https:\/\/elcomercioenlinea.com\/index.php\/wp-json\/wp\/v2\/product_tag?post=2431"}],"curies":[{"name":"wp","href":"https:\/\/api.w.org\/{rel}","templated":true}]}}