{"id":2441,"date":"2024-07-07T18:47:30","date_gmt":"2024-07-07T23:47:30","guid":{"rendered":"https:\/\/elcomercioenlinea.com\/index.php\/producto\/humidificadorr\/"},"modified":"2024-07-07T18:53:26","modified_gmt":"2024-07-07T23:53:26","slug":"humidificadorr","status":"publish","type":"product","link":"https:\/\/elcomercioenlinea.com\/index.php\/producto\/humidificadorr\/","title":{"rendered":"HUMIDIFICADORR"},"content":{"rendered":"<p>HUMIDIFICADOR CON MU\u00d1ECO DECORATIVO, IDEAL PARA AMBIENTAR Y ARMONIZAR TUS ESPACIOS<\/p>\n<p>ES PRACTICO, CON UN DISE\u00d1O HERMOSO QUE HACE QUE DONDE LO PONGAS, ESTE ESPACIO SE VEA MUY HERMOSO<\/p>\n<p>PARA EL AUTO, HABITACION, BA\u00d1O DONDE QUIERAS UN AMBIENTADOR O ARMONIZAR ESTE ESPACIO, YA QUE ESTE TIENE LUCES QUE CAMBIAN CON 3 TIPOS DE TONO<\/p>\n<p>ES RECARGABLE CON PUERO USB<\/p>\n<p>UNICOLOR BLANDO<\/p>\n<p>&nbsp;<\/p>\n<p>REF: ZR11519<\/p>\n","protected":false},"excerpt":{"rendered":"<p>HUMIDIFICADOR CON MU\u00d1ECO DECORATIVO, IDEAL PARA AMBIENTAR Y ARMONIZAR TUS ESPACIOS ES PRACTICO, CON UN DISE\u00d1O HERMOSO QUE HACE QUE DONDE LO PONGAS, ESTE ESPACIO SE VEA MUY HERMOSO PARA EL AUTO, HABITACION, BA\u00d1O DONDE QUIERAS UN AMBIENTADOR O ARMONIZAR ESTE ESPACIO, YA QUE ESTE TIENE LUCES QUE CAMBIAN CON 3 TIPOS DE TONO ES [&hellip;]<\/p>\n","protected":false},"featured_media":2445,"template":"","meta":[],"product_brand":[],"product_cat":[100,17,18],"product_tag":[],"class_list":{"0":"post-2441","1":"product","2":"type-product","3":"status-publish","4":"has-post-thumbnail","6":"product_cat-bienestar","7":"product_cat-hogar","8":"product_cat-tecnologia","10":"first","11":"instock","12":"shipping-taxable","13":"purchasable","14":"product-type-simple"},"featured_image_urls":{"full":["https:\/\/elcomercioenlinea.com\/wp-content\/uploads\/2024\/07\/785535.png",690,960,false],"thumbnail":["https:\/\/elcomercioenlinea.com\/wp-content\/uploads\/2024\/07\/785535-150x150.png",150,150,true],"medium":["https:\/\/elcomercioenlinea.com\/wp-content\/uploads\/2024\/07\/785535-216x300.png",216,300,true],"medium_large":["https:\/\/elcomercioenlinea.com\/wp-content\/uploads\/2024\/07\/785535.png",690,960,false],"large":["https:\/\/elcomercioenlinea.com\/wp-content\/uploads\/2024\/07\/785535.png",690,960,false],"1536x1536":["https:\/\/elcomercioenlinea.com\/wp-content\/uploads\/2024\/07\/785535.png",690,960,false],"2048x2048":["https:\/\/elcomercioenlinea.com\/wp-content\/uploads\/2024\/07\/785535.png",690,960,false],"woocommerce_archive_thumbnail":["https:\/\/elcomercioenlinea.com\/wp-content\/uploads\/2024\/07\/785535-300x417.png",300,417,true],"woocommerce_thumbnail":["https:\/\/elcomercioenlinea.com\/wp-content\/uploads\/2024\/07\/785535-300x300.png",300,300,true],"woocommerce_single":["https:\/\/elcomercioenlinea.com\/wp-content\/uploads\/2024\/07\/785535-600x835.png",600,835,true],"woocommerce_gallery_thumbnail":["https:\/\/elcomercioenlinea.com\/wp-content\/uploads\/2024\/07\/785535-100x100.png",100,100,true]},"post_excerpt_stackable":"<p>HUMIDIFICADOR CON MU\u00d1ECO DECORATIVO, IDEAL PARA AMBIENTAR Y ARMONIZAR TUS ESPACIOS ES PRACTICO, CON UN DISE\u00d1O HERMOSO QUE HACE QUE DONDE LO PONGAS, ESTE ESPACIO SE VEA MUY HERMOSO PARA EL AUTO, HABITACION, BA\u00d1O DONDE QUIERAS UN AMBIENTADOR O ARMONIZAR ESTE ESPACIO, YA QUE ESTE TIENE LUCES QUE CAMBIAN CON 3 TIPOS DE TONO ES RECARGABLE CON PUERO USB UNICOLOR BLANDO &nbsp; REF: ZR11519<\/p>\n","category_list":"","author_info":{"name":"","url":""},"comments_num":"0 comentarios","jetpack_sharing_enabled":true,"_links":{"self":[{"href":"https:\/\/elcomercioenlinea.com\/index.php\/wp-json\/wp\/v2\/product\/2441","targetHints":{"allow":["GET"]}}],"collection":[{"href":"https:\/\/elcomercioenlinea.com\/index.php\/wp-json\/wp\/v2\/product"}],"about":[{"href":"https:\/\/elcomercioenlinea.com\/index.php\/wp-json\/wp\/v2\/types\/product"}],"wp:featuredmedia":[{"embeddable":true,"href":"https:\/\/elcomercioenlinea.com\/index.php\/wp-json\/wp\/v2\/media\/2445"}],"wp:attachment":[{"href":"https:\/\/elcomercioenlinea.com\/index.php\/wp-json\/wp\/v2\/media?parent=2441"}],"wp:term":[{"taxonomy":"product_brand","embeddable":true,"href":"https:\/\/elcomercioenlinea.com\/index.php\/wp-json\/wp\/v2\/product_brand?post=2441"},{"taxonomy":"product_cat","embeddable":true,"href":"https:\/\/elcomercioenlinea.com\/index.php\/wp-json\/wp\/v2\/product_cat?post=2441"},{"taxonomy":"product_tag","embeddable":true,"href":"https:\/\/elcomercioenlinea.com\/index.php\/wp-json\/wp\/v2\/product_tag?post=2441"}],"curies":[{"name":"wp","href":"https:\/\/api.w.org\/{rel}","templated":true}]}}