{"id":2516,"date":"2024-07-08T16:20:01","date_gmt":"2024-07-08T21:20:01","guid":{"rendered":"https:\/\/elcomercioenlinea.com\/index.php\/producto\/pad-mouse-reposa-munecas-teclado-gel\/"},"modified":"2024-07-18T14:39:35","modified_gmt":"2024-07-18T19:39:35","slug":"pad-mouse-reposa-munecas-teclado-gel","status":"publish","type":"product","link":"https:\/\/elcomercioenlinea.com\/index.php\/producto\/pad-mouse-reposa-munecas-teclado-gel\/","title":{"rendered":"Pad Mouse + Reposa Mu\u00f1ecas"},"content":{"rendered":"<p>Pad Mouse + Almohadilla de reposamu\u00f1ecas para teclado, lavable, ligera, c\u00f3moda y pr\u00e1ctica para ordenador de escritorio, ordenador port\u00e1til, almohadilla ergon\u00f3mica, base antideslizante para oficina, hogar, computadora port\u00e1til, computadora y juegos de mesa, alivio de fatiga.<\/p>\n<p>Hecho de espuma viscoel\u00e1stica c\u00f3moda de alta densidad y tela transpirable agradable al tacto, soporte de liberaci\u00f3n ergon\u00f3mica de presi\u00f3n de codo y hombro, alivia la fatiga de la mu\u00f1eca cuando el ordenador trabaja o juega durante mucho tiempo.<\/p>\n<p>El rebote lento de la almohada de gel mantiene el juego completo no se deforma f\u00e1cilmente y es ideal para largas horas de uso.<br \/>\nDise\u00f1o duradero y c\u00f3modo para un f\u00e1cil alivio del dolor de escritura, evita que tu mu\u00f1eca se da\u00f1e, como artritis reumatoide, lesiones por esfuerzo repetitivo RSI y s\u00edndrome del t\u00fanel carpiano.<\/p>\n<p>&nbsp;<\/p>\n<p>Materiales: Neopreno, Tela Transpirable<br \/>\nMaterial Almohadilla: Espuma viscoel\u00e1stica de Memoria<br \/>\nColor: Negro<br \/>\nTama\u00f1o de Pad Mouse: 25 x 21 x 2 cm<br \/>\nTama\u00f1o de Reposa Mu\u00f1ecas: 46 x 9 x 2 cm<br \/>\nPeso: 120 g<\/p>\n<p>&nbsp;<\/p>\n","protected":false},"excerpt":{"rendered":"<p>Pad Mouse + Almohadilla de reposamu\u00f1ecas para teclado, lavable, ligera, c\u00f3moda y pr\u00e1ctica para ordenador de escritorio, ordenador port\u00e1til, almohadilla ergon\u00f3mica, base antideslizante para oficina, hogar, computadora port\u00e1til, computadora y juegos de mesa, alivio de fatiga. Hecho de espuma viscoel\u00e1stica c\u00f3moda de alta densidad y tela transpirable agradable al tacto, soporte de liberaci\u00f3n ergon\u00f3mica de [&hellip;]<\/p>\n","protected":false},"featured_media":2519,"template":"","meta":[],"product_brand":[],"product_cat":[100,18],"product_tag":[],"class_list":{"0":"post-2516","1":"product","2":"type-product","3":"status-publish","4":"has-post-thumbnail","6":"product_cat-bienestar","7":"product_cat-tecnologia","9":"first","10":"instock","11":"shipping-taxable","12":"purchasable","13":"product-type-simple"},"featured_image_urls":{"full":["https:\/\/elcomercioenlinea.com\/wp-content\/uploads\/2024\/07\/203442.png",1900,1900,false],"thumbnail":["https:\/\/elcomercioenlinea.com\/wp-content\/uploads\/2024\/07\/203442-150x150.png",150,150,true],"medium":["https:\/\/elcomercioenlinea.com\/wp-content\/uploads\/2024\/07\/203442-300x300.png",300,300,true],"medium_large":["https:\/\/elcomercioenlinea.com\/wp-content\/uploads\/2024\/07\/203442-768x768.png",768,768,true],"large":["https:\/\/elcomercioenlinea.com\/wp-content\/uploads\/2024\/07\/203442-1024x1024.png",1024,1024,true],"1536x1536":["https:\/\/elcomercioenlinea.com\/wp-content\/uploads\/2024\/07\/203442-1536x1536.png",1536,1536,true],"2048x2048":["https:\/\/elcomercioenlinea.com\/wp-content\/uploads\/2024\/07\/203442.png",1900,1900,false],"woocommerce_archive_thumbnail":["https:\/\/elcomercioenlinea.com\/wp-content\/uploads\/2024\/07\/203442-300x300.png",300,300,true],"woocommerce_thumbnail":["https:\/\/elcomercioenlinea.com\/wp-content\/uploads\/2024\/07\/203442-300x300.png",300,300,true],"woocommerce_single":["https:\/\/elcomercioenlinea.com\/wp-content\/uploads\/2024\/07\/203442-600x600.png",600,600,true],"woocommerce_gallery_thumbnail":["https:\/\/elcomercioenlinea.com\/wp-content\/uploads\/2024\/07\/203442-100x100.png",100,100,true]},"post_excerpt_stackable":"<p>Pad Mouse + Almohadilla de reposamu\u00f1ecas para teclado, lavable, ligera, c\u00f3moda y pr\u00e1ctica para ordenador de escritorio, ordenador port\u00e1til, almohadilla ergon\u00f3mica, base antideslizante para oficina, hogar, computadora port\u00e1til, computadora y juegos de mesa, alivio de fatiga. Hecho de espuma viscoel\u00e1stica c\u00f3moda de alta densidad y tela transpirable agradable al tacto, soporte de liberaci\u00f3n ergon\u00f3mica de presi\u00f3n de codo y hombro, alivia la fatiga de la mu\u00f1eca cuando el ordenador trabaja o juega durante mucho tiempo. El rebote lento de la almohada de gel mantiene el juego completo no se deforma f\u00e1cilmente y es ideal para largas horas de uso. Dise\u00f1o&hellip;<\/p>\n","category_list":"","author_info":{"name":"","url":""},"comments_num":"0 comentarios","jetpack_sharing_enabled":true,"_links":{"self":[{"href":"https:\/\/elcomercioenlinea.com\/index.php\/wp-json\/wp\/v2\/product\/2516","targetHints":{"allow":["GET"]}}],"collection":[{"href":"https:\/\/elcomercioenlinea.com\/index.php\/wp-json\/wp\/v2\/product"}],"about":[{"href":"https:\/\/elcomercioenlinea.com\/index.php\/wp-json\/wp\/v2\/types\/product"}],"wp:featuredmedia":[{"embeddable":true,"href":"https:\/\/elcomercioenlinea.com\/index.php\/wp-json\/wp\/v2\/media\/2519"}],"wp:attachment":[{"href":"https:\/\/elcomercioenlinea.com\/index.php\/wp-json\/wp\/v2\/media?parent=2516"}],"wp:term":[{"taxonomy":"product_brand","embeddable":true,"href":"https:\/\/elcomercioenlinea.com\/index.php\/wp-json\/wp\/v2\/product_brand?post=2516"},{"taxonomy":"product_cat","embeddable":true,"href":"https:\/\/elcomercioenlinea.com\/index.php\/wp-json\/wp\/v2\/product_cat?post=2516"},{"taxonomy":"product_tag","embeddable":true,"href":"https:\/\/elcomercioenlinea.com\/index.php\/wp-json\/wp\/v2\/product_tag?post=2516"}],"curies":[{"name":"wp","href":"https:\/\/api.w.org\/{rel}","templated":true}]}}