{"id":2550,"date":"2024-07-08T18:44:21","date_gmt":"2024-07-08T23:44:21","guid":{"rendered":"https:\/\/elcomercioenlinea.com\/index.php\/producto\/atrapamoscas-trampa-automatica\/"},"modified":"2024-12-10T17:37:29","modified_gmt":"2024-12-10T22:37:29","slug":"atrapamoscas-trampa-automatica","status":"publish","type":"product","link":"https:\/\/elcomercioenlinea.com\/index.php\/producto\/atrapamoscas-trampa-automatica\/","title":{"rendered":"Atrapamoscas Trampa autom\u00e1tica"},"content":{"rendered":"<p>TRAMPA ATRAPA MOSCAS AUTOM\u00c1TICA DISPOSITIVO PARA CASA, HOGAR, FINCAS. USO EN INTERIORES \u00d3 EXTERIORES!!! Trampa el\u00e9ctrica para moscas y otros insectos Elimine moscas, avispas y otros insectos voladores de forma r\u00e1pida y natural. Alimentado por USB No se requieren productos qu\u00edmicos Posibilidad de uso m\u00faltiple de alto rendimiento. Seguridad y protecci\u00f3n del medio ambiente. Efectos y m\u00e9todos del producto moscas, avispas y otros insectos molestos arruinar\u00e1n su tiempo dentro y fuera. Nuestras trampas son la forma m\u00e1s humana de atrapar insectos, puede liberarlos en otro lugar si lo desea. Se pueden usar sustancias naturales, como miel, jugo de frutas o residuos de carne y pescado, para atraerlos. Preste atenci\u00f3n a los siguientes asuntos durante el uso 1. El cebo debe agregarse a los cinco tanques, en una cantidad adecuada. Coloque la m\u00e1quina en un lugar con moscas. Si las moscas no est\u00e1n interesadas en el cebo, puede agregar un poco de vinagre o pescado para atraer a las moscas. Limpie las moscas muertas en la ranura del plato giratorio a tiempo de lo contrario, bloquear\u00e1 el motor y afectar\u00e1 seriamente la vida \u00fatil. Cubierta giratoria, una base ranurada en la que se coloca el cebo Abrazadera para fijar la tapa y el contenedor de insectos. Red para evitar que las moscas se escapen. Principio de funcionamiento del contenedor de insectos: Paso 1: Coloque una peque\u00f1a cantidad de cebo en 5 posiciones de cebo. Paso 2: Enchufe el cable de alimentaci\u00f3n, encienda el interruptor y comience a trabajar El tercer paso: la mosca succiona el cebo en la mesa y entra en la caja de moscas con la rotaci\u00f3n de la plataforma giratoria. Paso 4: Despu\u00e9s de llegar a un cierto n\u00famero de moscas, retire los mandriles a ambos lados de la trampa para moscas para evitar insectos Retire la caja para moscas. Paso 5: Saque la caja para moscas, agregue agua y una peque\u00f1a cantidad de detergente para remojar y lavar las moscas vivas. Paso 6: Seque despu\u00e9s de refrescar y vuelva al lugar original despu\u00e9s de limpiar y recicle de acuerdo con este m\u00e9todo. No te quedes atr\u00e1s de la tecnolog\u00eda, ACTUAL\u00cdZATE!!!<\/p>\n<p>&nbsp;<\/p>\n<p>&nbsp;<\/p>\n<p>&nbsp;<\/p>\n","protected":false},"excerpt":{"rendered":"<p>TRAMPA ATRAPA MOSCAS AUTOM\u00c1TICA DISPOSITIVO PARA CASA, HOGAR, FINCAS. USO EN INTERIORES \u00d3 EXTERIORES!!! Trampa el\u00e9ctrica para moscas y otros insectos Elimine moscas, avispas y otros insectos voladores de forma r\u00e1pida y natural. Alimentado por USB No se requieren productos qu\u00edmicos Posibilidad de uso m\u00faltiple de alto rendimiento. Seguridad y protecci\u00f3n del medio ambiente. Efectos [&hellip;]<\/p>\n","protected":false},"featured_media":2554,"template":"","meta":[],"product_brand":[],"product_cat":[25,17],"product_tag":[],"class_list":{"0":"post-2550","1":"product","2":"type-product","3":"status-publish","4":"has-post-thumbnail","6":"product_cat-cocina","7":"product_cat-hogar","9":"first","10":"instock","11":"sale","12":"shipping-taxable","13":"purchasable","14":"product-type-simple"},"featured_image_urls":{"full":["https:\/\/elcomercioenlinea.com\/wp-content\/uploads\/2024\/07\/374090.png",1280,1280,false],"thumbnail":["https:\/\/elcomercioenlinea.com\/wp-content\/uploads\/2024\/07\/374090-150x150.png",150,150,true],"medium":["https:\/\/elcomercioenlinea.com\/wp-content\/uploads\/2024\/07\/374090-300x300.png",300,300,true],"medium_large":["https:\/\/elcomercioenlinea.com\/wp-content\/uploads\/2024\/07\/374090-768x768.png",768,768,true],"large":["https:\/\/elcomercioenlinea.com\/wp-content\/uploads\/2024\/07\/374090-1024x1024.png",1024,1024,true],"1536x1536":["https:\/\/elcomercioenlinea.com\/wp-content\/uploads\/2024\/07\/374090.png",1280,1280,false],"2048x2048":["https:\/\/elcomercioenlinea.com\/wp-content\/uploads\/2024\/07\/374090.png",1280,1280,false],"woocommerce_archive_thumbnail":["https:\/\/elcomercioenlinea.com\/wp-content\/uploads\/2024\/07\/374090-300x300.png",300,300,true],"woocommerce_thumbnail":["https:\/\/elcomercioenlinea.com\/wp-content\/uploads\/2024\/07\/374090-300x300.png",300,300,true],"woocommerce_single":["https:\/\/elcomercioenlinea.com\/wp-content\/uploads\/2024\/07\/374090-600x600.png",600,600,true],"woocommerce_gallery_thumbnail":["https:\/\/elcomercioenlinea.com\/wp-content\/uploads\/2024\/07\/374090-100x100.png",100,100,true]},"post_excerpt_stackable":"<p>TRAMPA ATRAPA MOSCAS AUTOM\u00c1TICA DISPOSITIVO PARA CASA, HOGAR, FINCAS. USO EN INTERIORES \u00d3 EXTERIORES!!! Trampa el\u00e9ctrica para moscas y otros insectos Elimine moscas, avispas y otros insectos voladores de forma r\u00e1pida y natural. Alimentado por USB No se requieren productos qu\u00edmicos Posibilidad de uso m\u00faltiple de alto rendimiento. Seguridad y protecci\u00f3n del medio ambiente. Efectos y m\u00e9todos del producto moscas, avispas y otros insectos molestos arruinar\u00e1n su tiempo dentro y fuera. Nuestras trampas son la forma m\u00e1s humana de atrapar insectos, puede liberarlos en otro lugar si lo desea. Se pueden usar sustancias naturales, como miel, jugo de frutas o&hellip;<\/p>\n","category_list":"","author_info":{"name":"","url":""},"comments_num":"0 comentarios","jetpack_sharing_enabled":true,"_links":{"self":[{"href":"https:\/\/elcomercioenlinea.com\/index.php\/wp-json\/wp\/v2\/product\/2550","targetHints":{"allow":["GET"]}}],"collection":[{"href":"https:\/\/elcomercioenlinea.com\/index.php\/wp-json\/wp\/v2\/product"}],"about":[{"href":"https:\/\/elcomercioenlinea.com\/index.php\/wp-json\/wp\/v2\/types\/product"}],"wp:featuredmedia":[{"embeddable":true,"href":"https:\/\/elcomercioenlinea.com\/index.php\/wp-json\/wp\/v2\/media\/2554"}],"wp:attachment":[{"href":"https:\/\/elcomercioenlinea.com\/index.php\/wp-json\/wp\/v2\/media?parent=2550"}],"wp:term":[{"taxonomy":"product_brand","embeddable":true,"href":"https:\/\/elcomercioenlinea.com\/index.php\/wp-json\/wp\/v2\/product_brand?post=2550"},{"taxonomy":"product_cat","embeddable":true,"href":"https:\/\/elcomercioenlinea.com\/index.php\/wp-json\/wp\/v2\/product_cat?post=2550"},{"taxonomy":"product_tag","embeddable":true,"href":"https:\/\/elcomercioenlinea.com\/index.php\/wp-json\/wp\/v2\/product_tag?post=2550"}],"curies":[{"name":"wp","href":"https:\/\/api.w.org\/{rel}","templated":true}]}}