{"id":2604,"date":"2024-07-09T18:02:46","date_gmt":"2024-07-09T23:02:46","guid":{"rendered":"https:\/\/elcomercioenlinea.com\/index.php\/producto\/alcancia-de-stitch-para-decorar\/"},"modified":"2024-12-10T17:04:38","modified_gmt":"2024-12-10T22:04:38","slug":"alcancia-de-stitch-para-decorar","status":"publish","type":"product","link":"https:\/\/elcomercioenlinea.com\/index.php\/producto\/alcancia-de-stitch-para-decorar\/","title":{"rendered":"Alcanc\u00eda de Stitch Para Decorar"},"content":{"rendered":"<h2><\/h2>\n<p>&nbsp;<\/p>\n<h2>\ud83d\udcb0\ud83d\udcb8LA ALCANC\u00cdA DE STITCH DECORADA CON PIEDRITAS BRILLANTES, ES PERFECTA PARA DECORAR TU ESPACIO Y GUARDAR TUS AHORROS CON ESTILO\u2728\ud83d\udc69\ud83c\udffc\u200d\ud83c\udfa8<\/h2>\n<p>&nbsp;<\/p>\n<h2>INCLUYE:<\/h2>\n<h2>Alcanc\u00eda de stitch: pl\u00e1stico resistente.<\/h2>\n<h2>Medidas: altura 16,5cm x ancho 13,5cm<\/h2>\n<h2>Piedritas decorativas: de diferentes colores y tama\u00f1os para darle un aspecto brillante y atractivo.<\/h2>\n<h2>Silicona l\u00edquida: para fijar las piedritas en su lugar.<\/h2>\n<h2>Pinza: para manejar las piedritas peque\u00f1as con precisi\u00f3n.<\/h2>\n<h2>Bandeja o plato: para organizar y manejar las piedritas mientras trabajas.<\/h2>\n<p>&nbsp;<\/p>\n<h2><\/h2>\n<h2>BENEFICIOS DE CREAR TU PROPIA ALCANC\u00cdA<\/h2>\n<h2>Expresi\u00f3n Personal: Este proyecto te permite expresar tu estilo y creatividad personal, creando una alcanc\u00eda \u00fanica que refleja tu gusto.<\/h2>\n<h2>Actividad Relajante: Colocar piedritas de forma meticulosa puede ser una actividad relajante y terap\u00e9utica.<\/h2>\n<h2>Diversi\u00f3n en el Proceso: Es un proyecto divertido que puedes disfrutar solo o en compa\u00f1\u00eda de amigos y familiares.<\/h2>\n<h2>Precisi\u00f3n y Paciencia: Trabajar con piedritas peque\u00f1as ayuda a mejorar la precisi\u00f3n y la paciencia.<\/h2>\n<h2>Habilidades Art\u00edsticas: Desarrolla tus habilidades en el dise\u00f1o y la decoraci\u00f3n, perfeccionando tu atenci\u00f3n al detalle.<\/h2>\n<h2>H\u00e1bito de Ahorro: Una alcanc\u00eda atractiva fomenta el h\u00e1bito de ahorrar dinero de una manera divertida.<\/h2>\n<h2>Sentimiento de Logro: Completar un proyecto DIY proporciona una gran satisfacci\u00f3n personal y un sentido de logro.<\/h2>\n<h2>Idea de Regalo: Una alcanc\u00eda personalizada es un regalo original y significativo para amigos o familiares.<\/h2>\n<h2>Hecho a Mano: Un regalo hecho a mano siempre tiene un valor sentimental adicional.<\/h2>\n<p>&nbsp;<\/p>\n<h2><\/h2>\n","protected":false},"excerpt":{"rendered":"<p>&nbsp; \ud83d\udcb0\ud83d\udcb8LA ALCANC\u00cdA DE STITCH DECORADA CON PIEDRITAS BRILLANTES, ES PERFECTA PARA DECORAR TU ESPACIO Y GUARDAR TUS AHORROS CON ESTILO\u2728\ud83d\udc69\ud83c\udffc\u200d\ud83c\udfa8 &nbsp; INCLUYE: Alcanc\u00eda de stitch: pl\u00e1stico resistente. Medidas: altura 16,5cm x ancho 13,5cm Piedritas decorativas: de diferentes colores y tama\u00f1os para darle un aspecto brillante y atractivo. Silicona l\u00edquida: para fijar las piedritas en [&hellip;]<\/p>\n","protected":false},"featured_media":2605,"template":"","meta":[],"product_brand":[],"product_cat":[17,18],"product_tag":[],"class_list":{"0":"post-2604","1":"product","2":"type-product","3":"status-publish","4":"has-post-thumbnail","6":"product_cat-hogar","7":"product_cat-tecnologia","9":"first","10":"instock","11":"sale","12":"shipping-taxable","13":"purchasable","14":"product-type-simple"},"featured_image_urls":{"full":["https:\/\/elcomercioenlinea.com\/wp-content\/uploads\/2024\/07\/953736.png",960,1280,false],"thumbnail":["https:\/\/elcomercioenlinea.com\/wp-content\/uploads\/2024\/07\/953736-150x150.png",150,150,true],"medium":["https:\/\/elcomercioenlinea.com\/wp-content\/uploads\/2024\/07\/953736-225x300.png",225,300,true],"medium_large":["https:\/\/elcomercioenlinea.com\/wp-content\/uploads\/2024\/07\/953736-768x1024.png",768,1024,true],"large":["https:\/\/elcomercioenlinea.com\/wp-content\/uploads\/2024\/07\/953736-768x1024.png",768,1024,true],"1536x1536":["https:\/\/elcomercioenlinea.com\/wp-content\/uploads\/2024\/07\/953736.png",960,1280,false],"2048x2048":["https:\/\/elcomercioenlinea.com\/wp-content\/uploads\/2024\/07\/953736.png",960,1280,false],"woocommerce_archive_thumbnail":["https:\/\/elcomercioenlinea.com\/wp-content\/uploads\/2024\/07\/953736-300x400.png",300,400,true],"woocommerce_thumbnail":["https:\/\/elcomercioenlinea.com\/wp-content\/uploads\/2024\/07\/953736-300x300.png",300,300,true],"woocommerce_single":["https:\/\/elcomercioenlinea.com\/wp-content\/uploads\/2024\/07\/953736-600x800.png",600,800,true],"woocommerce_gallery_thumbnail":["https:\/\/elcomercioenlinea.com\/wp-content\/uploads\/2024\/07\/953736-100x100.png",100,100,true]},"post_excerpt_stackable":"<p>&nbsp; \ud83d\udcb0\ud83d\udcb8LA ALCANC\u00cdA DE STITCH DECORADA CON PIEDRITAS BRILLANTES, ES PERFECTA PARA DECORAR TU ESPACIO Y GUARDAR TUS AHORROS CON ESTILO\u2728\ud83d\udc69\ud83c\udffc\u200d\ud83c\udfa8 &nbsp; INCLUYE: Alcanc\u00eda de stitch: pl\u00e1stico resistente. Medidas: altura 16,5cm x ancho 13,5cm Piedritas decorativas: de diferentes colores y tama\u00f1os para darle un aspecto brillante y atractivo. Silicona l\u00edquida: para fijar las piedritas en su lugar. Pinza: para manejar las piedritas peque\u00f1as con precisi\u00f3n. Bandeja o plato: para organizar y manejar las piedritas mientras trabajas. &nbsp; BENEFICIOS DE CREAR TU PROPIA ALCANC\u00cdA Expresi\u00f3n Personal: Este proyecto te permite expresar tu estilo y creatividad personal, creando una alcanc\u00eda \u00fanica que&hellip;<\/p>\n","category_list":"","author_info":{"name":"","url":""},"comments_num":"0 comentarios","jetpack_sharing_enabled":true,"_links":{"self":[{"href":"https:\/\/elcomercioenlinea.com\/index.php\/wp-json\/wp\/v2\/product\/2604","targetHints":{"allow":["GET"]}}],"collection":[{"href":"https:\/\/elcomercioenlinea.com\/index.php\/wp-json\/wp\/v2\/product"}],"about":[{"href":"https:\/\/elcomercioenlinea.com\/index.php\/wp-json\/wp\/v2\/types\/product"}],"wp:featuredmedia":[{"embeddable":true,"href":"https:\/\/elcomercioenlinea.com\/index.php\/wp-json\/wp\/v2\/media\/2605"}],"wp:attachment":[{"href":"https:\/\/elcomercioenlinea.com\/index.php\/wp-json\/wp\/v2\/media?parent=2604"}],"wp:term":[{"taxonomy":"product_brand","embeddable":true,"href":"https:\/\/elcomercioenlinea.com\/index.php\/wp-json\/wp\/v2\/product_brand?post=2604"},{"taxonomy":"product_cat","embeddable":true,"href":"https:\/\/elcomercioenlinea.com\/index.php\/wp-json\/wp\/v2\/product_cat?post=2604"},{"taxonomy":"product_tag","embeddable":true,"href":"https:\/\/elcomercioenlinea.com\/index.php\/wp-json\/wp\/v2\/product_tag?post=2604"}],"curies":[{"name":"wp","href":"https:\/\/api.w.org\/{rel}","templated":true}]}}