{"id":2610,"date":"2024-07-09T18:07:07","date_gmt":"2024-07-09T23:07:07","guid":{"rendered":"https:\/\/elcomercioenlinea.com\/index.php\/producto\/lampara-reloj-de-astronauta\/"},"modified":"2024-07-17T08:16:27","modified_gmt":"2024-07-17T13:16:27","slug":"lampara-reloj-de-astronauta","status":"publish","type":"product","link":"https:\/\/elcomercioenlinea.com\/index.php\/producto\/lampara-reloj-de-astronauta\/","title":{"rendered":"Lampara + Reloj de astronauta rosa"},"content":{"rendered":"<p>La l\u00e1mpara de astronauta con reloj incorporado es el complemento perfecto para decorar los espacios favoritos de los ni\u00f1os. Con su dise\u00f1o detallado y atractivo de un astronauta en traje espacial, esta l\u00e1mpara no solo proporciona una iluminaci\u00f3n c\u00e1lida y suave, sino que tambi\u00e9n cuenta con un reloj an\u00e1logo con funci\u00f3n de alarma para asegurar que los peque\u00f1os se despierten a tiempo. Ideal para inspirar la imaginaci\u00f3n y fomentar la puntualidad, esta l\u00e1mpara multifuncional a\u00f1ade un toque de aventura y curiosidad a cualquier habitaci\u00f3n infantil.<\/p>\n<p>\/\/\/ La lampara incluye cable para recargar\/\/\/<\/p>\n<p>Ficha T\u00e9cnica:<br \/>\nMaterial de la lampara: PVC libre de BPA<br \/>\nPosee su interruptor de encendido y apagado<br \/>\nAlimentaci\u00f3n : Recargable por medio de cable<br \/>\nColor de Luz : Blanca<br \/>\nAplicaci\u00f3n : Habitaci\u00f3n, uso interior, Decoraci\u00f3n en fiestas y m\u00e1s.<br \/>\nDimensiones : 31 cm x 11.5 cm x 7.5 cm<\/p>\n","protected":false},"excerpt":{"rendered":"<p>La l\u00e1mpara de astronauta con reloj incorporado es el complemento perfecto para decorar los espacios favoritos de los ni\u00f1os. Con su dise\u00f1o detallado y atractivo de un astronauta en traje espacial, esta l\u00e1mpara no solo proporciona una iluminaci\u00f3n c\u00e1lida y suave, sino que tambi\u00e9n cuenta con un reloj an\u00e1logo con funci\u00f3n de alarma para asegurar [&hellip;]<\/p>\n","protected":false},"featured_media":2612,"template":"","meta":[],"product_brand":[],"product_cat":[18],"product_tag":[],"class_list":{"0":"post-2610","1":"product","2":"type-product","3":"status-publish","4":"has-post-thumbnail","6":"product_cat-tecnologia","8":"first","9":"instock","10":"shipping-taxable","11":"purchasable","12":"product-type-simple"},"featured_image_urls":{"full":["https:\/\/elcomercioenlinea.com\/wp-content\/uploads\/2024\/07\/948671.png",1500,1500,false],"thumbnail":["https:\/\/elcomercioenlinea.com\/wp-content\/uploads\/2024\/07\/948671-150x150.png",150,150,true],"medium":["https:\/\/elcomercioenlinea.com\/wp-content\/uploads\/2024\/07\/948671-300x300.png",300,300,true],"medium_large":["https:\/\/elcomercioenlinea.com\/wp-content\/uploads\/2024\/07\/948671-768x768.png",768,768,true],"large":["https:\/\/elcomercioenlinea.com\/wp-content\/uploads\/2024\/07\/948671-1024x1024.png",1024,1024,true],"1536x1536":["https:\/\/elcomercioenlinea.com\/wp-content\/uploads\/2024\/07\/948671.png",1500,1500,false],"2048x2048":["https:\/\/elcomercioenlinea.com\/wp-content\/uploads\/2024\/07\/948671.png",1500,1500,false],"woocommerce_archive_thumbnail":["https:\/\/elcomercioenlinea.com\/wp-content\/uploads\/2024\/07\/948671-300x300.png",300,300,true],"woocommerce_thumbnail":["https:\/\/elcomercioenlinea.com\/wp-content\/uploads\/2024\/07\/948671-300x300.png",300,300,true],"woocommerce_single":["https:\/\/elcomercioenlinea.com\/wp-content\/uploads\/2024\/07\/948671-600x600.png",600,600,true],"woocommerce_gallery_thumbnail":["https:\/\/elcomercioenlinea.com\/wp-content\/uploads\/2024\/07\/948671-100x100.png",100,100,true]},"post_excerpt_stackable":"<p>La l\u00e1mpara de astronauta con reloj incorporado es el complemento perfecto para decorar los espacios favoritos de los ni\u00f1os. Con su dise\u00f1o detallado y atractivo de un astronauta en traje espacial, esta l\u00e1mpara no solo proporciona una iluminaci\u00f3n c\u00e1lida y suave, sino que tambi\u00e9n cuenta con un reloj an\u00e1logo con funci\u00f3n de alarma para asegurar que los peque\u00f1os se despierten a tiempo. Ideal para inspirar la imaginaci\u00f3n y fomentar la puntualidad, esta l\u00e1mpara multifuncional a\u00f1ade un toque de aventura y curiosidad a cualquier habitaci\u00f3n infantil. \/\/\/ La lampara incluye cable para recargar\/\/\/ Ficha T\u00e9cnica: Material de la lampara: PVC libre&hellip;<\/p>\n","category_list":"","author_info":{"name":"","url":""},"comments_num":"0 comentarios","jetpack_sharing_enabled":true,"_links":{"self":[{"href":"https:\/\/elcomercioenlinea.com\/index.php\/wp-json\/wp\/v2\/product\/2610","targetHints":{"allow":["GET"]}}],"collection":[{"href":"https:\/\/elcomercioenlinea.com\/index.php\/wp-json\/wp\/v2\/product"}],"about":[{"href":"https:\/\/elcomercioenlinea.com\/index.php\/wp-json\/wp\/v2\/types\/product"}],"wp:featuredmedia":[{"embeddable":true,"href":"https:\/\/elcomercioenlinea.com\/index.php\/wp-json\/wp\/v2\/media\/2612"}],"wp:attachment":[{"href":"https:\/\/elcomercioenlinea.com\/index.php\/wp-json\/wp\/v2\/media?parent=2610"}],"wp:term":[{"taxonomy":"product_brand","embeddable":true,"href":"https:\/\/elcomercioenlinea.com\/index.php\/wp-json\/wp\/v2\/product_brand?post=2610"},{"taxonomy":"product_cat","embeddable":true,"href":"https:\/\/elcomercioenlinea.com\/index.php\/wp-json\/wp\/v2\/product_cat?post=2610"},{"taxonomy":"product_tag","embeddable":true,"href":"https:\/\/elcomercioenlinea.com\/index.php\/wp-json\/wp\/v2\/product_tag?post=2610"}],"curies":[{"name":"wp","href":"https:\/\/api.w.org\/{rel}","templated":true}]}}