{"id":2658,"date":"2024-07-10T12:34:32","date_gmt":"2024-07-10T17:34:32","guid":{"rendered":"https:\/\/elcomercioenlinea.com\/index.php\/producto\/organizador-ajustable-para-nevera-pack-2\/"},"modified":"2024-07-10T12:39:55","modified_gmt":"2024-07-10T17:39:55","slug":"organizador-ajustable-para-nevera-pack-2","status":"publish","type":"product","link":"https:\/\/elcomercioenlinea.com\/index.php\/producto\/organizador-ajustable-para-nevera-pack-2\/","title":{"rendered":"Organizador Ajustable Para Nevera Pack 2"},"content":{"rendered":"<p>Set de bandejas organizadoras para armarios y neveras<\/p>\n<p>Bandeja organizadora para la nevera. Ideal para organizar los cajones de fruta y verdura y mantenerlos siempre limpios.<\/p>\n<p>&nbsp;<\/p>\n<p>Material: PP<\/p>\n<p>-Dise\u00f1o original y port\u00e1til.<\/p>\n<p>-Tipo: Extensible.<\/p>\n<p>-Longitud ajustable: 20-28 cm.<\/p>\n<p>-Adaptable a multitud de espacios.<\/p>\n<p>-Orificios de ventilaci\u00f3n, visibilidad y filtraci\u00f3n.<\/p>\n<p>&nbsp;<\/p>\n<p>Aprovecha el espacio al m\u00e1ximo<\/p>\n<p>Estas bandejas son ajustables y f\u00e1ciles de adaptar a diferentes espacios. Adem\u00e1s son extensibles y pueden lavarse en lavavajillas. Una forma sencilla y original de almacenaje.<\/p>\n<p>&nbsp;<\/p>\n<p>M\u00e1ximo aprovechamiento del espacio en la nevera<\/p>\n<p>&nbsp;<\/p>\n<p>-Facilita el orden en la nevera<\/p>\n<p>-F\u00e1cil colocaci\u00f3n y extracci\u00f3n<\/p>\n<p>-Uso c\u00f3modo y sencillo<\/p>\n<p>-Ligero y manejable<\/p>\n<p>-F\u00e1cil de transportar y guardar<\/p>\n<p>-El set incluye dos bandejas ajustables ideales para tener siempre limpia y organizada la nevera.<\/p>\n<p>&nbsp;<\/p>\n","protected":false},"excerpt":{"rendered":"<p>Set de bandejas organizadoras para armarios y neveras Bandeja organizadora para la nevera. Ideal para organizar los cajones de fruta y verdura y mantenerlos siempre limpios. &nbsp; Material: PP -Dise\u00f1o original y port\u00e1til. -Tipo: Extensible. -Longitud ajustable: 20-28 cm. -Adaptable a multitud de espacios. -Orificios de ventilaci\u00f3n, visibilidad y filtraci\u00f3n. &nbsp; Aprovecha el espacio al [&hellip;]<\/p>\n","protected":false},"featured_media":2659,"template":"","meta":[],"product_brand":[],"product_cat":[25,17],"product_tag":[],"class_list":{"0":"post-2658","1":"product","2":"type-product","3":"status-publish","4":"has-post-thumbnail","6":"product_cat-cocina","7":"product_cat-hogar","9":"first","10":"instock","11":"shipping-taxable","12":"purchasable","13":"product-type-simple"},"featured_image_urls":{"full":["https:\/\/elcomercioenlinea.com\/wp-content\/uploads\/2024\/07\/608670.png",1095,1000,false],"thumbnail":["https:\/\/elcomercioenlinea.com\/wp-content\/uploads\/2024\/07\/608670-150x150.png",150,150,true],"medium":["https:\/\/elcomercioenlinea.com\/wp-content\/uploads\/2024\/07\/608670-300x274.png",300,274,true],"medium_large":["https:\/\/elcomercioenlinea.com\/wp-content\/uploads\/2024\/07\/608670-768x701.png",768,701,true],"large":["https:\/\/elcomercioenlinea.com\/wp-content\/uploads\/2024\/07\/608670-1024x935.png",1024,935,true],"1536x1536":["https:\/\/elcomercioenlinea.com\/wp-content\/uploads\/2024\/07\/608670.png",1095,1000,false],"2048x2048":["https:\/\/elcomercioenlinea.com\/wp-content\/uploads\/2024\/07\/608670.png",1095,1000,false],"woocommerce_archive_thumbnail":["https:\/\/elcomercioenlinea.com\/wp-content\/uploads\/2024\/07\/608670-300x274.png",300,274,true],"woocommerce_thumbnail":["https:\/\/elcomercioenlinea.com\/wp-content\/uploads\/2024\/07\/608670-300x300.png",300,300,true],"woocommerce_single":["https:\/\/elcomercioenlinea.com\/wp-content\/uploads\/2024\/07\/608670-600x548.png",600,548,true],"woocommerce_gallery_thumbnail":["https:\/\/elcomercioenlinea.com\/wp-content\/uploads\/2024\/07\/608670-100x100.png",100,100,true]},"post_excerpt_stackable":"<p>Set de bandejas organizadoras para armarios y neveras Bandeja organizadora para la nevera. Ideal para organizar los cajones de fruta y verdura y mantenerlos siempre limpios. &nbsp; Material: PP -Dise\u00f1o original y port\u00e1til. -Tipo: Extensible. -Longitud ajustable: 20-28 cm. -Adaptable a multitud de espacios. -Orificios de ventilaci\u00f3n, visibilidad y filtraci\u00f3n. &nbsp; Aprovecha el espacio al m\u00e1ximo Estas bandejas son ajustables y f\u00e1ciles de adaptar a diferentes espacios. Adem\u00e1s son extensibles y pueden lavarse en lavavajillas. Una forma sencilla y original de almacenaje. &nbsp; M\u00e1ximo aprovechamiento del espacio en la nevera &nbsp; -Facilita el orden en la nevera -F\u00e1cil colocaci\u00f3n y&hellip;<\/p>\n","category_list":"","author_info":{"name":"","url":""},"comments_num":"0 comentarios","jetpack_sharing_enabled":true,"_links":{"self":[{"href":"https:\/\/elcomercioenlinea.com\/index.php\/wp-json\/wp\/v2\/product\/2658","targetHints":{"allow":["GET"]}}],"collection":[{"href":"https:\/\/elcomercioenlinea.com\/index.php\/wp-json\/wp\/v2\/product"}],"about":[{"href":"https:\/\/elcomercioenlinea.com\/index.php\/wp-json\/wp\/v2\/types\/product"}],"wp:featuredmedia":[{"embeddable":true,"href":"https:\/\/elcomercioenlinea.com\/index.php\/wp-json\/wp\/v2\/media\/2659"}],"wp:attachment":[{"href":"https:\/\/elcomercioenlinea.com\/index.php\/wp-json\/wp\/v2\/media?parent=2658"}],"wp:term":[{"taxonomy":"product_brand","embeddable":true,"href":"https:\/\/elcomercioenlinea.com\/index.php\/wp-json\/wp\/v2\/product_brand?post=2658"},{"taxonomy":"product_cat","embeddable":true,"href":"https:\/\/elcomercioenlinea.com\/index.php\/wp-json\/wp\/v2\/product_cat?post=2658"},{"taxonomy":"product_tag","embeddable":true,"href":"https:\/\/elcomercioenlinea.com\/index.php\/wp-json\/wp\/v2\/product_tag?post=2658"}],"curies":[{"name":"wp","href":"https:\/\/api.w.org\/{rel}","templated":true}]}}