{"id":2666,"date":"2024-07-10T15:06:10","date_gmt":"2024-07-10T20:06:10","guid":{"rendered":"https:\/\/elcomercioenlinea.com\/index.php\/producto\/smartwatch-t500-pro-serie-6\/"},"modified":"2024-07-10T15:09:36","modified_gmt":"2024-07-10T20:09:36","slug":"smartwatch-t500-pro-serie-6","status":"publish","type":"product","link":"https:\/\/elcomercioenlinea.com\/index.php\/producto\/smartwatch-t500-pro-serie-6\/","title":{"rendered":"Smartwatch T500 Pro Serie 6"},"content":{"rendered":"<p>DESPACHOS INMEDIATOS<\/p>\n<p>Realizamos env\u00edos de los pedidos recogidos hasta las 2:30pm para ser enviados el mismo d\u00eda de lunes a viernes y los d\u00edas s\u00e1bados hasta las 10 am<\/p>\n<p>S\u00e1bados favor informar por WhatsApp 3114671297<\/p>\n<p>Sino queda Reprogramado para el siguiente lunes<\/p>\n<p>&nbsp;<\/p>\n<p>GARANT\u00cdA<\/p>\n<p>&nbsp;<\/p>\n<p>Ofrecemos garant\u00eda por defectos de fabricaci\u00f3n.<\/p>\n<p>Si encuentras un defecto, cont\u00e1ctenos de inmediato.<\/p>\n<p>Evaluaremos su reclamo y le responderemos en 2 d\u00edas h\u00e1biles.<\/p>\n<p>Opciones de resoluci\u00f3n: reparaci\u00f3n gratuita, reemplazo o reembolso.<\/p>\n<p>Exclusiones: mal uso, desgaste normal, modificaciones no autorizadas, fuentes no autorizadas.<\/p>\n<p>Nuestra responsabilidad se limita a la reparaci\u00f3n, reemplazo o reembolso seg\u00fan lo establecido.<\/p>\n<p>\u00bfNecesitas una referencia que no encuentras en nuestro cat\u00e1logo?<\/p>\n<p>Cont\u00e1ctanos nuestra l\u00ednea de atenci\u00f3n: +57 3114671297<\/p>\n<p>&nbsp;<\/p>\n<p>&nbsp;<\/p>\n<p>&nbsp;<\/p>\n<p>ENVIO A NIVEL NACIONAL!!<\/p>\n<p>&nbsp;<\/p>\n<p>Smartwatch T500 Pro SERIE 6<br \/>\n* Perilla multifuncional, pantalla completa.<br \/>\n* Compatible con sistema iOS y Android.<br \/>\n* 8 M\u00faltiples wallpapers animados.<br \/>\n* Colores: Negro,rosa, blanco,azul y verde<br \/>\n* Pantalla full touch de 1.76&#8243; pulgadas.<br \/>\n* Permite personalizar el fondo de pantalla.<br \/>\n* Permite Marcar, Contestary rechazar llamadas desde el reloj.<br \/>\n* Grado de protecci\u00f3n: IP67 vida a prueba de agua (resiste salpicaduras)<br \/>\n* Control de c\u00e1mara.<br \/>\n* Notificaci\u00f3n de mensajes de texto<br \/>\n* Notificaci\u00f3n de mensajes de redes sociales, tales como WhatsApp, FaceBook Messenger, Twitter, Instagram, entre otros).<br \/>\n* Calculadora, Alarma.<br \/>\n* Encuentra el tel\u00e9fono m\u00f3vil, Rastreo anti-p\u00e9rdida.<br \/>\n* Funci\u00f3n MultiSports<br \/>\n* Monitorea: Pasos y Distancia recorridos.<br \/>\n* Monitorea Calor\u00eda quemadas.<br \/>\n* Medici\u00f3n (para fines deportivos): Ritmo cardiaco, presi\u00f3n arterial y oxigenaci\u00f3n en la sangre.<br \/>\n* Control de m\u00fasica, puedes escucharla en tu reloj si deseas, subir\/bajar volumen, adelantar\/retroceder canci\u00f3n).<br \/>\n* INCLUYE :RELOJ CON CORREA +MANUAL +CABLE DE CARGADOR IMANTADO<\/p>\n","protected":false},"excerpt":{"rendered":"<p>DESPACHOS INMEDIATOS Realizamos env\u00edos de los pedidos recogidos hasta las 2:30pm para ser enviados el mismo d\u00eda de lunes a viernes y los d\u00edas s\u00e1bados hasta las 10 am S\u00e1bados favor informar por WhatsApp 3114671297 Sino queda Reprogramado para el siguiente lunes &nbsp; GARANT\u00cdA &nbsp; Ofrecemos garant\u00eda por defectos de fabricaci\u00f3n. Si encuentras un defecto, [&hellip;]<\/p>\n","protected":false},"featured_media":2668,"template":"","meta":[],"product_brand":[],"product_cat":[18],"product_tag":[],"class_list":{"0":"post-2666","1":"product","2":"type-product","3":"status-publish","4":"has-post-thumbnail","6":"product_cat-tecnologia","8":"first","9":"instock","10":"shipping-taxable","11":"purchasable","12":"product-type-simple"},"featured_image_urls":{"full":["https:\/\/elcomercioenlinea.com\/wp-content\/uploads\/2024\/07\/870570.png",658,540,false],"thumbnail":["https:\/\/elcomercioenlinea.com\/wp-content\/uploads\/2024\/07\/870570-150x150.png",150,150,true],"medium":["https:\/\/elcomercioenlinea.com\/wp-content\/uploads\/2024\/07\/870570-300x246.png",300,246,true],"medium_large":["https:\/\/elcomercioenlinea.com\/wp-content\/uploads\/2024\/07\/870570.png",658,540,false],"large":["https:\/\/elcomercioenlinea.com\/wp-content\/uploads\/2024\/07\/870570.png",658,540,false],"1536x1536":["https:\/\/elcomercioenlinea.com\/wp-content\/uploads\/2024\/07\/870570.png",658,540,false],"2048x2048":["https:\/\/elcomercioenlinea.com\/wp-content\/uploads\/2024\/07\/870570.png",658,540,false],"woocommerce_archive_thumbnail":["https:\/\/elcomercioenlinea.com\/wp-content\/uploads\/2024\/07\/870570-300x246.png",300,246,true],"woocommerce_thumbnail":["https:\/\/elcomercioenlinea.com\/wp-content\/uploads\/2024\/07\/870570-300x300.png",300,300,true],"woocommerce_single":["https:\/\/elcomercioenlinea.com\/wp-content\/uploads\/2024\/07\/870570-600x492.png",600,492,true],"woocommerce_gallery_thumbnail":["https:\/\/elcomercioenlinea.com\/wp-content\/uploads\/2024\/07\/870570-100x100.png",100,100,true]},"post_excerpt_stackable":"<p>DESPACHOS INMEDIATOS Realizamos env\u00edos de los pedidos recogidos hasta las 2:30pm para ser enviados el mismo d\u00eda de lunes a viernes y los d\u00edas s\u00e1bados hasta las 10 am S\u00e1bados favor informar por WhatsApp 3114671297 Sino queda Reprogramado para el siguiente lunes &nbsp; GARANT\u00cdA &nbsp; Ofrecemos garant\u00eda por defectos de fabricaci\u00f3n. Si encuentras un defecto, cont\u00e1ctenos de inmediato. Evaluaremos su reclamo y le responderemos en 2 d\u00edas h\u00e1biles. Opciones de resoluci\u00f3n: reparaci\u00f3n gratuita, reemplazo o reembolso. Exclusiones: mal uso, desgaste normal, modificaciones no autorizadas, fuentes no autorizadas. Nuestra responsabilidad se limita a la reparaci\u00f3n, reemplazo o reembolso seg\u00fan lo establecido.&hellip;<\/p>\n","category_list":"","author_info":{"name":"","url":""},"comments_num":"0 comentarios","jetpack_sharing_enabled":true,"_links":{"self":[{"href":"https:\/\/elcomercioenlinea.com\/index.php\/wp-json\/wp\/v2\/product\/2666","targetHints":{"allow":["GET"]}}],"collection":[{"href":"https:\/\/elcomercioenlinea.com\/index.php\/wp-json\/wp\/v2\/product"}],"about":[{"href":"https:\/\/elcomercioenlinea.com\/index.php\/wp-json\/wp\/v2\/types\/product"}],"wp:featuredmedia":[{"embeddable":true,"href":"https:\/\/elcomercioenlinea.com\/index.php\/wp-json\/wp\/v2\/media\/2668"}],"wp:attachment":[{"href":"https:\/\/elcomercioenlinea.com\/index.php\/wp-json\/wp\/v2\/media?parent=2666"}],"wp:term":[{"taxonomy":"product_brand","embeddable":true,"href":"https:\/\/elcomercioenlinea.com\/index.php\/wp-json\/wp\/v2\/product_brand?post=2666"},{"taxonomy":"product_cat","embeddable":true,"href":"https:\/\/elcomercioenlinea.com\/index.php\/wp-json\/wp\/v2\/product_cat?post=2666"},{"taxonomy":"product_tag","embeddable":true,"href":"https:\/\/elcomercioenlinea.com\/index.php\/wp-json\/wp\/v2\/product_tag?post=2666"}],"curies":[{"name":"wp","href":"https:\/\/api.w.org\/{rel}","templated":true}]}}