{"id":2679,"date":"2024-07-10T15:38:02","date_gmt":"2024-07-10T20:38:02","guid":{"rendered":"https:\/\/elcomercioenlinea.com\/index.php\/producto\/mouse-weibo-inalambrico-optico-receptor\/"},"modified":"2024-07-17T08:25:29","modified_gmt":"2024-07-17T13:25:29","slug":"mouse-weibo-inalambrico-optico-receptor","status":"publish","type":"product","link":"https:\/\/elcomercioenlinea.com\/index.php\/producto\/mouse-weibo-inalambrico-optico-receptor\/","title":{"rendered":"Mouse Weibo Inal\u00e1mbrico \u00d3ptico Receptor"},"content":{"rendered":"<p>CARACTER\u00cdSTICAS:<br \/>\n-Sensor \u00d3ptico<br \/>\n-Resoluci\u00f3n din\u00e1mica hasta 1600 dpi<br \/>\n-Compatible Windows, Mac<br \/>\n-Receptor inal\u00e1mbrico usb 2.0<br \/>\n-Utiliza dos pilas AAA (No incluidas)<br \/>\n-Medidas aproximadas: 10.5 x 6.5 x 4 cm<\/p>\n<p>TE ENTREGAMOS:<br \/>\n1-Mouse Port\u00e1til Weibo Inal\u00e1mbrico \u00d3ptico Receptor Usb Scroll<br \/>\n1-Receptor usb<\/p>\n","protected":false},"excerpt":{"rendered":"<p>CARACTER\u00cdSTICAS: -Sensor \u00d3ptico -Resoluci\u00f3n din\u00e1mica hasta 1600 dpi -Compatible Windows, Mac -Receptor inal\u00e1mbrico usb 2.0 -Utiliza dos pilas AAA (No incluidas) -Medidas aproximadas: 10.5 x 6.5 x 4 cm TE ENTREGAMOS: 1-Mouse Port\u00e1til Weibo Inal\u00e1mbrico \u00d3ptico Receptor Usb Scroll 1-Receptor usb<\/p>\n","protected":false},"featured_media":2682,"template":"","meta":[],"product_brand":[],"product_cat":[18],"product_tag":[],"class_list":{"0":"post-2679","1":"product","2":"type-product","3":"status-publish","4":"has-post-thumbnail","6":"product_cat-tecnologia","8":"first","9":"instock","10":"sale","11":"shipping-taxable","12":"purchasable","13":"product-type-simple"},"featured_image_urls":{"full":["https:\/\/elcomercioenlinea.com\/wp-content\/uploads\/2024\/07\/168276.png",884,977,false],"thumbnail":["https:\/\/elcomercioenlinea.com\/wp-content\/uploads\/2024\/07\/168276-150x150.png",150,150,true],"medium":["https:\/\/elcomercioenlinea.com\/wp-content\/uploads\/2024\/07\/168276-271x300.png",271,300,true],"medium_large":["https:\/\/elcomercioenlinea.com\/wp-content\/uploads\/2024\/07\/168276-768x849.png",768,849,true],"large":["https:\/\/elcomercioenlinea.com\/wp-content\/uploads\/2024\/07\/168276.png",884,977,false],"1536x1536":["https:\/\/elcomercioenlinea.com\/wp-content\/uploads\/2024\/07\/168276.png",884,977,false],"2048x2048":["https:\/\/elcomercioenlinea.com\/wp-content\/uploads\/2024\/07\/168276.png",884,977,false],"woocommerce_archive_thumbnail":["https:\/\/elcomercioenlinea.com\/wp-content\/uploads\/2024\/07\/168276-300x332.png",300,332,true],"woocommerce_thumbnail":["https:\/\/elcomercioenlinea.com\/wp-content\/uploads\/2024\/07\/168276-300x300.png",300,300,true],"woocommerce_single":["https:\/\/elcomercioenlinea.com\/wp-content\/uploads\/2024\/07\/168276-600x663.png",600,663,true],"woocommerce_gallery_thumbnail":["https:\/\/elcomercioenlinea.com\/wp-content\/uploads\/2024\/07\/168276-100x100.png",100,100,true]},"post_excerpt_stackable":"<p>CARACTER\u00cdSTICAS: -Sensor \u00d3ptico -Resoluci\u00f3n din\u00e1mica hasta 1600 dpi -Compatible Windows, Mac -Receptor inal\u00e1mbrico usb 2.0 -Utiliza dos pilas AAA (No incluidas) -Medidas aproximadas: 10.5 x 6.5 x 4 cm TE ENTREGAMOS: 1-Mouse Port\u00e1til Weibo Inal\u00e1mbrico \u00d3ptico Receptor Usb Scroll 1-Receptor usb<\/p>\n","category_list":"","author_info":{"name":"","url":""},"comments_num":"0 comentarios","jetpack_sharing_enabled":true,"_links":{"self":[{"href":"https:\/\/elcomercioenlinea.com\/index.php\/wp-json\/wp\/v2\/product\/2679","targetHints":{"allow":["GET"]}}],"collection":[{"href":"https:\/\/elcomercioenlinea.com\/index.php\/wp-json\/wp\/v2\/product"}],"about":[{"href":"https:\/\/elcomercioenlinea.com\/index.php\/wp-json\/wp\/v2\/types\/product"}],"wp:featuredmedia":[{"embeddable":true,"href":"https:\/\/elcomercioenlinea.com\/index.php\/wp-json\/wp\/v2\/media\/2682"}],"wp:attachment":[{"href":"https:\/\/elcomercioenlinea.com\/index.php\/wp-json\/wp\/v2\/media?parent=2679"}],"wp:term":[{"taxonomy":"product_brand","embeddable":true,"href":"https:\/\/elcomercioenlinea.com\/index.php\/wp-json\/wp\/v2\/product_brand?post=2679"},{"taxonomy":"product_cat","embeddable":true,"href":"https:\/\/elcomercioenlinea.com\/index.php\/wp-json\/wp\/v2\/product_cat?post=2679"},{"taxonomy":"product_tag","embeddable":true,"href":"https:\/\/elcomercioenlinea.com\/index.php\/wp-json\/wp\/v2\/product_tag?post=2679"}],"curies":[{"name":"wp","href":"https:\/\/api.w.org\/{rel}","templated":true}]}}