{"id":2716,"date":"2024-07-10T18:49:32","date_gmt":"2024-07-10T23:49:32","guid":{"rendered":"https:\/\/elcomercioenlinea.com\/index.php\/producto\/ventiladores-de-mano\/"},"modified":"2024-11-28T21:54:03","modified_gmt":"2024-11-29T02:54:03","slug":"ventiladores-de-mano","status":"publish","type":"product","link":"https:\/\/elcomercioenlinea.com\/index.php\/producto\/ventiladores-de-mano\/","title":{"rendered":"VENTILADORES DE MANO"},"content":{"rendered":"<p>Se puede utilizar como ventilador de mano o un ventilador de escritorio para satisfacer tus diferentes necesidades con un dise\u00f1o fresco, puedes ponerlo o en diagonal sobre la mesa, tambi\u00e9n es ideal para oficina y hogar., Verano para todos: puedes ponerlo en tu bolsa, llevarlo contigo en todo el verano, como esperar en l\u00ednea, viajes, festivales musicales, juegos de f\u00fatbol y otros deportes al aire libre, tambi\u00e9n ideal para la oficina en casa.<\/p>\n","protected":false},"excerpt":{"rendered":"<p>Se puede utilizar como ventilador de mano o un ventilador de escritorio para satisfacer tus diferentes necesidades con un dise\u00f1o fresco, puedes ponerlo o en diagonal sobre la mesa, tambi\u00e9n es ideal para oficina y hogar., Verano para todos: puedes ponerlo en tu bolsa, llevarlo contigo en todo el verano, como esperar en l\u00ednea, viajes, [&hellip;]<\/p>\n","protected":false},"featured_media":2717,"template":"","meta":[],"product_brand":[],"product_cat":[109,18],"product_tag":[],"class_list":{"0":"post-2716","1":"product","2":"type-product","3":"status-publish","4":"has-post-thumbnail","6":"product_cat-salud-y-bienestar","7":"product_cat-tecnologia","9":"first","10":"instock","11":"sale","12":"shipping-taxable","13":"purchasable","14":"product-type-simple"},"featured_image_urls":{"full":["https:\/\/elcomercioenlinea.com\/wp-content\/uploads\/2024\/07\/713241.png",800,800,false],"thumbnail":["https:\/\/elcomercioenlinea.com\/wp-content\/uploads\/2024\/07\/713241-150x150.png",150,150,true],"medium":["https:\/\/elcomercioenlinea.com\/wp-content\/uploads\/2024\/07\/713241-300x300.png",300,300,true],"medium_large":["https:\/\/elcomercioenlinea.com\/wp-content\/uploads\/2024\/07\/713241-768x768.png",768,768,true],"large":["https:\/\/elcomercioenlinea.com\/wp-content\/uploads\/2024\/07\/713241.png",800,800,false],"1536x1536":["https:\/\/elcomercioenlinea.com\/wp-content\/uploads\/2024\/07\/713241.png",800,800,false],"2048x2048":["https:\/\/elcomercioenlinea.com\/wp-content\/uploads\/2024\/07\/713241.png",800,800,false],"woocommerce_archive_thumbnail":["https:\/\/elcomercioenlinea.com\/wp-content\/uploads\/2024\/07\/713241-300x300.png",300,300,true],"woocommerce_thumbnail":["https:\/\/elcomercioenlinea.com\/wp-content\/uploads\/2024\/07\/713241-300x300.png",300,300,true],"woocommerce_single":["https:\/\/elcomercioenlinea.com\/wp-content\/uploads\/2024\/07\/713241-600x600.png",600,600,true],"woocommerce_gallery_thumbnail":["https:\/\/elcomercioenlinea.com\/wp-content\/uploads\/2024\/07\/713241-100x100.png",100,100,true]},"post_excerpt_stackable":"<p>Se puede utilizar como ventilador de mano o un ventilador de escritorio para satisfacer tus diferentes necesidades con un dise\u00f1o fresco, puedes ponerlo o en diagonal sobre la mesa, tambi\u00e9n es ideal para oficina y hogar., Verano para todos: puedes ponerlo en tu bolsa, llevarlo contigo en todo el verano, como esperar en l\u00ednea, viajes, festivales musicales, juegos de f\u00fatbol y otros deportes al aire libre, tambi\u00e9n ideal para la oficina en casa.<\/p>\n","category_list":"","author_info":{"name":"","url":""},"comments_num":"0 comentarios","jetpack_sharing_enabled":true,"_links":{"self":[{"href":"https:\/\/elcomercioenlinea.com\/index.php\/wp-json\/wp\/v2\/product\/2716","targetHints":{"allow":["GET"]}}],"collection":[{"href":"https:\/\/elcomercioenlinea.com\/index.php\/wp-json\/wp\/v2\/product"}],"about":[{"href":"https:\/\/elcomercioenlinea.com\/index.php\/wp-json\/wp\/v2\/types\/product"}],"wp:featuredmedia":[{"embeddable":true,"href":"https:\/\/elcomercioenlinea.com\/index.php\/wp-json\/wp\/v2\/media\/2717"}],"wp:attachment":[{"href":"https:\/\/elcomercioenlinea.com\/index.php\/wp-json\/wp\/v2\/media?parent=2716"}],"wp:term":[{"taxonomy":"product_brand","embeddable":true,"href":"https:\/\/elcomercioenlinea.com\/index.php\/wp-json\/wp\/v2\/product_brand?post=2716"},{"taxonomy":"product_cat","embeddable":true,"href":"https:\/\/elcomercioenlinea.com\/index.php\/wp-json\/wp\/v2\/product_cat?post=2716"},{"taxonomy":"product_tag","embeddable":true,"href":"https:\/\/elcomercioenlinea.com\/index.php\/wp-json\/wp\/v2\/product_tag?post=2716"}],"curies":[{"name":"wp","href":"https:\/\/api.w.org\/{rel}","templated":true}]}}