{"id":2745,"date":"2024-07-11T09:25:50","date_gmt":"2024-07-11T14:25:50","guid":{"rendered":"https:\/\/elcomercioenlinea.com\/index.php\/producto\/inmovilizador-de-hombros\/"},"modified":"2024-07-11T10:11:36","modified_gmt":"2024-07-11T15:11:36","slug":"inmovilizador-de-hombros","status":"publish","type":"product","link":"https:\/\/elcomercioenlinea.com\/index.php\/producto\/inmovilizador-de-hombros\/","title":{"rendered":"INMOVILIZADOR DE HOMBROS"},"content":{"rendered":"<p>**Inmovilizador de Hombro de Alta Calidad**<\/p>\n<p>Nuestro inmovilizador de hombro est\u00e1 dise\u00f1ado para proporcionar una sujeci\u00f3n y estabilidad \u00f3ptimas. Fabricado con materiales de primera calidad, ofrece una comodidad superior y un ajuste seguro. Ideal para la recuperaci\u00f3n de lesiones, cirug\u00edas o para el alivio de dolores cr\u00f3nicos, este inmovilizador ayuda a mantener el hombro en la posici\u00f3n correcta, facilitando una recuperaci\u00f3n m\u00e1s r\u00e1pida y efectiva. Ajustable y f\u00e1cil de usar, es perfecto tanto para uso dom\u00e9stico como cl\u00ednico. Conf\u00eda en nuestro inmovilizador de hombro para una rehabilitaci\u00f3n eficaz y c\u00f3moda.<\/p>\n","protected":false},"excerpt":{"rendered":"<p>**Inmovilizador de Hombro de Alta Calidad** Nuestro inmovilizador de hombro est\u00e1 dise\u00f1ado para proporcionar una sujeci\u00f3n y estabilidad \u00f3ptimas. Fabricado con materiales de primera calidad, ofrece una comodidad superior y un ajuste seguro. Ideal para la recuperaci\u00f3n de lesiones, cirug\u00edas o para el alivio de dolores cr\u00f3nicos, este inmovilizador ayuda a mantener el hombro en [&hellip;]<\/p>\n","protected":false},"featured_media":2747,"template":"","meta":[],"product_brand":[],"product_cat":[49],"product_tag":[],"class_list":{"0":"post-2745","1":"product","2":"type-product","3":"status-publish","4":"has-post-thumbnail","6":"product_cat-salud","8":"first","9":"instock","10":"shipping-taxable","11":"purchasable","12":"product-type-simple"},"featured_image_urls":{"full":["https:\/\/elcomercioenlinea.com\/wp-content\/uploads\/2024\/07\/731927.png",960,1280,false],"thumbnail":["https:\/\/elcomercioenlinea.com\/wp-content\/uploads\/2024\/07\/731927-150x150.png",150,150,true],"medium":["https:\/\/elcomercioenlinea.com\/wp-content\/uploads\/2024\/07\/731927-225x300.png",225,300,true],"medium_large":["https:\/\/elcomercioenlinea.com\/wp-content\/uploads\/2024\/07\/731927-768x1024.png",768,1024,true],"large":["https:\/\/elcomercioenlinea.com\/wp-content\/uploads\/2024\/07\/731927-768x1024.png",768,1024,true],"1536x1536":["https:\/\/elcomercioenlinea.com\/wp-content\/uploads\/2024\/07\/731927.png",960,1280,false],"2048x2048":["https:\/\/elcomercioenlinea.com\/wp-content\/uploads\/2024\/07\/731927.png",960,1280,false],"woocommerce_archive_thumbnail":["https:\/\/elcomercioenlinea.com\/wp-content\/uploads\/2024\/07\/731927-300x400.png",300,400,true],"woocommerce_thumbnail":["https:\/\/elcomercioenlinea.com\/wp-content\/uploads\/2024\/07\/731927-300x300.png",300,300,true],"woocommerce_single":["https:\/\/elcomercioenlinea.com\/wp-content\/uploads\/2024\/07\/731927-600x800.png",600,800,true],"woocommerce_gallery_thumbnail":["https:\/\/elcomercioenlinea.com\/wp-content\/uploads\/2024\/07\/731927-100x100.png",100,100,true]},"post_excerpt_stackable":"<p>**Inmovilizador de Hombro de Alta Calidad** Nuestro inmovilizador de hombro est\u00e1 dise\u00f1ado para proporcionar una sujeci\u00f3n y estabilidad \u00f3ptimas. Fabricado con materiales de primera calidad, ofrece una comodidad superior y un ajuste seguro. Ideal para la recuperaci\u00f3n de lesiones, cirug\u00edas o para el alivio de dolores cr\u00f3nicos, este inmovilizador ayuda a mantener el hombro en la posici\u00f3n correcta, facilitando una recuperaci\u00f3n m\u00e1s r\u00e1pida y efectiva. Ajustable y f\u00e1cil de usar, es perfecto tanto para uso dom\u00e9stico como cl\u00ednico. Conf\u00eda en nuestro inmovilizador de hombro para una rehabilitaci\u00f3n eficaz y c\u00f3moda.<\/p>\n","category_list":"","author_info":{"name":"","url":""},"comments_num":"0 comentarios","jetpack_sharing_enabled":true,"_links":{"self":[{"href":"https:\/\/elcomercioenlinea.com\/index.php\/wp-json\/wp\/v2\/product\/2745","targetHints":{"allow":["GET"]}}],"collection":[{"href":"https:\/\/elcomercioenlinea.com\/index.php\/wp-json\/wp\/v2\/product"}],"about":[{"href":"https:\/\/elcomercioenlinea.com\/index.php\/wp-json\/wp\/v2\/types\/product"}],"wp:featuredmedia":[{"embeddable":true,"href":"https:\/\/elcomercioenlinea.com\/index.php\/wp-json\/wp\/v2\/media\/2747"}],"wp:attachment":[{"href":"https:\/\/elcomercioenlinea.com\/index.php\/wp-json\/wp\/v2\/media?parent=2745"}],"wp:term":[{"taxonomy":"product_brand","embeddable":true,"href":"https:\/\/elcomercioenlinea.com\/index.php\/wp-json\/wp\/v2\/product_brand?post=2745"},{"taxonomy":"product_cat","embeddable":true,"href":"https:\/\/elcomercioenlinea.com\/index.php\/wp-json\/wp\/v2\/product_cat?post=2745"},{"taxonomy":"product_tag","embeddable":true,"href":"https:\/\/elcomercioenlinea.com\/index.php\/wp-json\/wp\/v2\/product_tag?post=2745"}],"curies":[{"name":"wp","href":"https:\/\/api.w.org\/{rel}","templated":true}]}}