{"id":2751,"date":"2024-07-11T10:25:30","date_gmt":"2024-07-11T15:25:30","guid":{"rendered":"https:\/\/elcomercioenlinea.com\/index.php\/producto\/soporte-para-toallas\/"},"modified":"2024-07-11T10:27:30","modified_gmt":"2024-07-11T15:27:30","slug":"soporte-para-toallas","status":"publish","type":"product","link":"https:\/\/elcomercioenlinea.com\/index.php\/producto\/soporte-para-toallas\/","title":{"rendered":"soporte para toallas"},"content":{"rendered":"<p>Este duradero y resistente soporte para toallas con ventosa es un soporte giratorio f\u00e1cil de montar. \u00daselo en la cocina o el ba\u00f1o. Se puede montar en azulejos, vidrio, acero inoxidable y m\u00e1s. F\u00e1cil de montar. Simplemente limpie la superficie, coloque la rejilla, elimine el exceso de aire y estar\u00e1 listo para usarlo.<\/p>\n<p>Caracter\u00edsticas:<\/p>\n<ul>\n<li>F\u00e1cil de instalar, sin punzonado, sin da\u00f1os en la pared<\/li>\n<li>Postes giratorios, secado en la posici\u00f3n equivocada<\/li>\n<li>Acero inoxidable resistente + material ABS para mayor durabilidad<\/li>\n<li>Adecuado para uso en comercial, familia, bar, etc.<\/li>\n<li>Dise\u00f1o elegante que a\u00f1ade una sensaci\u00f3n de estilo al entorno del hogar<\/li>\n<\/ul>\n<p>&nbsp;<\/p>\n<p>Material: acero inoxidable<\/p>\n<p>Longitud total: 30,5 cm<\/p>\n","protected":false},"excerpt":{"rendered":"<p>Este duradero y resistente soporte para toallas con ventosa es un soporte giratorio f\u00e1cil de montar. \u00daselo en la cocina o el ba\u00f1o. Se puede montar en azulejos, vidrio, acero inoxidable y m\u00e1s. F\u00e1cil de montar. Simplemente limpie la superficie, coloque la rejilla, elimine el exceso de aire y estar\u00e1 listo para usarlo. Caracter\u00edsticas: F\u00e1cil [&hellip;]<\/p>\n","protected":false},"featured_media":2752,"template":"","meta":[],"product_brand":[],"product_cat":[17],"product_tag":[],"class_list":{"0":"post-2751","1":"product","2":"type-product","3":"status-publish","4":"has-post-thumbnail","6":"product_cat-hogar","8":"first","9":"instock","10":"shipping-taxable","11":"purchasable","12":"product-type-simple"},"featured_image_urls":{"full":["https:\/\/elcomercioenlinea.com\/wp-content\/uploads\/2024\/07\/149610.png",450,450,false],"thumbnail":["https:\/\/elcomercioenlinea.com\/wp-content\/uploads\/2024\/07\/149610-150x150.png",150,150,true],"medium":["https:\/\/elcomercioenlinea.com\/wp-content\/uploads\/2024\/07\/149610-300x300.png",300,300,true],"medium_large":["https:\/\/elcomercioenlinea.com\/wp-content\/uploads\/2024\/07\/149610.png",450,450,false],"large":["https:\/\/elcomercioenlinea.com\/wp-content\/uploads\/2024\/07\/149610.png",450,450,false],"1536x1536":["https:\/\/elcomercioenlinea.com\/wp-content\/uploads\/2024\/07\/149610.png",450,450,false],"2048x2048":["https:\/\/elcomercioenlinea.com\/wp-content\/uploads\/2024\/07\/149610.png",450,450,false],"woocommerce_archive_thumbnail":["https:\/\/elcomercioenlinea.com\/wp-content\/uploads\/2024\/07\/149610-300x300.png",300,300,true],"woocommerce_thumbnail":["https:\/\/elcomercioenlinea.com\/wp-content\/uploads\/2024\/07\/149610-300x300.png",300,300,true],"woocommerce_single":["https:\/\/elcomercioenlinea.com\/wp-content\/uploads\/2024\/07\/149610.png",450,450,false],"woocommerce_gallery_thumbnail":["https:\/\/elcomercioenlinea.com\/wp-content\/uploads\/2024\/07\/149610-100x100.png",100,100,true]},"post_excerpt_stackable":"<p>Este duradero y resistente soporte para toallas con ventosa es un soporte giratorio f\u00e1cil de montar. \u00daselo en la cocina o el ba\u00f1o. Se puede montar en azulejos, vidrio, acero inoxidable y m\u00e1s. F\u00e1cil de montar. Simplemente limpie la superficie, coloque la rejilla, elimine el exceso de aire y estar\u00e1 listo para usarlo. Caracter\u00edsticas: F\u00e1cil de instalar, sin punzonado, sin da\u00f1os en la pared Postes giratorios, secado en la posici\u00f3n equivocada Acero inoxidable resistente + material ABS para mayor durabilidad Adecuado para uso en comercial, familia, bar, etc. Dise\u00f1o elegante que a\u00f1ade una sensaci\u00f3n de estilo al entorno del hogar&hellip;<\/p>\n","category_list":"","author_info":{"name":"","url":""},"comments_num":"0 comentarios","jetpack_sharing_enabled":true,"_links":{"self":[{"href":"https:\/\/elcomercioenlinea.com\/index.php\/wp-json\/wp\/v2\/product\/2751","targetHints":{"allow":["GET"]}}],"collection":[{"href":"https:\/\/elcomercioenlinea.com\/index.php\/wp-json\/wp\/v2\/product"}],"about":[{"href":"https:\/\/elcomercioenlinea.com\/index.php\/wp-json\/wp\/v2\/types\/product"}],"wp:featuredmedia":[{"embeddable":true,"href":"https:\/\/elcomercioenlinea.com\/index.php\/wp-json\/wp\/v2\/media\/2752"}],"wp:attachment":[{"href":"https:\/\/elcomercioenlinea.com\/index.php\/wp-json\/wp\/v2\/media?parent=2751"}],"wp:term":[{"taxonomy":"product_brand","embeddable":true,"href":"https:\/\/elcomercioenlinea.com\/index.php\/wp-json\/wp\/v2\/product_brand?post=2751"},{"taxonomy":"product_cat","embeddable":true,"href":"https:\/\/elcomercioenlinea.com\/index.php\/wp-json\/wp\/v2\/product_cat?post=2751"},{"taxonomy":"product_tag","embeddable":true,"href":"https:\/\/elcomercioenlinea.com\/index.php\/wp-json\/wp\/v2\/product_tag?post=2751"}],"curies":[{"name":"wp","href":"https:\/\/api.w.org\/{rel}","templated":true}]}}