{"id":2835,"date":"2024-07-11T13:17:58","date_gmt":"2024-07-11T18:17:58","guid":{"rendered":"https:\/\/elcomercioenlinea.com\/index.php\/producto\/organizador-x2-para-asiento\/"},"modified":"2024-07-11T13:20:01","modified_gmt":"2024-07-11T18:20:01","slug":"organizador-x2-para-asiento","status":"publish","type":"product","link":"https:\/\/elcomercioenlinea.com\/index.php\/producto\/organizador-x2-para-asiento\/","title":{"rendered":"Organizador x2 Para Asientos"},"content":{"rendered":"<p>Deja el caos en tu carro y evita que tus hijos ensucien las sillas. Con este pr\u00e1ctico organizador ya no estar\u00e1n volando juguetes, pa\u00f1itos h\u00famedos, teteros ni otras cosas.<\/p>\n<ul>\n<li><strong>Material:<\/strong> Poli\u00e9ster<\/li>\n<li><strong>Tama\u00f1o Aprox. Producto:<\/strong> 57.5 x 36.5 x 5\u00a0 cm<\/li>\n<li><strong>Tama\u00f1o Empaque:<\/strong> 6 x 21 x 15 cm<\/li>\n<li><strong>Peso:<\/strong> 260g.<\/li>\n<li>Protege tus asientos del desgaste evitando ara\u00f1azos, huellas sucias, manchas, marcas de rozaduras, barro, suciedad, etc. Aseg\u00farate de que tus asientos traseros duren a\u00f1os conservando el valor de tus veh\u00edculos.<\/li>\n<li>Este organizador trasero de autom\u00f3vil est\u00e1 provisto de 2 correas ajustables para que el protector est\u00e9 correctamente sujeto a la mayor\u00eda de los asientos del autom\u00f3vil. Se pueden instalar y quitar en segundos<\/li>\n<li>8 bolsillos de almacenamiento para guardar bocadillos, bebidas, botellas, libros, revistas, tabletas, bol\u00edgrafos, llaves, mu\u00f1ecos de peluche, casi todo para viajes largos por carretera y elementos esenciales de la rutina diaria.<\/li>\n<li><strong>Contenido del paquete:<\/strong><\/li>\n<li>2 Organizador Asiento Trasero<\/li>\n<li><strong>100 % Nuevo.<\/strong><\/li>\n<\/ul>\n","protected":false},"excerpt":{"rendered":"<p>Deja el caos en tu carro y evita que tus hijos ensucien las sillas. Con este pr\u00e1ctico organizador ya no estar\u00e1n volando juguetes, pa\u00f1itos h\u00famedos, teteros ni otras cosas. Material: Poli\u00e9ster Tama\u00f1o Aprox. Producto: 57.5 x 36.5 x 5\u00a0 cm Tama\u00f1o Empaque: 6 x 21 x 15 cm Peso: 260g. Protege tus asientos del desgaste [&hellip;]<\/p>\n","protected":false},"featured_media":2841,"template":"","meta":[],"product_brand":[],"product_cat":[18,19],"product_tag":[],"class_list":{"0":"post-2835","1":"product","2":"type-product","3":"status-publish","4":"has-post-thumbnail","6":"product_cat-tecnologia","7":"product_cat-vehiculos","9":"first","10":"instock","11":"shipping-taxable","12":"purchasable","13":"product-type-simple"},"featured_image_urls":{"full":["https:\/\/elcomercioenlinea.com\/wp-content\/uploads\/2024\/07\/735549.png",1200,1200,false],"thumbnail":["https:\/\/elcomercioenlinea.com\/wp-content\/uploads\/2024\/07\/735549-150x150.png",150,150,true],"medium":["https:\/\/elcomercioenlinea.com\/wp-content\/uploads\/2024\/07\/735549-300x300.png",300,300,true],"medium_large":["https:\/\/elcomercioenlinea.com\/wp-content\/uploads\/2024\/07\/735549-768x768.png",768,768,true],"large":["https:\/\/elcomercioenlinea.com\/wp-content\/uploads\/2024\/07\/735549-1024x1024.png",1024,1024,true],"1536x1536":["https:\/\/elcomercioenlinea.com\/wp-content\/uploads\/2024\/07\/735549.png",1200,1200,false],"2048x2048":["https:\/\/elcomercioenlinea.com\/wp-content\/uploads\/2024\/07\/735549.png",1200,1200,false],"woocommerce_archive_thumbnail":["https:\/\/elcomercioenlinea.com\/wp-content\/uploads\/2024\/07\/735549-300x300.png",300,300,true],"woocommerce_thumbnail":["https:\/\/elcomercioenlinea.com\/wp-content\/uploads\/2024\/07\/735549-300x300.png",300,300,true],"woocommerce_single":["https:\/\/elcomercioenlinea.com\/wp-content\/uploads\/2024\/07\/735549-600x600.png",600,600,true],"woocommerce_gallery_thumbnail":["https:\/\/elcomercioenlinea.com\/wp-content\/uploads\/2024\/07\/735549-100x100.png",100,100,true]},"post_excerpt_stackable":"<p>Deja el caos en tu carro y evita que tus hijos ensucien las sillas. Con este pr\u00e1ctico organizador ya no estar\u00e1n volando juguetes, pa\u00f1itos h\u00famedos, teteros ni otras cosas. Material: Poli\u00e9ster Tama\u00f1o Aprox. Producto: 57.5 x 36.5 x 5\u00a0 cm Tama\u00f1o Empaque: 6 x 21 x 15 cm Peso: 260g. Protege tus asientos del desgaste evitando ara\u00f1azos, huellas sucias, manchas, marcas de rozaduras, barro, suciedad, etc. Aseg\u00farate de que tus asientos traseros duren a\u00f1os conservando el valor de tus veh\u00edculos. Este organizador trasero de autom\u00f3vil est\u00e1 provisto de 2 correas ajustables para que el protector est\u00e9 correctamente sujeto a la&hellip;<\/p>\n","category_list":"","author_info":{"name":"","url":""},"comments_num":"0 comentarios","jetpack_sharing_enabled":true,"_links":{"self":[{"href":"https:\/\/elcomercioenlinea.com\/index.php\/wp-json\/wp\/v2\/product\/2835","targetHints":{"allow":["GET"]}}],"collection":[{"href":"https:\/\/elcomercioenlinea.com\/index.php\/wp-json\/wp\/v2\/product"}],"about":[{"href":"https:\/\/elcomercioenlinea.com\/index.php\/wp-json\/wp\/v2\/types\/product"}],"wp:featuredmedia":[{"embeddable":true,"href":"https:\/\/elcomercioenlinea.com\/index.php\/wp-json\/wp\/v2\/media\/2841"}],"wp:attachment":[{"href":"https:\/\/elcomercioenlinea.com\/index.php\/wp-json\/wp\/v2\/media?parent=2835"}],"wp:term":[{"taxonomy":"product_brand","embeddable":true,"href":"https:\/\/elcomercioenlinea.com\/index.php\/wp-json\/wp\/v2\/product_brand?post=2835"},{"taxonomy":"product_cat","embeddable":true,"href":"https:\/\/elcomercioenlinea.com\/index.php\/wp-json\/wp\/v2\/product_cat?post=2835"},{"taxonomy":"product_tag","embeddable":true,"href":"https:\/\/elcomercioenlinea.com\/index.php\/wp-json\/wp\/v2\/product_tag?post=2835"}],"curies":[{"name":"wp","href":"https:\/\/api.w.org\/{rel}","templated":true}]}}