{"id":2901,"date":"2024-07-11T14:14:24","date_gmt":"2024-07-11T19:14:24","guid":{"rendered":"https:\/\/elcomercioenlinea.com\/index.php\/producto\/extractor-de-puntos-negros-y-espinillas\/"},"modified":"2024-07-17T10:00:12","modified_gmt":"2024-07-17T15:00:12","slug":"extractor-de-puntos-negros-y-espinillas","status":"publish","type":"product","link":"https:\/\/elcomercioenlinea.com\/index.php\/producto\/extractor-de-puntos-negros-y-espinillas\/","title":{"rendered":"Extractor De Puntos Negros Y Espinillas"},"content":{"rendered":"<p>XN-8030 m\u00e1quina de succi\u00f3n fuerte Limpiador de poros aspirador de succi\u00f3n<\/p>\n<p>La potencia de succi\u00f3n es m\u00e1s grande que el tradicional m\u00e1quina de succi\u00f3n de la espinilla.<\/p>\n<p>Cuatro niveles, adecuado para diferentes partes de la piel<\/p>\n<p>Cuatro cabezales de succi\u00f3n, ajuste para diferentes funciones y la piel<\/p>\n<p>Con la luz en la cabeza de la m\u00e1quina, f\u00e1cil para que usted pueda ver claramente su piel<\/p>\n<p>With mineral microcristalina sonda, quite cachonda y muertas de la piel<\/p>\n<p>sistema de succi\u00f3n de Vac\u00edo para promover la circulaci\u00f3n sangu\u00ednea de la piel y el levantamiento de la piel<\/p>\n<p>Recargable con cable USB, usted puede cargar en el Banco de Potencia, PC o utilizar el tel\u00e9fono m\u00f3vil adaptador de carga esta m\u00e1quina microdermabrasi\u00f3n belleza port\u00e1til viene con 4 puntas intercambiables, con 4 funciones diferentes. es la primera m\u00e1quina de la belleza que se integra con descamaci\u00f3n de la piel, la cara de apriete, de limpieza de los poros, puntos negros y miento tirando hacia arriba, eliminaci\u00f3n de arrugas en el mercado. comed\u00f3n sonda de aspiraci\u00f3n de succi\u00f3n m\u00e1s grande que el tradiciona<\/p>\n<p>&nbsp;<\/p>\n<p>Especificaciones: Voltaje de funcionamiento: DC3.7V Corriente de trabajo: 120mA-190mA potencia: 5 W Charing Voltaje: 5 V Charing Actual: 500mA Charing Por: cable USB capacidad de la bater\u00eda: 500 mAh Potencia De succi\u00f3n: 53-59KPa usando Tiempo: 60 minutos (Carga Completa) Tiempo de carga: 60 minutos Peso del producto: 157g Peso del paquete: 375g Tama\u00f1o del paquete: 132*212.5*60mm certificaci\u00f3n: CE, RoHS, FCC, PSE bater\u00eda: MSDS, UC38.3<\/p>\n<p>&nbsp;<\/p>\n<p>El producto solo se utiliza en la cara.<\/p>\n<p>No utilizar sobre \u00e1reas irritadas o con cicatrices.<\/p>\n<p>No utilizar m\u00e1s de 2 veces por semana.<\/p>\n<p>No act\u00fae sobre la piel durante m\u00e1s de 5 minutos a la vez, y no sostenga el dispositivo en una sola \u00e1rea, mu\u00e9valo con movimientos lentos pero firmes, seg\u00fan las impurezas de la cara y el tipo de piel.<\/p>\n<p>Despu\u00e9s de usar el dispositivo, la piel puede volverse roja; Esta es una reacci\u00f3n normal, este efecto deber\u00eda desaparecer en 5-15 minutos. Ajustar el poder de absorci\u00f3n seg\u00fan el tipo de piel. Presta atenci\u00f3n, el dispositivo es muy potente.<\/p>\n<p>Despu\u00e9s del uso, limpie y proteja el producto de la humedad.<\/p>\n<p>El producto es s\u00f3lo para fines cosm\u00e9ticos. Para tratamiento m\u00e9dico, consulte a su m\u00e9dico.<\/p>\n<p>No es recomendable para personas que se hayan realizado operaciones faciales o se inyecten Botox.<\/p>\n<p>Utilice la fuente el\u00e9ctrica indicada, para un buen funcionamiento del dispositivo.<\/p>\n<p>Retire el agua de los picos despu\u00e9s de limpiar, secar y mantener en un lugar libre de humedad<\/p>\n<p>Las reparaciones al dispositivo est\u00e1n prohibidas. Compra un nuevo dispositivo.<\/p>\n<p>El paquete incluye:<\/p>\n<p>Aparato el\u00e9ctrico<\/p>\n<p>Cable de carga USB<\/p>\n<p>4 cabezas intercambiables<\/p>\n<p>manual<\/p>\n<p>La m\u00e1quina viene en un paquete de 4 piezas :<\/p>\n<p>cabeza redonda grande con forma c\u00f3nica para la eliminaci\u00f3n de puntos negros y limpieza profunda;<\/p>\n<p>Cabeza redonda peque\u00f1a con nariz y delicada forma de piel.<\/p>\n<p>Cabeza estrecha para la mejora y prevenci\u00f3n de arrugas;<\/p>\n<p>Cabeza abrasiva para remover piel muerta<\/p>\n<p>&nbsp;<\/p>\n<p>&nbsp;<\/p>\n","protected":false},"excerpt":{"rendered":"<p>XN-8030 m\u00e1quina de succi\u00f3n fuerte Limpiador de poros aspirador de succi\u00f3n La potencia de succi\u00f3n es m\u00e1s grande que el tradicional m\u00e1quina de succi\u00f3n de la espinilla. Cuatro niveles, adecuado para diferentes partes de la piel Cuatro cabezales de succi\u00f3n, ajuste para diferentes funciones y la piel Con la luz en la cabeza de la [&hellip;]<\/p>\n","protected":false},"featured_media":2902,"template":"","meta":[],"product_brand":[],"product_cat":[102],"product_tag":[],"class_list":{"0":"post-2901","1":"product","2":"type-product","3":"status-publish","4":"has-post-thumbnail","6":"product_cat-belleza","8":"first","9":"instock","10":"sale","11":"shipping-taxable","12":"purchasable","13":"product-type-simple"},"featured_image_urls":{"full":["https:\/\/elcomercioenlinea.com\/wp-content\/uploads\/2024\/07\/264253.png",1400,1500,false],"thumbnail":["https:\/\/elcomercioenlinea.com\/wp-content\/uploads\/2024\/07\/264253-150x150.png",150,150,true],"medium":["https:\/\/elcomercioenlinea.com\/wp-content\/uploads\/2024\/07\/264253-280x300.png",280,300,true],"medium_large":["https:\/\/elcomercioenlinea.com\/wp-content\/uploads\/2024\/07\/264253-768x823.png",768,823,true],"large":["https:\/\/elcomercioenlinea.com\/wp-content\/uploads\/2024\/07\/264253-956x1024.png",956,1024,true],"1536x1536":["https:\/\/elcomercioenlinea.com\/wp-content\/uploads\/2024\/07\/264253.png",1400,1500,false],"2048x2048":["https:\/\/elcomercioenlinea.com\/wp-content\/uploads\/2024\/07\/264253.png",1400,1500,false],"woocommerce_archive_thumbnail":["https:\/\/elcomercioenlinea.com\/wp-content\/uploads\/2024\/07\/264253-300x321.png",300,321,true],"woocommerce_thumbnail":["https:\/\/elcomercioenlinea.com\/wp-content\/uploads\/2024\/07\/264253-300x300.png",300,300,true],"woocommerce_single":["https:\/\/elcomercioenlinea.com\/wp-content\/uploads\/2024\/07\/264253-600x643.png",600,643,true],"woocommerce_gallery_thumbnail":["https:\/\/elcomercioenlinea.com\/wp-content\/uploads\/2024\/07\/264253-100x100.png",100,100,true]},"post_excerpt_stackable":"<p>XN-8030 m\u00e1quina de succi\u00f3n fuerte Limpiador de poros aspirador de succi\u00f3n La potencia de succi\u00f3n es m\u00e1s grande que el tradicional m\u00e1quina de succi\u00f3n de la espinilla. Cuatro niveles, adecuado para diferentes partes de la piel Cuatro cabezales de succi\u00f3n, ajuste para diferentes funciones y la piel Con la luz en la cabeza de la m\u00e1quina, f\u00e1cil para que usted pueda ver claramente su piel With mineral microcristalina sonda, quite cachonda y muertas de la piel sistema de succi\u00f3n de Vac\u00edo para promover la circulaci\u00f3n sangu\u00ednea de la piel y el levantamiento de la piel Recargable con cable USB, usted&hellip;<\/p>\n","category_list":"","author_info":{"name":"","url":""},"comments_num":"0 comentarios","jetpack_sharing_enabled":true,"_links":{"self":[{"href":"https:\/\/elcomercioenlinea.com\/index.php\/wp-json\/wp\/v2\/product\/2901","targetHints":{"allow":["GET"]}}],"collection":[{"href":"https:\/\/elcomercioenlinea.com\/index.php\/wp-json\/wp\/v2\/product"}],"about":[{"href":"https:\/\/elcomercioenlinea.com\/index.php\/wp-json\/wp\/v2\/types\/product"}],"wp:featuredmedia":[{"embeddable":true,"href":"https:\/\/elcomercioenlinea.com\/index.php\/wp-json\/wp\/v2\/media\/2902"}],"wp:attachment":[{"href":"https:\/\/elcomercioenlinea.com\/index.php\/wp-json\/wp\/v2\/media?parent=2901"}],"wp:term":[{"taxonomy":"product_brand","embeddable":true,"href":"https:\/\/elcomercioenlinea.com\/index.php\/wp-json\/wp\/v2\/product_brand?post=2901"},{"taxonomy":"product_cat","embeddable":true,"href":"https:\/\/elcomercioenlinea.com\/index.php\/wp-json\/wp\/v2\/product_cat?post=2901"},{"taxonomy":"product_tag","embeddable":true,"href":"https:\/\/elcomercioenlinea.com\/index.php\/wp-json\/wp\/v2\/product_tag?post=2901"}],"curies":[{"name":"wp","href":"https:\/\/api.w.org\/{rel}","templated":true}]}}