{"id":2992,"date":"2024-07-11T16:48:33","date_gmt":"2024-07-11T21:48:33","guid":{"rendered":"https:\/\/elcomercioenlinea.com\/index.php\/producto\/vaporizador-facial\/"},"modified":"2024-07-11T17:25:28","modified_gmt":"2024-07-11T22:25:28","slug":"vaporizador-facial","status":"publish","type":"product","link":"https:\/\/elcomercioenlinea.com\/index.php\/producto\/vaporizador-facial\/","title":{"rendered":"VAPORIZADOR FACIAL"},"content":{"rendered":"<p>&nbsp;<\/p>\n<ol>\n<li>La piel adquiere un aspecto sano, relajado y luminoso.<\/li>\n<li>El vaporizador te ayudar\u00e1 a abrir los poros y desintoxicar la piel, suaviz\u00e1ndola, revitaliz\u00e1ndola y libr\u00e1ndola de puntos negros toxinas y residuos de maquillaje.<\/li>\n<li>Disminuye el acn\u00e9, elimina puntos negros, c\u00e9lulas muertas e impurezas.<\/li>\n<li>Mejora la circulaci\u00f3n sangu\u00ednea y estimula la renovaci\u00f3n celular.<\/li>\n<li>El vapor penetra profundamente en la piel para hidratar la piel r\u00e1pidamente.<\/li>\n<\/ol>\n<p>&nbsp;<\/p>\n<figure class=\"image\"><\/figure>\n<p><strong>MODOS DE USO PARA EL CUIDADO DE LA PIEL:<\/strong><\/p>\n<ul>\n<li><strong>La piel grasa:\u00a0<\/strong>vapor unos 10-15 minutos<\/li>\n<li><strong>La piel seca:\u00a0<\/strong>tiempo vapor unos 8 a 12 minutos<\/li>\n<li><strong>La piel sensible:<\/strong> vapor hasta 10 minutos<\/li>\n<li><strong>La piel del acn\u00e9:<\/strong> vapor unos 5-8 minutos<\/li>\n<\/ul>\n<h3><strong>Productos de calidad garantizada que se acomodan a tus necesidades y gustos.<\/strong><\/h3>\n<p><strong>Caracter\u00edsticas:<\/strong><\/p>\n<ul>\n<li>Sauna facial<\/li>\n<li>Potencia: 150w<\/li>\n<li>Patas anti deslizamiento<\/li>\n<li>Asa de transporte c\u00f3modo<\/li>\n<li>Material: pl\u00e1stico.<\/li>\n<li>M\u00e1scara nasal y vapor facial<\/li>\n<li>Agujero para respirar<\/li>\n<li>F\u00e1cil de cambiar<\/li>\n<li>Calentamiento a temperatura constante<\/li>\n<li>R\u00e1pida niebla emisores<\/li>\n<li>Limpieza facial<\/li>\n<li>Hidratante<\/li>\n<li>Sauna<\/li>\n<li>Se adapta a hombres y mujeres<\/li>\n<\/ul>\n","protected":false},"excerpt":{"rendered":"<p>&nbsp; La piel adquiere un aspecto sano, relajado y luminoso. El vaporizador te ayudar\u00e1 a abrir los poros y desintoxicar la piel, suaviz\u00e1ndola, revitaliz\u00e1ndola y libr\u00e1ndola de puntos negros toxinas y residuos de maquillaje. Disminuye el acn\u00e9, elimina puntos negros, c\u00e9lulas muertas e impurezas. Mejora la circulaci\u00f3n sangu\u00ednea y estimula la renovaci\u00f3n celular. El vapor [&hellip;]<\/p>\n","protected":false},"featured_media":2993,"template":"","meta":[],"product_brand":[],"product_cat":[102,49,18],"product_tag":[],"class_list":{"0":"post-2992","1":"product","2":"type-product","3":"status-publish","4":"has-post-thumbnail","6":"product_cat-belleza","7":"product_cat-salud","8":"product_cat-tecnologia","10":"first","11":"instock","12":"sale","13":"shipping-taxable","14":"purchasable","15":"product-type-simple"},"featured_image_urls":{"full":["https:\/\/elcomercioenlinea.com\/wp-content\/uploads\/2024\/07\/81987.png",1000,1000,false],"thumbnail":["https:\/\/elcomercioenlinea.com\/wp-content\/uploads\/2024\/07\/81987-150x150.png",150,150,true],"medium":["https:\/\/elcomercioenlinea.com\/wp-content\/uploads\/2024\/07\/81987-300x300.png",300,300,true],"medium_large":["https:\/\/elcomercioenlinea.com\/wp-content\/uploads\/2024\/07\/81987-768x768.png",768,768,true],"large":["https:\/\/elcomercioenlinea.com\/wp-content\/uploads\/2024\/07\/81987.png",1000,1000,false],"1536x1536":["https:\/\/elcomercioenlinea.com\/wp-content\/uploads\/2024\/07\/81987.png",1000,1000,false],"2048x2048":["https:\/\/elcomercioenlinea.com\/wp-content\/uploads\/2024\/07\/81987.png",1000,1000,false],"woocommerce_archive_thumbnail":["https:\/\/elcomercioenlinea.com\/wp-content\/uploads\/2024\/07\/81987-300x300.png",300,300,true],"woocommerce_thumbnail":["https:\/\/elcomercioenlinea.com\/wp-content\/uploads\/2024\/07\/81987-300x300.png",300,300,true],"woocommerce_single":["https:\/\/elcomercioenlinea.com\/wp-content\/uploads\/2024\/07\/81987-600x600.png",600,600,true],"woocommerce_gallery_thumbnail":["https:\/\/elcomercioenlinea.com\/wp-content\/uploads\/2024\/07\/81987-100x100.png",100,100,true]},"post_excerpt_stackable":"<p>&nbsp; La piel adquiere un aspecto sano, relajado y luminoso. El vaporizador te ayudar\u00e1 a abrir los poros y desintoxicar la piel, suaviz\u00e1ndola, revitaliz\u00e1ndola y libr\u00e1ndola de puntos negros toxinas y residuos de maquillaje. Disminuye el acn\u00e9, elimina puntos negros, c\u00e9lulas muertas e impurezas. Mejora la circulaci\u00f3n sangu\u00ednea y estimula la renovaci\u00f3n celular. El vapor penetra profundamente en la piel para hidratar la piel r\u00e1pidamente. &nbsp; MODOS DE USO PARA EL CUIDADO DE LA PIEL: La piel grasa:\u00a0vapor unos 10-15 minutos La piel seca:\u00a0tiempo vapor unos 8 a 12 minutos La piel sensible: vapor hasta 10 minutos La piel del&hellip;<\/p>\n","category_list":"","author_info":{"name":"","url":""},"comments_num":"0 comentarios","jetpack_sharing_enabled":true,"_links":{"self":[{"href":"https:\/\/elcomercioenlinea.com\/index.php\/wp-json\/wp\/v2\/product\/2992","targetHints":{"allow":["GET"]}}],"collection":[{"href":"https:\/\/elcomercioenlinea.com\/index.php\/wp-json\/wp\/v2\/product"}],"about":[{"href":"https:\/\/elcomercioenlinea.com\/index.php\/wp-json\/wp\/v2\/types\/product"}],"wp:featuredmedia":[{"embeddable":true,"href":"https:\/\/elcomercioenlinea.com\/index.php\/wp-json\/wp\/v2\/media\/2993"}],"wp:attachment":[{"href":"https:\/\/elcomercioenlinea.com\/index.php\/wp-json\/wp\/v2\/media?parent=2992"}],"wp:term":[{"taxonomy":"product_brand","embeddable":true,"href":"https:\/\/elcomercioenlinea.com\/index.php\/wp-json\/wp\/v2\/product_brand?post=2992"},{"taxonomy":"product_cat","embeddable":true,"href":"https:\/\/elcomercioenlinea.com\/index.php\/wp-json\/wp\/v2\/product_cat?post=2992"},{"taxonomy":"product_tag","embeddable":true,"href":"https:\/\/elcomercioenlinea.com\/index.php\/wp-json\/wp\/v2\/product_tag?post=2992"}],"curies":[{"name":"wp","href":"https:\/\/api.w.org\/{rel}","templated":true}]}}