{"id":3103,"date":"2024-07-13T20:57:19","date_gmt":"2024-07-14T01:57:19","guid":{"rendered":"https:\/\/elcomercioenlinea.com\/index.php\/producto\/air-buds-redmi-blancos\/"},"modified":"2024-07-17T17:40:14","modified_gmt":"2024-07-17T22:40:14","slug":"air-buds-redmi-blancos","status":"publish","type":"product","link":"https:\/\/elcomercioenlinea.com\/index.php\/producto\/air-buds-redmi-blancos\/","title":{"rendered":"Air buds redmi blancos"},"content":{"rendered":"<p>Aud\u00edfonos inal\u00e1mbricos Xiaomi Air buds Blancos<\/p>\n<ul>\n<li>Con un dise\u00f1o inspirado en la simplicidad, los Redmi Air buds tienen un estilo \u00fanico. Cuentan con Bluetooth 5.0 que te permite conectarte a distancias largas y mantener una conexi\u00f3n s\u00f3lida en todo momento. Su tecnolog\u00eda TWS (True Wireless Stereo) elimina los cables y te hace disfrutar plenamente de ritmos y melod\u00edas que fluyen libremente. El formato perfecto para ti Al ser in-ear, mejoran la calidad del audio y son de tama\u00f1o peque\u00f1o para poder insertarse en tu oreja. Son ideales para acompa\u00f1arte a la hora de hacer ejercicio mientras te sumerges en el mejor sonido envolvente.<\/li>\n<\/ul>\n<p>FICHA TECNICA<\/p>\n<ul>\n<li>Cuenta con tecnolog\u00eda True Wireless.<\/li>\n<li>Alcance inal\u00e1mbrico de 10 m.<\/li>\n<li>La bater\u00eda dura 4 h.<\/li>\n<li>Modo manos libres incluido.<\/li>\n<li>Asistentes de voz integrados: Siri y Google Assistant y Bixby.<\/li>\n<li>Con cancelaci\u00f3n de ruido.<\/li>\n<li>Con estuche de carga.<\/li>\n<li>Con micr\u00f3fono incorporado.<\/li>\n<li>Resistentes al agua.<\/li>\n<li>Sonido superior y sin l\u00edmites.<\/li>\n<li>C\u00f3modos y pr\u00e1cticos.<\/li>\n<\/ul>\n","protected":false},"excerpt":{"rendered":"<p>Aud\u00edfonos inal\u00e1mbricos Xiaomi Air buds Blancos Con un dise\u00f1o inspirado en la simplicidad, los Redmi Air buds tienen un estilo \u00fanico. Cuentan con Bluetooth 5.0 que te permite conectarte a distancias largas y mantener una conexi\u00f3n s\u00f3lida en todo momento. Su tecnolog\u00eda TWS (True Wireless Stereo) elimina los cables y te hace disfrutar plenamente de [&hellip;]<\/p>\n","protected":false},"featured_media":3104,"template":"","meta":[],"product_brand":[],"product_cat":[18],"product_tag":[],"class_list":{"0":"post-3103","1":"product","2":"type-product","3":"status-publish","4":"has-post-thumbnail","6":"product_cat-tecnologia","8":"first","9":"instock","10":"shipping-taxable","11":"purchasable","12":"product-type-simple"},"featured_image_urls":{"full":["https:\/\/elcomercioenlinea.com\/wp-content\/uploads\/2024\/07\/209489.png",900,900,false],"thumbnail":["https:\/\/elcomercioenlinea.com\/wp-content\/uploads\/2024\/07\/209489-150x150.png",150,150,true],"medium":["https:\/\/elcomercioenlinea.com\/wp-content\/uploads\/2024\/07\/209489-300x300.png",300,300,true],"medium_large":["https:\/\/elcomercioenlinea.com\/wp-content\/uploads\/2024\/07\/209489-768x768.png",768,768,true],"large":["https:\/\/elcomercioenlinea.com\/wp-content\/uploads\/2024\/07\/209489.png",900,900,false],"1536x1536":["https:\/\/elcomercioenlinea.com\/wp-content\/uploads\/2024\/07\/209489.png",900,900,false],"2048x2048":["https:\/\/elcomercioenlinea.com\/wp-content\/uploads\/2024\/07\/209489.png",900,900,false],"woocommerce_archive_thumbnail":["https:\/\/elcomercioenlinea.com\/wp-content\/uploads\/2024\/07\/209489-300x300.png",300,300,true],"woocommerce_thumbnail":["https:\/\/elcomercioenlinea.com\/wp-content\/uploads\/2024\/07\/209489-300x300.png",300,300,true],"woocommerce_single":["https:\/\/elcomercioenlinea.com\/wp-content\/uploads\/2024\/07\/209489-600x600.png",600,600,true],"woocommerce_gallery_thumbnail":["https:\/\/elcomercioenlinea.com\/wp-content\/uploads\/2024\/07\/209489-100x100.png",100,100,true]},"post_excerpt_stackable":"<p>Aud\u00edfonos inal\u00e1mbricos Xiaomi Air buds Blancos Con un dise\u00f1o inspirado en la simplicidad, los Redmi Air buds tienen un estilo \u00fanico. Cuentan con Bluetooth 5.0 que te permite conectarte a distancias largas y mantener una conexi\u00f3n s\u00f3lida en todo momento. Su tecnolog\u00eda TWS (True Wireless Stereo) elimina los cables y te hace disfrutar plenamente de ritmos y melod\u00edas que fluyen libremente. El formato perfecto para ti Al ser in-ear, mejoran la calidad del audio y son de tama\u00f1o peque\u00f1o para poder insertarse en tu oreja. Son ideales para acompa\u00f1arte a la hora de hacer ejercicio mientras te sumerges en el&hellip;<\/p>\n","category_list":"","author_info":{"name":"","url":""},"comments_num":"0 comentarios","jetpack_sharing_enabled":true,"_links":{"self":[{"href":"https:\/\/elcomercioenlinea.com\/index.php\/wp-json\/wp\/v2\/product\/3103","targetHints":{"allow":["GET"]}}],"collection":[{"href":"https:\/\/elcomercioenlinea.com\/index.php\/wp-json\/wp\/v2\/product"}],"about":[{"href":"https:\/\/elcomercioenlinea.com\/index.php\/wp-json\/wp\/v2\/types\/product"}],"wp:featuredmedia":[{"embeddable":true,"href":"https:\/\/elcomercioenlinea.com\/index.php\/wp-json\/wp\/v2\/media\/3104"}],"wp:attachment":[{"href":"https:\/\/elcomercioenlinea.com\/index.php\/wp-json\/wp\/v2\/media?parent=3103"}],"wp:term":[{"taxonomy":"product_brand","embeddable":true,"href":"https:\/\/elcomercioenlinea.com\/index.php\/wp-json\/wp\/v2\/product_brand?post=3103"},{"taxonomy":"product_cat","embeddable":true,"href":"https:\/\/elcomercioenlinea.com\/index.php\/wp-json\/wp\/v2\/product_cat?post=3103"},{"taxonomy":"product_tag","embeddable":true,"href":"https:\/\/elcomercioenlinea.com\/index.php\/wp-json\/wp\/v2\/product_tag?post=3103"}],"curies":[{"name":"wp","href":"https:\/\/api.w.org\/{rel}","templated":true}]}}