{"id":3147,"date":"2024-07-14T01:07:07","date_gmt":"2024-07-14T06:07:07","guid":{"rendered":"https:\/\/elcomercioenlinea.com\/index.php\/producto\/chancla-masajeadroa\/"},"modified":"2024-07-14T01:11:14","modified_gmt":"2024-07-14T06:11:14","slug":"chancla-masajeadroa","status":"publish","type":"product","link":"https:\/\/elcomercioenlinea.com\/index.php\/producto\/chancla-masajeadroa\/","title":{"rendered":"Chancla Masajeadroa"},"content":{"rendered":"<p>Es ideal para pies de todas las edades, perfecto para uso familiar. Esta chancla masajeadora sirve para limpiar y masajear los pies desde el tal\u00f3n hasta los dedos, proporcionando unos pies limpios y suaves.<\/p>\n<p>Limpieza y masaje, no m\u00e1s agacharse para limpiar sus pies. Forma de zapatilla, dise\u00f1o razonable y c\u00f3modo manejo. Las ventosas de la parte inferior se adhieren al suelo y lo mantienen en su sitio.<\/p>\n<p>Talones lisos con una piedra p\u00f3mez incorporada, esta piedra es desmontable. Simplemente limpie su pie desliz\u00e1ndola dentro y fuera. Es como hacerse la pedicura todos los d\u00edas.<\/p>\n","protected":false},"excerpt":{"rendered":"<p>Es ideal para pies de todas las edades, perfecto para uso familiar. Esta chancla masajeadora sirve para limpiar y masajear los pies desde el tal\u00f3n hasta los dedos, proporcionando unos pies limpios y suaves. Limpieza y masaje, no m\u00e1s agacharse para limpiar sus pies. Forma de zapatilla, dise\u00f1o razonable y c\u00f3modo manejo. Las ventosas de [&hellip;]<\/p>\n","protected":false},"featured_media":3148,"template":"","meta":[],"product_brand":[],"product_cat":[17,49],"product_tag":[],"class_list":{"0":"post-3147","1":"product","2":"type-product","3":"status-publish","4":"has-post-thumbnail","6":"product_cat-hogar","7":"product_cat-salud","9":"first","10":"instock","11":"shipping-taxable","12":"purchasable","13":"product-type-simple"},"featured_image_urls":{"full":["https:\/\/elcomercioenlinea.com\/wp-content\/uploads\/2024\/07\/641728.png",1000,954,false],"thumbnail":["https:\/\/elcomercioenlinea.com\/wp-content\/uploads\/2024\/07\/641728-150x150.png",150,150,true],"medium":["https:\/\/elcomercioenlinea.com\/wp-content\/uploads\/2024\/07\/641728-300x286.png",300,286,true],"medium_large":["https:\/\/elcomercioenlinea.com\/wp-content\/uploads\/2024\/07\/641728-768x733.png",768,733,true],"large":["https:\/\/elcomercioenlinea.com\/wp-content\/uploads\/2024\/07\/641728.png",1000,954,false],"1536x1536":["https:\/\/elcomercioenlinea.com\/wp-content\/uploads\/2024\/07\/641728.png",1000,954,false],"2048x2048":["https:\/\/elcomercioenlinea.com\/wp-content\/uploads\/2024\/07\/641728.png",1000,954,false],"woocommerce_archive_thumbnail":["https:\/\/elcomercioenlinea.com\/wp-content\/uploads\/2024\/07\/641728-300x286.png",300,286,true],"woocommerce_thumbnail":["https:\/\/elcomercioenlinea.com\/wp-content\/uploads\/2024\/07\/641728-300x300.png",300,300,true],"woocommerce_single":["https:\/\/elcomercioenlinea.com\/wp-content\/uploads\/2024\/07\/641728-600x572.png",600,572,true],"woocommerce_gallery_thumbnail":["https:\/\/elcomercioenlinea.com\/wp-content\/uploads\/2024\/07\/641728-100x100.png",100,100,true]},"post_excerpt_stackable":"<p>Es ideal para pies de todas las edades, perfecto para uso familiar. Esta chancla masajeadora sirve para limpiar y masajear los pies desde el tal\u00f3n hasta los dedos, proporcionando unos pies limpios y suaves. Limpieza y masaje, no m\u00e1s agacharse para limpiar sus pies. Forma de zapatilla, dise\u00f1o razonable y c\u00f3modo manejo. Las ventosas de la parte inferior se adhieren al suelo y lo mantienen en su sitio. Talones lisos con una piedra p\u00f3mez incorporada, esta piedra es desmontable. Simplemente limpie su pie desliz\u00e1ndola dentro y fuera. Es como hacerse la pedicura todos los d\u00edas.<\/p>\n","category_list":"","author_info":{"name":"","url":""},"comments_num":"0 comentarios","jetpack_sharing_enabled":true,"_links":{"self":[{"href":"https:\/\/elcomercioenlinea.com\/index.php\/wp-json\/wp\/v2\/product\/3147","targetHints":{"allow":["GET"]}}],"collection":[{"href":"https:\/\/elcomercioenlinea.com\/index.php\/wp-json\/wp\/v2\/product"}],"about":[{"href":"https:\/\/elcomercioenlinea.com\/index.php\/wp-json\/wp\/v2\/types\/product"}],"wp:featuredmedia":[{"embeddable":true,"href":"https:\/\/elcomercioenlinea.com\/index.php\/wp-json\/wp\/v2\/media\/3148"}],"wp:attachment":[{"href":"https:\/\/elcomercioenlinea.com\/index.php\/wp-json\/wp\/v2\/media?parent=3147"}],"wp:term":[{"taxonomy":"product_brand","embeddable":true,"href":"https:\/\/elcomercioenlinea.com\/index.php\/wp-json\/wp\/v2\/product_brand?post=3147"},{"taxonomy":"product_cat","embeddable":true,"href":"https:\/\/elcomercioenlinea.com\/index.php\/wp-json\/wp\/v2\/product_cat?post=3147"},{"taxonomy":"product_tag","embeddable":true,"href":"https:\/\/elcomercioenlinea.com\/index.php\/wp-json\/wp\/v2\/product_tag?post=3147"}],"curies":[{"name":"wp","href":"https:\/\/api.w.org\/{rel}","templated":true}]}}