{"id":3164,"date":"2024-07-14T01:28:39","date_gmt":"2024-07-14T06:28:39","guid":{"rendered":"https:\/\/elcomercioenlinea.com\/index.php\/producto\/bascula-inteligente-pesa-bluetooth\/"},"modified":"2024-07-14T01:44:38","modified_gmt":"2024-07-14T06:44:38","slug":"bascula-inteligente-pesa-bluetooth","status":"publish","type":"product","link":"https:\/\/elcomercioenlinea.com\/index.php\/producto\/bascula-inteligente-pesa-bluetooth\/","title":{"rendered":"Bascula Inteligente Pesa Bluetooth"},"content":{"rendered":"<p>espectacular Bascula Inteligente Bluetooth, es tu mejor asistente para la salud, te permite medir y controlar 8 m\u00e9tricas corporales diferentes, con sincronizaci\u00f3n directa con la APP para celular. Esta t\u00e9cnica con funcionalidad Bluetooth permiten que toda la familia comparta una sola b\u00e1scula para llevar los registros de las mediciones necesarias para una \u00f3ptima salud. Mantente a ti y a tu familia siempre saludables!<\/p>\n<p>CARACTER\u00cdSTICAS<br \/>\n&#8211; Monitor: LCD<br \/>\n-Unidades: Kg\/Lb<br \/>\n-Capacidad m\u00e1xima: 180Kg<br \/>\n-Temp para el trabajo: 10-35 \u00b0C<br \/>\n-Pesaje: Rango 2.5-180kg, D: 100g<br \/>\n-Bater\u00eda: 2 pilas tipo AAA (NO incluidas)<br \/>\n-Apagado autom\u00e1tico despu\u00e9s de unos segundos sin uso<br \/>\n-Medidas aproximadas: 28 x 28 x 2.3 cm<\/p>\n<p>CONTENIDO DEL PAQUETE<br \/>\n&#8211; 1-Bascula Pesa Inteligente Bluetooth<br \/>\n&#8211; 1-Manual de usuario<\/p>\n","protected":false},"excerpt":{"rendered":"<p>espectacular Bascula Inteligente Bluetooth, es tu mejor asistente para la salud, te permite medir y controlar 8 m\u00e9tricas corporales diferentes, con sincronizaci\u00f3n directa con la APP para celular. Esta t\u00e9cnica con funcionalidad Bluetooth permiten que toda la familia comparta una sola b\u00e1scula para llevar los registros de las mediciones necesarias para una \u00f3ptima salud. Mantente [&hellip;]<\/p>\n","protected":false},"featured_media":3165,"template":"","meta":[],"product_brand":[],"product_cat":[49,18],"product_tag":[],"class_list":{"0":"post-3164","1":"product","2":"type-product","3":"status-publish","4":"has-post-thumbnail","6":"product_cat-salud","7":"product_cat-tecnologia","9":"first","10":"instock","11":"shipping-taxable","12":"purchasable","13":"product-type-simple"},"featured_image_urls":{"full":["https:\/\/elcomercioenlinea.com\/wp-content\/uploads\/2024\/07\/149274.png",500,478,false],"thumbnail":["https:\/\/elcomercioenlinea.com\/wp-content\/uploads\/2024\/07\/149274-150x150.png",150,150,true],"medium":["https:\/\/elcomercioenlinea.com\/wp-content\/uploads\/2024\/07\/149274-300x287.png",300,287,true],"medium_large":["https:\/\/elcomercioenlinea.com\/wp-content\/uploads\/2024\/07\/149274.png",500,478,false],"large":["https:\/\/elcomercioenlinea.com\/wp-content\/uploads\/2024\/07\/149274.png",500,478,false],"1536x1536":["https:\/\/elcomercioenlinea.com\/wp-content\/uploads\/2024\/07\/149274.png",500,478,false],"2048x2048":["https:\/\/elcomercioenlinea.com\/wp-content\/uploads\/2024\/07\/149274.png",500,478,false],"woocommerce_archive_thumbnail":["https:\/\/elcomercioenlinea.com\/wp-content\/uploads\/2024\/07\/149274-300x287.png",300,287,true],"woocommerce_thumbnail":["https:\/\/elcomercioenlinea.com\/wp-content\/uploads\/2024\/07\/149274-300x300.png",300,300,true],"woocommerce_single":["https:\/\/elcomercioenlinea.com\/wp-content\/uploads\/2024\/07\/149274.png",500,478,false],"woocommerce_gallery_thumbnail":["https:\/\/elcomercioenlinea.com\/wp-content\/uploads\/2024\/07\/149274-100x100.png",100,100,true]},"post_excerpt_stackable":"<p>espectacular Bascula Inteligente Bluetooth, es tu mejor asistente para la salud, te permite medir y controlar 8 m\u00e9tricas corporales diferentes, con sincronizaci\u00f3n directa con la APP para celular. Esta t\u00e9cnica con funcionalidad Bluetooth permiten que toda la familia comparta una sola b\u00e1scula para llevar los registros de las mediciones necesarias para una \u00f3ptima salud. Mantente a ti y a tu familia siempre saludables! CARACTER\u00cdSTICAS &#8211; Monitor: LCD -Unidades: Kg\/Lb -Capacidad m\u00e1xima: 180Kg -Temp para el trabajo: 10-35 \u00b0C -Pesaje: Rango 2.5-180kg, D: 100g -Bater\u00eda: 2 pilas tipo AAA (NO incluidas) -Apagado autom\u00e1tico despu\u00e9s de unos segundos sin uso -Medidas aproximadas:&hellip;<\/p>\n","category_list":"","author_info":{"name":"","url":""},"comments_num":"0 comentarios","jetpack_sharing_enabled":true,"_links":{"self":[{"href":"https:\/\/elcomercioenlinea.com\/index.php\/wp-json\/wp\/v2\/product\/3164","targetHints":{"allow":["GET"]}}],"collection":[{"href":"https:\/\/elcomercioenlinea.com\/index.php\/wp-json\/wp\/v2\/product"}],"about":[{"href":"https:\/\/elcomercioenlinea.com\/index.php\/wp-json\/wp\/v2\/types\/product"}],"wp:featuredmedia":[{"embeddable":true,"href":"https:\/\/elcomercioenlinea.com\/index.php\/wp-json\/wp\/v2\/media\/3165"}],"wp:attachment":[{"href":"https:\/\/elcomercioenlinea.com\/index.php\/wp-json\/wp\/v2\/media?parent=3164"}],"wp:term":[{"taxonomy":"product_brand","embeddable":true,"href":"https:\/\/elcomercioenlinea.com\/index.php\/wp-json\/wp\/v2\/product_brand?post=3164"},{"taxonomy":"product_cat","embeddable":true,"href":"https:\/\/elcomercioenlinea.com\/index.php\/wp-json\/wp\/v2\/product_cat?post=3164"},{"taxonomy":"product_tag","embeddable":true,"href":"https:\/\/elcomercioenlinea.com\/index.php\/wp-json\/wp\/v2\/product_tag?post=3164"}],"curies":[{"name":"wp","href":"https:\/\/api.w.org\/{rel}","templated":true}]}}