{"id":3206,"date":"2024-07-15T13:04:40","date_gmt":"2024-07-15T18:04:40","guid":{"rendered":"https:\/\/elcomercioenlinea.com\/index.php\/producto\/raqueta-mata-zancudos-linterna\/"},"modified":"2024-07-17T17:51:53","modified_gmt":"2024-07-17T22:51:53","slug":"raqueta-mata-zancudos-linterna","status":"publish","type":"product","link":"https:\/\/elcomercioenlinea.com\/index.php\/producto\/raqueta-mata-zancudos-linterna\/","title":{"rendered":"Raqueta Mata Zancudos"},"content":{"rendered":"<p>La Raqueta Mata Zancudos Mosquitos D de la marca Ilumatic es la soluci\u00f3n perfecta para mantener a raya a esos molestos insectos. Con un dise\u00f1o moderno y atractivo, disponible en colores azul, rojo, naranja y verde, esta raqueta se convertir\u00e1 en tu aliado ideal para disfrutar de tus espacios sin interrupciones.<\/p>\n<p>Este producto cuenta con un sistema de alimentaci\u00f3n el\u00e9ctrica, lo que garantiza su eficacia y durabilidad. Adem\u00e1s, su modelo 008 incorpora una luz, facilitando su uso en condiciones de poca iluminaci\u00f3n. Su tama\u00f1o y peso son ideales para manejarla con facilidad, permiti\u00e9ndote eliminar los mosquitos de manera r\u00e1pida y efectiva.<\/p>\n<p>La Raqueta Mata Zancudos Mosquitos D de Ilumatic es f\u00e1cil de usar, solo necesitas encenderla y moverla en el aire para que los mosquitos se acerquen a la red el\u00e9ctrica y sean eliminados al instante. Adem\u00e1s, su dise\u00f1o seguro evita que los usuarios entren en contacto con la red el\u00e9ctrica, proporcionando una experiencia segura y libre de preocupaciones.<\/p>\n<p>No permitas que los mosquitos interrumpan tus momentos de descanso o diversi\u00f3n. Adquiere la Raqueta Mata Zancudos Mosquitos D de Ilumatic y disfruta de un ambiente libre de insectos.<\/p>\n","protected":false},"excerpt":{"rendered":"<p>La Raqueta Mata Zancudos Mosquitos D de la marca Ilumatic es la soluci\u00f3n perfecta para mantener a raya a esos molestos insectos. Con un dise\u00f1o moderno y atractivo, disponible en colores azul, rojo, naranja y verde, esta raqueta se convertir\u00e1 en tu aliado ideal para disfrutar de tus espacios sin interrupciones. Este producto cuenta con [&hellip;]<\/p>\n","protected":false},"featured_media":3209,"template":"","meta":[],"product_brand":[],"product_cat":[17,18],"product_tag":[],"class_list":{"0":"post-3206","1":"product","2":"type-product","3":"status-publish","4":"has-post-thumbnail","6":"product_cat-hogar","7":"product_cat-tecnologia","9":"first","10":"instock","11":"shipping-taxable","12":"purchasable","13":"product-type-simple"},"featured_image_urls":{"full":["https:\/\/elcomercioenlinea.com\/wp-content\/uploads\/2024\/07\/629011.png",440,500,false],"thumbnail":["https:\/\/elcomercioenlinea.com\/wp-content\/uploads\/2024\/07\/629011-150x150.png",150,150,true],"medium":["https:\/\/elcomercioenlinea.com\/wp-content\/uploads\/2024\/07\/629011-264x300.png",264,300,true],"medium_large":["https:\/\/elcomercioenlinea.com\/wp-content\/uploads\/2024\/07\/629011.png",440,500,false],"large":["https:\/\/elcomercioenlinea.com\/wp-content\/uploads\/2024\/07\/629011.png",440,500,false],"1536x1536":["https:\/\/elcomercioenlinea.com\/wp-content\/uploads\/2024\/07\/629011.png",440,500,false],"2048x2048":["https:\/\/elcomercioenlinea.com\/wp-content\/uploads\/2024\/07\/629011.png",440,500,false],"woocommerce_archive_thumbnail":["https:\/\/elcomercioenlinea.com\/wp-content\/uploads\/2024\/07\/629011-300x341.png",300,341,true],"woocommerce_thumbnail":["https:\/\/elcomercioenlinea.com\/wp-content\/uploads\/2024\/07\/629011-300x300.png",300,300,true],"woocommerce_single":["https:\/\/elcomercioenlinea.com\/wp-content\/uploads\/2024\/07\/629011.png",440,500,false],"woocommerce_gallery_thumbnail":["https:\/\/elcomercioenlinea.com\/wp-content\/uploads\/2024\/07\/629011-100x100.png",100,100,true]},"post_excerpt_stackable":"<p>La Raqueta Mata Zancudos Mosquitos D de la marca Ilumatic es la soluci\u00f3n perfecta para mantener a raya a esos molestos insectos. Con un dise\u00f1o moderno y atractivo, disponible en colores azul, rojo, naranja y verde, esta raqueta se convertir\u00e1 en tu aliado ideal para disfrutar de tus espacios sin interrupciones. Este producto cuenta con un sistema de alimentaci\u00f3n el\u00e9ctrica, lo que garantiza su eficacia y durabilidad. Adem\u00e1s, su modelo 008 incorpora una luz, facilitando su uso en condiciones de poca iluminaci\u00f3n. Su tama\u00f1o y peso son ideales para manejarla con facilidad, permiti\u00e9ndote eliminar los mosquitos de manera r\u00e1pida y&hellip;<\/p>\n","category_list":"","author_info":{"name":"","url":""},"comments_num":"0 comentarios","jetpack_sharing_enabled":true,"_links":{"self":[{"href":"https:\/\/elcomercioenlinea.com\/index.php\/wp-json\/wp\/v2\/product\/3206","targetHints":{"allow":["GET"]}}],"collection":[{"href":"https:\/\/elcomercioenlinea.com\/index.php\/wp-json\/wp\/v2\/product"}],"about":[{"href":"https:\/\/elcomercioenlinea.com\/index.php\/wp-json\/wp\/v2\/types\/product"}],"wp:featuredmedia":[{"embeddable":true,"href":"https:\/\/elcomercioenlinea.com\/index.php\/wp-json\/wp\/v2\/media\/3209"}],"wp:attachment":[{"href":"https:\/\/elcomercioenlinea.com\/index.php\/wp-json\/wp\/v2\/media?parent=3206"}],"wp:term":[{"taxonomy":"product_brand","embeddable":true,"href":"https:\/\/elcomercioenlinea.com\/index.php\/wp-json\/wp\/v2\/product_brand?post=3206"},{"taxonomy":"product_cat","embeddable":true,"href":"https:\/\/elcomercioenlinea.com\/index.php\/wp-json\/wp\/v2\/product_cat?post=3206"},{"taxonomy":"product_tag","embeddable":true,"href":"https:\/\/elcomercioenlinea.com\/index.php\/wp-json\/wp\/v2\/product_tag?post=3206"}],"curies":[{"name":"wp","href":"https:\/\/api.w.org\/{rel}","templated":true}]}}