{"id":3267,"date":"2024-07-15T21:54:54","date_gmt":"2024-07-16T02:54:54","guid":{"rendered":"https:\/\/elcomercioenlinea.com\/index.php\/producto\/oleo-facial-catalina-maya\/"},"modified":"2024-07-17T17:46:01","modified_gmt":"2024-07-17T22:46:01","slug":"oleo-facial-catalina-maya","status":"publish","type":"product","link":"https:\/\/elcomercioenlinea.com\/index.php\/producto\/oleo-facial-catalina-maya\/","title":{"rendered":"\u00d3leo Facial Catalina Maya"},"content":{"rendered":"<p><strong>El \u00d3leo Facial Catalina Maya<\/strong> tiene una potente mezcla de aceite de jojoba, aceite de almendras, vitamina E y entre muchas otras, d\u00e1ndole a la piel un aspecto mucho m\u00e1s radiante, tersa, luminosa, suave y uniforme. Ayuda a prevenir el envejecimiento gracias a sus componentes, que se integran en el rostro y forman una capa protectora. Es ideal para todo tipo de piel.<\/p>\n<p>&nbsp;<\/p>\n<ul>\n<li><strong>\u00d3leo Facial\u00a0<\/strong>\n<ul>\n<li>Componentes principales: Aceite de Arg\u00e1n &#8211; Aceite de Macadamia &#8211; Vitamina E<\/li>\n<li>Contenido: 30 ML<\/li>\n<li>Presentaci\u00f3n: Envase vidrio<\/li>\n<li>Registro invima: \u00a0NSOC13159-22CO<\/li>\n<\/ul>\n<\/li>\n<\/ul>\n<p>Compromiso de Milab: Empacamos nuestros productos con el m\u00e1ximo cuidado para garantizar que lleguen en perfectas condiciones. En el caso poco probable de que reciba un producto roto, nos comprometemos a resolver la situaci\u00f3n de manera efectiva. Procedimiento para Reclamaciones: Si recibe un producto da\u00f1ado, le pedimos que nos notifique dentro de los [n\u00famero de d\u00edas] d\u00edas posteriores a la recepci\u00f3n del paquete. Solicitaremos im\u00e1genes del producto da\u00f1ado para evaluar la situaci\u00f3n. Posteriormente, le enviaremos un reemplazo o procesaremos un reembolso, seg\u00fan su elecci\u00f3n.<\/p>\n","protected":false},"excerpt":{"rendered":"<p>El \u00d3leo Facial Catalina Maya tiene una potente mezcla de aceite de jojoba, aceite de almendras, vitamina E y entre muchas otras, d\u00e1ndole a la piel un aspecto mucho m\u00e1s radiante, tersa, luminosa, suave y uniforme. Ayuda a prevenir el envejecimiento gracias a sus componentes, que se integran en el rostro y forman una capa [&hellip;]<\/p>\n","protected":false},"featured_media":3268,"template":"","meta":[],"product_brand":[],"product_cat":[102,49],"product_tag":[],"class_list":{"0":"post-3267","1":"product","2":"type-product","3":"status-publish","4":"has-post-thumbnail","6":"product_cat-belleza","7":"product_cat-salud","9":"first","10":"instock","11":"sale","12":"shipping-taxable","13":"purchasable","14":"product-type-simple"},"featured_image_urls":{"full":["https:\/\/elcomercioenlinea.com\/wp-content\/uploads\/2024\/07\/236078.png",1390,2233,false],"thumbnail":["https:\/\/elcomercioenlinea.com\/wp-content\/uploads\/2024\/07\/236078-150x150.png",150,150,true],"medium":["https:\/\/elcomercioenlinea.com\/wp-content\/uploads\/2024\/07\/236078-187x300.png",187,300,true],"medium_large":["https:\/\/elcomercioenlinea.com\/wp-content\/uploads\/2024\/07\/236078-768x1234.png",768,1234,true],"large":["https:\/\/elcomercioenlinea.com\/wp-content\/uploads\/2024\/07\/236078-637x1024.png",637,1024,true],"1536x1536":["https:\/\/elcomercioenlinea.com\/wp-content\/uploads\/2024\/07\/236078-956x1536.png",956,1536,true],"2048x2048":["https:\/\/elcomercioenlinea.com\/wp-content\/uploads\/2024\/07\/236078-1275x2048.png",1275,2048,true],"woocommerce_archive_thumbnail":["https:\/\/elcomercioenlinea.com\/wp-content\/uploads\/2024\/07\/236078-300x482.png",300,482,true],"woocommerce_thumbnail":["https:\/\/elcomercioenlinea.com\/wp-content\/uploads\/2024\/07\/236078-300x300.png",300,300,true],"woocommerce_single":["https:\/\/elcomercioenlinea.com\/wp-content\/uploads\/2024\/07\/236078-600x964.png",600,964,true],"woocommerce_gallery_thumbnail":["https:\/\/elcomercioenlinea.com\/wp-content\/uploads\/2024\/07\/236078-100x100.png",100,100,true]},"post_excerpt_stackable":"<p>El \u00d3leo Facial Catalina Maya tiene una potente mezcla de aceite de jojoba, aceite de almendras, vitamina E y entre muchas otras, d\u00e1ndole a la piel un aspecto mucho m\u00e1s radiante, tersa, luminosa, suave y uniforme. Ayuda a prevenir el envejecimiento gracias a sus componentes, que se integran en el rostro y forman una capa protectora. Es ideal para todo tipo de piel. &nbsp; \u00d3leo Facial\u00a0 Componentes principales: Aceite de Arg\u00e1n &#8211; Aceite de Macadamia &#8211; Vitamina E Contenido: 30 ML Presentaci\u00f3n: Envase vidrio Registro invima: \u00a0NSOC13159-22CO Compromiso de Milab: Empacamos nuestros productos con el m\u00e1ximo cuidado para garantizar que&hellip;<\/p>\n","category_list":"","author_info":{"name":"","url":""},"comments_num":"0 comentarios","jetpack_sharing_enabled":true,"_links":{"self":[{"href":"https:\/\/elcomercioenlinea.com\/index.php\/wp-json\/wp\/v2\/product\/3267","targetHints":{"allow":["GET"]}}],"collection":[{"href":"https:\/\/elcomercioenlinea.com\/index.php\/wp-json\/wp\/v2\/product"}],"about":[{"href":"https:\/\/elcomercioenlinea.com\/index.php\/wp-json\/wp\/v2\/types\/product"}],"wp:featuredmedia":[{"embeddable":true,"href":"https:\/\/elcomercioenlinea.com\/index.php\/wp-json\/wp\/v2\/media\/3268"}],"wp:attachment":[{"href":"https:\/\/elcomercioenlinea.com\/index.php\/wp-json\/wp\/v2\/media?parent=3267"}],"wp:term":[{"taxonomy":"product_brand","embeddable":true,"href":"https:\/\/elcomercioenlinea.com\/index.php\/wp-json\/wp\/v2\/product_brand?post=3267"},{"taxonomy":"product_cat","embeddable":true,"href":"https:\/\/elcomercioenlinea.com\/index.php\/wp-json\/wp\/v2\/product_cat?post=3267"},{"taxonomy":"product_tag","embeddable":true,"href":"https:\/\/elcomercioenlinea.com\/index.php\/wp-json\/wp\/v2\/product_tag?post=3267"}],"curies":[{"name":"wp","href":"https:\/\/api.w.org\/{rel}","templated":true}]}}