{"id":3290,"date":"2024-07-16T12:53:35","date_gmt":"2024-07-16T17:53:35","guid":{"rendered":"https:\/\/elcomercioenlinea.com\/index.php\/producto\/espejo-luz-led-y-brochas-para-maquillaje\/"},"modified":"2024-07-16T13:03:24","modified_gmt":"2024-07-16T18:03:24","slug":"espejo-luz-led-y-brochas-para-maquillaje","status":"publish","type":"product","link":"https:\/\/elcomercioenlinea.com\/index.php\/producto\/espejo-luz-led-y-brochas-para-maquillaje\/","title":{"rendered":"Espejo Luz Led y Brochas Para Maquillaje"},"content":{"rendered":"<p>\u00a1Espejo con luz led, incluye 5 brochas de maquillaje, \u00a0port\u00e1til y plegable , recargable por USB para que lo lleves a cualquier lado en tu d\u00eda!<\/p>\n<p>Espejo HD de rotaci\u00f3n de 360 \u00b0, m\u00e1s claro y natural, adecuado para las necesidades de maquillaje desde todos los \u00e1ngulos.<\/p>\n<p>Interruptor t\u00e1ctil, m\u00e1s bonito y a la moda<\/p>\n<p>Caja de almacenamiento gruesa de ABS, resistencia al desgaste, mejor protecci\u00f3n de espejos y cepillos.<\/p>\n<p>Caracter\u00edsticas<\/p>\n<p>Interruptor de pantalla t\u00e1ctil, haz clic para iluminar, espejo de alta definici\u00f3n, im\u00e1genes claras, sin distorsi\u00f3n, conveniente de usar.<\/p>\n<p>La superficie del espejo se puede girar libremente, y el \u00e1ngulo adecuado se puede ajustar de acuerdo a tus necesidades.<\/p>\n<p>Dise\u00f1o de ranuras, brochas de maquillaje f\u00e1ciles de almacenar, limpias y hermosas, de f\u00e1cil acceso, consideradas y pr\u00e1cticas.<\/p>\n<p>Equipado con 5 brochas de cosm\u00e9ticos, con diferentes funciones, satisface tus necesidades de maquillaje.<\/p>\n<p>Las funciones principales del Juego de cepillos de espejo son \u00fatiles para un maquillaje f\u00e1cil y conveniente, vestimenta, peinado, etc.<\/p>\n<p>La longitud es que el espejo plegable es de 16cm, el ancho es de 2,5 cm y la altura es de 9cm.<\/p>\n<p>Es adecuado para el hogar, tocador, mujeres, viajes, herramientas de belleza, etc.<\/p>\n<p>Tiempo de carga: 3-4 horas (aprox.) \u00a0Giratorio, Plegable, port\u00e1til.<\/p>\n<p>El paquete incluye<\/p>\n<p>1 x espejo de maquillaje<\/p>\n<p>Brochas x 5<\/p>\n<p>1 x Cable USB<\/p>\n","protected":false},"excerpt":{"rendered":"<p>\u00a1Espejo con luz led, incluye 5 brochas de maquillaje, \u00a0port\u00e1til y plegable , recargable por USB para que lo lleves a cualquier lado en tu d\u00eda! Espejo HD de rotaci\u00f3n de 360 \u00b0, m\u00e1s claro y natural, adecuado para las necesidades de maquillaje desde todos los \u00e1ngulos. Interruptor t\u00e1ctil, m\u00e1s bonito y a la moda [&hellip;]<\/p>\n","protected":false},"featured_media":3291,"template":"","meta":[],"product_brand":[],"product_cat":[102,18],"product_tag":[],"class_list":{"0":"post-3290","1":"product","2":"type-product","3":"status-publish","4":"has-post-thumbnail","6":"product_cat-belleza","7":"product_cat-tecnologia","9":"first","10":"instock","11":"shipping-taxable","12":"purchasable","13":"product-type-simple"},"featured_image_urls":{"full":["https:\/\/elcomercioenlinea.com\/wp-content\/uploads\/2024\/07\/590382.png",481,509,false],"thumbnail":["https:\/\/elcomercioenlinea.com\/wp-content\/uploads\/2024\/07\/590382-150x150.png",150,150,true],"medium":["https:\/\/elcomercioenlinea.com\/wp-content\/uploads\/2024\/07\/590382-283x300.png",283,300,true],"medium_large":["https:\/\/elcomercioenlinea.com\/wp-content\/uploads\/2024\/07\/590382.png",481,509,false],"large":["https:\/\/elcomercioenlinea.com\/wp-content\/uploads\/2024\/07\/590382.png",481,509,false],"1536x1536":["https:\/\/elcomercioenlinea.com\/wp-content\/uploads\/2024\/07\/590382.png",481,509,false],"2048x2048":["https:\/\/elcomercioenlinea.com\/wp-content\/uploads\/2024\/07\/590382.png",481,509,false],"woocommerce_archive_thumbnail":["https:\/\/elcomercioenlinea.com\/wp-content\/uploads\/2024\/07\/590382-300x317.png",300,317,true],"woocommerce_thumbnail":["https:\/\/elcomercioenlinea.com\/wp-content\/uploads\/2024\/07\/590382-300x300.png",300,300,true],"woocommerce_single":["https:\/\/elcomercioenlinea.com\/wp-content\/uploads\/2024\/07\/590382.png",481,509,false],"woocommerce_gallery_thumbnail":["https:\/\/elcomercioenlinea.com\/wp-content\/uploads\/2024\/07\/590382-100x100.png",100,100,true]},"post_excerpt_stackable":"<p>\u00a1Espejo con luz led, incluye 5 brochas de maquillaje, \u00a0port\u00e1til y plegable , recargable por USB para que lo lleves a cualquier lado en tu d\u00eda! Espejo HD de rotaci\u00f3n de 360 \u00b0, m\u00e1s claro y natural, adecuado para las necesidades de maquillaje desde todos los \u00e1ngulos. Interruptor t\u00e1ctil, m\u00e1s bonito y a la moda Caja de almacenamiento gruesa de ABS, resistencia al desgaste, mejor protecci\u00f3n de espejos y cepillos. Caracter\u00edsticas Interruptor de pantalla t\u00e1ctil, haz clic para iluminar, espejo de alta definici\u00f3n, im\u00e1genes claras, sin distorsi\u00f3n, conveniente de usar. La superficie del espejo se puede girar libremente, y el&hellip;<\/p>\n","category_list":"","author_info":{"name":"","url":""},"comments_num":"0 comentarios","jetpack_sharing_enabled":true,"_links":{"self":[{"href":"https:\/\/elcomercioenlinea.com\/index.php\/wp-json\/wp\/v2\/product\/3290","targetHints":{"allow":["GET"]}}],"collection":[{"href":"https:\/\/elcomercioenlinea.com\/index.php\/wp-json\/wp\/v2\/product"}],"about":[{"href":"https:\/\/elcomercioenlinea.com\/index.php\/wp-json\/wp\/v2\/types\/product"}],"wp:featuredmedia":[{"embeddable":true,"href":"https:\/\/elcomercioenlinea.com\/index.php\/wp-json\/wp\/v2\/media\/3291"}],"wp:attachment":[{"href":"https:\/\/elcomercioenlinea.com\/index.php\/wp-json\/wp\/v2\/media?parent=3290"}],"wp:term":[{"taxonomy":"product_brand","embeddable":true,"href":"https:\/\/elcomercioenlinea.com\/index.php\/wp-json\/wp\/v2\/product_brand?post=3290"},{"taxonomy":"product_cat","embeddable":true,"href":"https:\/\/elcomercioenlinea.com\/index.php\/wp-json\/wp\/v2\/product_cat?post=3290"},{"taxonomy":"product_tag","embeddable":true,"href":"https:\/\/elcomercioenlinea.com\/index.php\/wp-json\/wp\/v2\/product_tag?post=3290"}],"curies":[{"name":"wp","href":"https:\/\/api.w.org\/{rel}","templated":true}]}}