{"id":3421,"date":"2024-07-19T18:33:37","date_gmt":"2024-07-19T23:33:37","guid":{"rendered":"https:\/\/elcomercioenlinea.com\/index.php\/producto\/kit-manicure-pedicure-cuidado-facial-x16\/"},"modified":"2024-07-19T18:38:24","modified_gmt":"2024-07-19T23:38:24","slug":"kit-manicure-pedicure-cuidado-facial-x16","status":"publish","type":"product","link":"https:\/\/elcomercioenlinea.com\/index.php\/producto\/kit-manicure-pedicure-cuidado-facial-x16\/","title":{"rendered":"Kit Manicure Pedicure y Cuidado Facial x16"},"content":{"rendered":"<p>Juego de corta\u00fa\u00f1as 16 en 1 con m\u00faltiples funciones \u2013 Manicura, pedicura, modelado de cejas, antiacn\u00e9, exfoliante, etc. 16 herramientas de u\u00f1as y u\u00f1as de los pies para satisfacer todas tus necesidades de cuidado de manos, facial y cuidado de pies. Regalo perfecto para mujeres y hombres.<\/p>\n<p>-Kit de acero inoxidable de alta calidad: las herramientas del kit de manicura y pedicura est\u00e1n hechas con acero quir\u00fargico de grado dermat\u00f3logo para permitir una esterilizaci\u00f3n segura, prevenir la corrosi\u00f3n y minimizar el riesgo de infecciones. Esto tambi\u00e9n hace que el juego de herramientas para cut\u00edculas sea fuerte y durable.<\/p>\n<p>-Kit de corta\u00fa\u00f1as ligero y port\u00e1til: el juego de corta\u00fa\u00f1as viene con una bonita funda port\u00e1til de piel sint\u00e9tica que se abre f\u00e1cilmente con solo pulsar un bot\u00f3n. Es tan ligero que puedes llevar f\u00e1cilmente tu funda a cualquier lugar que desees.<\/p>\n<p>-Kit de manicura de u\u00f1as no sensitiva: se han hecho con cuidados extremos para proporcionarte los mejores resultados posibles, por lo que puedes usarlo directamente sobre tu piel.<\/p>\n<p>Caracteristicas:<br \/>\nTama\u00f1o del Producto: 14x11x3cm<br \/>\nPeso: 120g<br \/>\nMaterial de la Funda: Cuero Sint\u00e9tico<br \/>\nMaterial de las Herramientas: Acero Inoxidable<br \/>\nColores Disponibles: Rosa\/Amarillo\/Verde\/Azul\/Violeta<\/p>\n<p>El juego de manicura 16 en 1 incluye:<br \/>\n2 corta\u00fa\u00f1as<br \/>\n1 corta\u00fa\u00f1as grande<br \/>\n1 pinza para cut\u00edculas.<br \/>\n1 lima de u\u00f1as.<br \/>\n1 tenedor de piel muerta<br \/>\n1 pinza.<br \/>\n1 tijera.<br \/>\n1 cuchillo de limpieza de u\u00f1as.<br \/>\n1 brocha tipo empuje Cuspidal\/Obtuso<br \/>\n1 p\u00faa para las orejas.<br \/>\n1 cepillo de limpieza.<br \/>\n1 herramienta para el acn\u00e9.<br \/>\n1 removedor de callos plano<br \/>\n1 removedor oblicuo de callos<br \/>\n1 removedor de callos en zigzag.<\/p>\n","protected":false},"excerpt":{"rendered":"<p>Juego de corta\u00fa\u00f1as 16 en 1 con m\u00faltiples funciones \u2013 Manicura, pedicura, modelado de cejas, antiacn\u00e9, exfoliante, etc. 16 herramientas de u\u00f1as y u\u00f1as de los pies para satisfacer todas tus necesidades de cuidado de manos, facial y cuidado de pies. Regalo perfecto para mujeres y hombres. -Kit de acero inoxidable de alta calidad: las [&hellip;]<\/p>\n","protected":false},"featured_media":3422,"template":"","meta":[],"product_brand":[],"product_cat":[102,49],"product_tag":[],"class_list":{"0":"post-3421","1":"product","2":"type-product","3":"status-publish","4":"has-post-thumbnail","6":"product_cat-belleza","7":"product_cat-salud","9":"first","10":"instock","11":"shipping-taxable","12":"purchasable","13":"product-type-simple"},"featured_image_urls":{"full":["https:\/\/elcomercioenlinea.com\/wp-content\/uploads\/2024\/07\/647991.png",1000,1000,false],"thumbnail":["https:\/\/elcomercioenlinea.com\/wp-content\/uploads\/2024\/07\/647991-150x150.png",150,150,true],"medium":["https:\/\/elcomercioenlinea.com\/wp-content\/uploads\/2024\/07\/647991-300x300.png",300,300,true],"medium_large":["https:\/\/elcomercioenlinea.com\/wp-content\/uploads\/2024\/07\/647991-768x768.png",768,768,true],"large":["https:\/\/elcomercioenlinea.com\/wp-content\/uploads\/2024\/07\/647991.png",1000,1000,false],"1536x1536":["https:\/\/elcomercioenlinea.com\/wp-content\/uploads\/2024\/07\/647991.png",1000,1000,false],"2048x2048":["https:\/\/elcomercioenlinea.com\/wp-content\/uploads\/2024\/07\/647991.png",1000,1000,false],"woocommerce_archive_thumbnail":["https:\/\/elcomercioenlinea.com\/wp-content\/uploads\/2024\/07\/647991-300x300.png",300,300,true],"woocommerce_thumbnail":["https:\/\/elcomercioenlinea.com\/wp-content\/uploads\/2024\/07\/647991-300x300.png",300,300,true],"woocommerce_single":["https:\/\/elcomercioenlinea.com\/wp-content\/uploads\/2024\/07\/647991-600x600.png",600,600,true],"woocommerce_gallery_thumbnail":["https:\/\/elcomercioenlinea.com\/wp-content\/uploads\/2024\/07\/647991-100x100.png",100,100,true]},"post_excerpt_stackable":"<p>Juego de corta\u00fa\u00f1as 16 en 1 con m\u00faltiples funciones \u2013 Manicura, pedicura, modelado de cejas, antiacn\u00e9, exfoliante, etc. 16 herramientas de u\u00f1as y u\u00f1as de los pies para satisfacer todas tus necesidades de cuidado de manos, facial y cuidado de pies. Regalo perfecto para mujeres y hombres. -Kit de acero inoxidable de alta calidad: las herramientas del kit de manicura y pedicura est\u00e1n hechas con acero quir\u00fargico de grado dermat\u00f3logo para permitir una esterilizaci\u00f3n segura, prevenir la corrosi\u00f3n y minimizar el riesgo de infecciones. Esto tambi\u00e9n hace que el juego de herramientas para cut\u00edculas sea fuerte y durable. -Kit de&hellip;<\/p>\n","category_list":"","author_info":{"name":"","url":""},"comments_num":"0 comentarios","jetpack_sharing_enabled":true,"_links":{"self":[{"href":"https:\/\/elcomercioenlinea.com\/index.php\/wp-json\/wp\/v2\/product\/3421","targetHints":{"allow":["GET"]}}],"collection":[{"href":"https:\/\/elcomercioenlinea.com\/index.php\/wp-json\/wp\/v2\/product"}],"about":[{"href":"https:\/\/elcomercioenlinea.com\/index.php\/wp-json\/wp\/v2\/types\/product"}],"wp:featuredmedia":[{"embeddable":true,"href":"https:\/\/elcomercioenlinea.com\/index.php\/wp-json\/wp\/v2\/media\/3422"}],"wp:attachment":[{"href":"https:\/\/elcomercioenlinea.com\/index.php\/wp-json\/wp\/v2\/media?parent=3421"}],"wp:term":[{"taxonomy":"product_brand","embeddable":true,"href":"https:\/\/elcomercioenlinea.com\/index.php\/wp-json\/wp\/v2\/product_brand?post=3421"},{"taxonomy":"product_cat","embeddable":true,"href":"https:\/\/elcomercioenlinea.com\/index.php\/wp-json\/wp\/v2\/product_cat?post=3421"},{"taxonomy":"product_tag","embeddable":true,"href":"https:\/\/elcomercioenlinea.com\/index.php\/wp-json\/wp\/v2\/product_tag?post=3421"}],"curies":[{"name":"wp","href":"https:\/\/api.w.org\/{rel}","templated":true}]}}