{"id":3458,"date":"2024-11-18T21:01:22","date_gmt":"2024-11-19T02:01:22","guid":{"rendered":"https:\/\/elcomercioenlinea.com\/index.php\/producto\/morral-cruzado-hombro-bolso-ocultable\/"},"modified":"2024-11-18T21:42:47","modified_gmt":"2024-11-19T02:42:47","slug":"morral-cruzado-hombro-bolso-ocultable","status":"publish","type":"product","link":"https:\/\/elcomercioenlinea.com\/index.php\/producto\/morral-cruzado-hombro-bolso-ocultable\/","title":{"rendered":"Morral Cruzado Hombro Bolso Ocultable"},"content":{"rendered":"<p>Morral \u00a0Bolso de Hombro -ocultable<\/p>\n<p>&nbsp;<\/p>\n<p>Bolso de hombro impermeable, con correa de seguridad para terciar, muy c\u00f3modo, de buena calidad, f\u00e1cil de poner y quitar. M\u00faltiples bolsillos. \u00a0Recomendado para personas que siempre est\u00e1n en movimiento, perfecto para llevar port\u00e1til, celular, tablet auriculares, etc.<\/p>\n<p>&nbsp;<\/p>\n<p>&nbsp;<\/p>\n<p>&nbsp;<\/p>\n<p>Caracter\u00edsticas:<\/p>\n<p>&nbsp;<\/p>\n<p>Color: Negro y Gris<\/p>\n<p>Material: Poli\u00e9ster<\/p>\n<p>Tama\u00f1o:31 x 23 x 2cm<\/p>\n<p>Estilo de Hombro: \u00a0Izquierdo\/ Derecho<\/p>\n<p>Cuenta con tres bolsillos exteriores, dos con cremallera y uno con broche perfecto para guardar el celular.<\/p>\n<p>Cuenta con un bolsillo principal interior con cierre de cremallera<\/p>\n","protected":false},"excerpt":{"rendered":"<p>Morral \u00a0Bolso de Hombro -ocultable &nbsp; Bolso de hombro impermeable, con correa de seguridad para terciar, muy c\u00f3modo, de buena calidad, f\u00e1cil de poner y quitar. M\u00faltiples bolsillos. \u00a0Recomendado para personas que siempre est\u00e1n en movimiento, perfecto para llevar port\u00e1til, celular, tablet auriculares, etc. &nbsp; &nbsp; &nbsp; Caracter\u00edsticas: &nbsp; Color: Negro y Gris Material: Poli\u00e9ster [&hellip;]<\/p>\n","protected":false},"featured_media":3461,"template":"","meta":[],"product_brand":[],"product_cat":[15,101,17],"product_tag":[117,114,116],"class_list":{"0":"post-3458","1":"product","2":"type-product","3":"status-publish","4":"has-post-thumbnail","6":"product_cat-sin-categoria","7":"product_cat-deportivo","8":"product_cat-hogar","9":"product_tag-bolso","10":"product_tag-morral","11":"product_tag-pechera","13":"first","14":"instock","15":"sale","16":"shipping-taxable","17":"purchasable","18":"product-type-simple"},"featured_image_urls":{"full":["https:\/\/elcomercioenlinea.com\/wp-content\/uploads\/2024\/11\/1200546.png",671,720,false],"thumbnail":["https:\/\/elcomercioenlinea.com\/wp-content\/uploads\/2024\/11\/1200546-150x150.png",150,150,true],"medium":["https:\/\/elcomercioenlinea.com\/wp-content\/uploads\/2024\/11\/1200546-280x300.png",280,300,true],"medium_large":["https:\/\/elcomercioenlinea.com\/wp-content\/uploads\/2024\/11\/1200546.png",671,720,false],"large":["https:\/\/elcomercioenlinea.com\/wp-content\/uploads\/2024\/11\/1200546.png",671,720,false],"1536x1536":["https:\/\/elcomercioenlinea.com\/wp-content\/uploads\/2024\/11\/1200546.png",671,720,false],"2048x2048":["https:\/\/elcomercioenlinea.com\/wp-content\/uploads\/2024\/11\/1200546.png",671,720,false],"woocommerce_archive_thumbnail":["https:\/\/elcomercioenlinea.com\/wp-content\/uploads\/2024\/11\/1200546-300x322.png",300,322,true],"woocommerce_thumbnail":["https:\/\/elcomercioenlinea.com\/wp-content\/uploads\/2024\/11\/1200546-300x300.png",300,300,true],"woocommerce_single":["https:\/\/elcomercioenlinea.com\/wp-content\/uploads\/2024\/11\/1200546-600x644.png",600,644,true],"woocommerce_gallery_thumbnail":["https:\/\/elcomercioenlinea.com\/wp-content\/uploads\/2024\/11\/1200546-100x100.png",100,100,true]},"post_excerpt_stackable":"<p>Morral \u00a0Bolso de Hombro -ocultable &nbsp; Bolso de hombro impermeable, con correa de seguridad para terciar, muy c\u00f3modo, de buena calidad, f\u00e1cil de poner y quitar. M\u00faltiples bolsillos. \u00a0Recomendado para personas que siempre est\u00e1n en movimiento, perfecto para llevar port\u00e1til, celular, tablet auriculares, etc. &nbsp; &nbsp; &nbsp; Caracter\u00edsticas: &nbsp; Color: Negro y Gris Material: Poli\u00e9ster Tama\u00f1o:31 x 23 x 2cm Estilo de Hombro: \u00a0Izquierdo\/ Derecho Cuenta con tres bolsillos exteriores, dos con cremallera y uno con broche perfecto para guardar el celular. Cuenta con un bolsillo principal interior con cierre de cremallera<\/p>\n","category_list":"","author_info":{"name":"","url":""},"comments_num":"0 comentarios","jetpack_sharing_enabled":true,"_links":{"self":[{"href":"https:\/\/elcomercioenlinea.com\/index.php\/wp-json\/wp\/v2\/product\/3458","targetHints":{"allow":["GET"]}}],"collection":[{"href":"https:\/\/elcomercioenlinea.com\/index.php\/wp-json\/wp\/v2\/product"}],"about":[{"href":"https:\/\/elcomercioenlinea.com\/index.php\/wp-json\/wp\/v2\/types\/product"}],"wp:featuredmedia":[{"embeddable":true,"href":"https:\/\/elcomercioenlinea.com\/index.php\/wp-json\/wp\/v2\/media\/3461"}],"wp:attachment":[{"href":"https:\/\/elcomercioenlinea.com\/index.php\/wp-json\/wp\/v2\/media?parent=3458"}],"wp:term":[{"taxonomy":"product_brand","embeddable":true,"href":"https:\/\/elcomercioenlinea.com\/index.php\/wp-json\/wp\/v2\/product_brand?post=3458"},{"taxonomy":"product_cat","embeddable":true,"href":"https:\/\/elcomercioenlinea.com\/index.php\/wp-json\/wp\/v2\/product_cat?post=3458"},{"taxonomy":"product_tag","embeddable":true,"href":"https:\/\/elcomercioenlinea.com\/index.php\/wp-json\/wp\/v2\/product_tag?post=3458"}],"curies":[{"name":"wp","href":"https:\/\/api.w.org\/{rel}","templated":true}]}}