{"id":3508,"date":"2024-12-12T17:07:14","date_gmt":"2024-12-12T22:07:14","guid":{"rendered":"https:\/\/elcomercioenlinea.com\/index.php\/producto\/tensiometro-digital\/"},"modified":"2024-12-12T17:10:15","modified_gmt":"2024-12-12T22:10:15","slug":"tensiometro-digital","status":"publish","type":"product","link":"https:\/\/elcomercioenlinea.com\/index.php\/producto\/tensiometro-digital\/","title":{"rendered":"Tensiometro Digital"},"content":{"rendered":"<p>Contar con un tensi\u00f3metro digital en tu hogar es importante para que puedas tener un registro preciso de tu estado de salud en diferentes momentos del d\u00eda, y recurrir a tu m\u00e9dico cuando sea necesario. En caso de que te encuentres realizando un tratamiento, este monitor de presi\u00f3n arterial GEN te permitir\u00e1 controlar sus resultados de una forma c\u00f3moda y sencilla.<\/p>\n<p>Pr\u00e1ctico y funcional<br \/>\nCon este tensi\u00f3metro de brazo tendr\u00e1s la libertad de tomar tu presi\u00f3n arterial por tu propia cuenta, con autonom\u00eda, facilidad y alta precisi\u00f3n cl\u00ednica. Coloca el brazalete, ajusta el velcro y comienza con la medici\u00f3n.<\/p>\n<p>Con detector de error de movimiento<br \/>\nIncluye un indicador de movimiento corporal con el que podr\u00e1s evitar los errores comunes que se producen a la hora de medir la tensi\u00f3n arterial. De esta forma, podr\u00e1s minimizar fallos a la hora de realizar la medici\u00f3n.<\/p>\n<p>Liviano y pr\u00e1ctico<br \/>\nDebido a su tama\u00f1o y bajo peso, podr\u00e1s usarlo sin complicaciones y trasladarlo a donde quieras. Col\u00f3calo en tu cartera o bolso y ll\u00e9valo a todos lados.<\/p>\n","protected":false},"excerpt":{"rendered":"<p>Contar con un tensi\u00f3metro digital en tu hogar es importante para que puedas tener un registro preciso de tu estado de salud en diferentes momentos del d\u00eda, y recurrir a tu m\u00e9dico cuando sea necesario. En caso de que te encuentres realizando un tratamiento, este monitor de presi\u00f3n arterial GEN te permitir\u00e1 controlar sus resultados [&hellip;]<\/p>\n","protected":false},"featured_media":3509,"template":"","meta":[],"product_brand":[],"product_cat":[100,17,49,109],"product_tag":[122,123,44,120,121],"class_list":{"0":"post-3508","1":"product","2":"type-product","3":"status-publish","4":"has-post-thumbnail","6":"product_cat-bienestar","7":"product_cat-hogar","8":"product_cat-salud","9":"product_cat-salud-y-bienestar","10":"product_tag-presion-arterial","11":"product_tag-presion-sanguinea","12":"product_tag-salud","13":"product_tag-tensiometro","14":"product_tag-tension","16":"first","17":"instock","18":"sale","19":"shipping-taxable","20":"purchasable","21":"product-type-simple"},"featured_image_urls":{"full":["https:\/\/elcomercioenlinea.com\/wp-content\/uploads\/2024\/12\/1207820.png",0,0,false],"thumbnail":["https:\/\/elcomercioenlinea.com\/wp-content\/uploads\/2024\/12\/1207820.png",1,1,false],"medium":["https:\/\/elcomercioenlinea.com\/wp-content\/uploads\/2024\/12\/1207820.png",1,1,false],"medium_large":["https:\/\/elcomercioenlinea.com\/wp-content\/uploads\/2024\/12\/1207820.png",1,1,false],"large":["https:\/\/elcomercioenlinea.com\/wp-content\/uploads\/2024\/12\/1207820.png",1,1,false],"1536x1536":["https:\/\/elcomercioenlinea.com\/wp-content\/uploads\/2024\/12\/1207820.png",1,1,false],"2048x2048":["https:\/\/elcomercioenlinea.com\/wp-content\/uploads\/2024\/12\/1207820.png",1,1,false],"woocommerce_archive_thumbnail":["https:\/\/elcomercioenlinea.com\/wp-content\/uploads\/2024\/12\/1207820.png",1,1,false],"woocommerce_thumbnail":["https:\/\/elcomercioenlinea.com\/wp-content\/uploads\/2024\/12\/1207820.png",1,1,false],"woocommerce_single":["https:\/\/elcomercioenlinea.com\/wp-content\/uploads\/2024\/12\/1207820.png",1,1,false],"woocommerce_gallery_thumbnail":["https:\/\/elcomercioenlinea.com\/wp-content\/uploads\/2024\/12\/1207820.png",1,1,false]},"post_excerpt_stackable":"<p>Contar con un tensi\u00f3metro digital en tu hogar es importante para que puedas tener un registro preciso de tu estado de salud en diferentes momentos del d\u00eda, y recurrir a tu m\u00e9dico cuando sea necesario. En caso de que te encuentres realizando un tratamiento, este monitor de presi\u00f3n arterial GEN te permitir\u00e1 controlar sus resultados de una forma c\u00f3moda y sencilla. Pr\u00e1ctico y funcional Con este tensi\u00f3metro de brazo tendr\u00e1s la libertad de tomar tu presi\u00f3n arterial por tu propia cuenta, con autonom\u00eda, facilidad y alta precisi\u00f3n cl\u00ednica. Coloca el brazalete, ajusta el velcro y comienza con la medici\u00f3n. Con&hellip;<\/p>\n","category_list":"","author_info":{"name":"","url":""},"comments_num":"0 comentarios","jetpack_sharing_enabled":true,"_links":{"self":[{"href":"https:\/\/elcomercioenlinea.com\/index.php\/wp-json\/wp\/v2\/product\/3508","targetHints":{"allow":["GET"]}}],"collection":[{"href":"https:\/\/elcomercioenlinea.com\/index.php\/wp-json\/wp\/v2\/product"}],"about":[{"href":"https:\/\/elcomercioenlinea.com\/index.php\/wp-json\/wp\/v2\/types\/product"}],"wp:featuredmedia":[{"embeddable":true,"href":"https:\/\/elcomercioenlinea.com\/index.php\/wp-json\/wp\/v2\/media\/3509"}],"wp:attachment":[{"href":"https:\/\/elcomercioenlinea.com\/index.php\/wp-json\/wp\/v2\/media?parent=3508"}],"wp:term":[{"taxonomy":"product_brand","embeddable":true,"href":"https:\/\/elcomercioenlinea.com\/index.php\/wp-json\/wp\/v2\/product_brand?post=3508"},{"taxonomy":"product_cat","embeddable":true,"href":"https:\/\/elcomercioenlinea.com\/index.php\/wp-json\/wp\/v2\/product_cat?post=3508"},{"taxonomy":"product_tag","embeddable":true,"href":"https:\/\/elcomercioenlinea.com\/index.php\/wp-json\/wp\/v2\/product_tag?post=3508"}],"curies":[{"name":"wp","href":"https:\/\/api.w.org\/{rel}","templated":true}]}}