{"id":64,"date":"2020-03-13T10:16:57","date_gmt":"2020-03-13T10:16:57","guid":{"rendered":"https:\/\/demo.creativethemes.com\/blocksy\/modern-shop\/?post_type=product&#038;p=64"},"modified":"2024-03-24T18:15:06","modified_gmt":"2024-03-24T23:15:06","slug":"mollis-nunc-sed-id-semper-risus-in-hendrerit","status":"publish","type":"product","link":"https:\/\/elcomercioenlinea.com\/index.php\/producto\/mollis-nunc-sed-id-semper-risus-in-hendrerit\/","title":{"rendered":"CANDADO DE SEGURIDAD CON ALARMA MOTO"},"content":{"rendered":"<p>Candado de m\u00e1xima seguridad para motocicletas con alarma incluida. El candado est\u00e1 hecho de acero de m\u00e1xima calidad para evitar que los amantes de lo ajeno puedan trozar el candado. \u00bfC\u00f3mo funciona este incre\u00edble candado? Primero pone el candado en alg\u00fan lugar vital para mover la motocicleta, ya sea en el disco, en el Sproket, en el freno, etc. Insertas la llave y cierras el candado, una vez cerrado escuchar\u00e1s 3 pitidos lo cual indicar\u00e1 que la alarma qued\u00f3 activado y listo, con cualquier movimiento en tu motocicleta la alarma se activar\u00e1 y no dejar\u00e1 de sonar hasta que la desactives con la llave, Para quitar el candado \u00fanicamente debes introducir la llave y sacarlo. Su uso es muy f\u00e1cil y sencillo, la alarma necesita bater\u00edas de tipo reloj (Ya incluidas). La alarma funciona mediante sensor de movimiento.<\/p>\n<p>&#8211; Mant\u00e9n tu motocicleta y Bicicleta protegida siempre a donde vayas. El sonido de la alarma es de una gran potencia, esto har\u00e1 que llame mucho la atenci\u00f3n.<\/p>\n<p>Caracter\u00edsticas:<\/p>\n<p>&#8211; Pintura anticorrosiva.<\/p>\n<p>&#8211; Sensor de movimiento y vibraciones.<\/p>\n<p>&#8211; Candado de alto sonido, 110 decibelios.<\/p>\n<p>&#8211; Aro de alto acero en carbono anticisalla.<\/p>\n","protected":false},"excerpt":{"rendered":"<p>Candado de m\u00e1xima seguridad para motocicletas con alarma incluida. El candado est\u00e1 hecho de acero de m\u00e1xima calidad para evitar que los amantes de lo ajeno puedan trozar el candado. \u00bfC\u00f3mo funciona este incre\u00edble candado? Primero pone el candado en alg\u00fan lugar vital para mover la motocicleta, ya sea en el disco, en el Sproket, en el freno, etc. Insertas la llave y cierras el candado, una vez cerrado escuchar\u00e1s 3 pitidos lo cual indicar\u00e1 que la alarma qued\u00f3 activado y listo, con cualquier movimiento en tu motocicleta la alarma se activar\u00e1 y no dejar\u00e1 de sonar hasta que la desactives con la llave, Para quitar el candado \u00fanicamente debes introducir la llave y sacarlo. Su uso es muy f\u00e1cil y sencillo, la alarma necesita bater\u00edas de tipo reloj (Ya incluidas). La alarma funciona mediante sensor de movimiento.<\/p>\n","protected":false},"featured_media":648,"template":"","meta":[],"product_brand":[],"product_cat":[19],"product_tag":[82,86,85,83,84],"class_list":{"0":"post-64","1":"product","2":"type-product","3":"status-publish","4":"has-post-thumbnail","6":"product_cat-vehiculos","7":"product_tag-alarma-moto-bicicleta","8":"product_tag-bloqueo","9":"product_tag-candado","10":"product_tag-ciicla","11":"product_tag-seguridad","13":"first","14":"instock","15":"shipping-taxable","16":"purchasable","17":"product-type-simple"},"featured_image_urls":{"full":["https:\/\/elcomercioenlinea.com\/wp-content\/uploads\/2020\/03\/D_NQ_NP_2X_760697-MCO51075206988_082022-F.webp",1200,1197,false],"thumbnail":["https:\/\/elcomercioenlinea.com\/wp-content\/uploads\/2020\/03\/D_NQ_NP_2X_760697-MCO51075206988_082022-F-150x150.webp",150,150,true],"medium":["https:\/\/elcomercioenlinea.com\/wp-content\/uploads\/2020\/03\/D_NQ_NP_2X_760697-MCO51075206988_082022-F-300x300.webp",300,300,true],"medium_large":["https:\/\/elcomercioenlinea.com\/wp-content\/uploads\/2020\/03\/D_NQ_NP_2X_760697-MCO51075206988_082022-F-768x766.webp",768,766,true],"large":["https:\/\/elcomercioenlinea.com\/wp-content\/uploads\/2020\/03\/D_NQ_NP_2X_760697-MCO51075206988_082022-F-1024x1021.webp",1024,1021,true],"1536x1536":["https:\/\/elcomercioenlinea.com\/wp-content\/uploads\/2020\/03\/D_NQ_NP_2X_760697-MCO51075206988_082022-F.webp",1200,1197,false],"2048x2048":["https:\/\/elcomercioenlinea.com\/wp-content\/uploads\/2020\/03\/D_NQ_NP_2X_760697-MCO51075206988_082022-F.webp",1200,1197,false],"woocommerce_archive_thumbnail":["https:\/\/elcomercioenlinea.com\/wp-content\/uploads\/2020\/03\/D_NQ_NP_2X_760697-MCO51075206988_082022-F-300x299.webp",300,299,true],"woocommerce_thumbnail":["https:\/\/elcomercioenlinea.com\/wp-content\/uploads\/2020\/03\/D_NQ_NP_2X_760697-MCO51075206988_082022-F-300x300.webp",300,300,true],"woocommerce_single":["https:\/\/elcomercioenlinea.com\/wp-content\/uploads\/2020\/03\/D_NQ_NP_2X_760697-MCO51075206988_082022-F-600x599.webp",600,599,true],"woocommerce_gallery_thumbnail":["https:\/\/elcomercioenlinea.com\/wp-content\/uploads\/2020\/03\/D_NQ_NP_2X_760697-MCO51075206988_082022-F-100x100.webp",100,100,true]},"post_excerpt_stackable":"<p>Candado de m\u00e1xima seguridad para motocicletas con alarma incluida. El candado est\u00e1 hecho de acero de m\u00e1xima calidad para evitar que los amantes de lo ajeno puedan trozar el candado. \u00bfC\u00f3mo funciona este incre\u00edble candado? Primero pone el candado en alg\u00fan lugar vital para mover la motocicleta, ya sea en el disco, en el Sproket, en el freno, etc. Insertas la llave y cierras el candado, una vez cerrado escuchar\u00e1s 3 pitidos lo cual indicar\u00e1 que la alarma qued\u00f3 activado y listo, con cualquier movimiento en tu motocicleta la alarma se activar\u00e1 y no dejar\u00e1 de sonar hasta que la desactives con la llave, Para quitar el candado \u00fanicamente debes introducir la llave y sacarlo. Su uso es muy f\u00e1cil y sencillo, la alarma necesita bater\u00edas de tipo reloj (Ya incluidas). La alarma funciona mediante sensor de movimiento.<\/p>\n","category_list":"","author_info":{"name":"","url":""},"comments_num":"0 comentarios","jetpack_sharing_enabled":true,"_links":{"self":[{"href":"https:\/\/elcomercioenlinea.com\/index.php\/wp-json\/wp\/v2\/product\/64","targetHints":{"allow":["GET"]}}],"collection":[{"href":"https:\/\/elcomercioenlinea.com\/index.php\/wp-json\/wp\/v2\/product"}],"about":[{"href":"https:\/\/elcomercioenlinea.com\/index.php\/wp-json\/wp\/v2\/types\/product"}],"wp:featuredmedia":[{"embeddable":true,"href":"https:\/\/elcomercioenlinea.com\/index.php\/wp-json\/wp\/v2\/media\/648"}],"wp:attachment":[{"href":"https:\/\/elcomercioenlinea.com\/index.php\/wp-json\/wp\/v2\/media?parent=64"}],"wp:term":[{"taxonomy":"product_brand","embeddable":true,"href":"https:\/\/elcomercioenlinea.com\/index.php\/wp-json\/wp\/v2\/product_brand?post=64"},{"taxonomy":"product_cat","embeddable":true,"href":"https:\/\/elcomercioenlinea.com\/index.php\/wp-json\/wp\/v2\/product_cat?post=64"},{"taxonomy":"product_tag","embeddable":true,"href":"https:\/\/elcomercioenlinea.com\/index.php\/wp-json\/wp\/v2\/product_tag?post=64"}],"curies":[{"name":"wp","href":"https:\/\/api.w.org\/{rel}","templated":true}]}}