{"id":68,"date":"2020-03-13T10:27:32","date_gmt":"2020-03-13T10:27:32","guid":{"rendered":"https:\/\/demo.creativethemes.com\/blocksy\/modern-shop\/?post_type=product&#038;p=68"},"modified":"2024-03-24T17:32:25","modified_gmt":"2024-03-24T22:32:25","slug":"eleifend-donec-pretium-vulputate-sapien-sagittis","status":"publish","type":"product","link":"https:\/\/elcomercioenlinea.com\/index.php\/producto\/eleifend-donec-pretium-vulputate-sapien-sagittis\/","title":{"rendered":"BOMBILLO LUZ MATA ZANCUDOS ANTIMOSQUITOS"},"content":{"rendered":"<p>&#8211; Material: Carcasa en pl\u00e1stico.<br \/>\n&#8211; Tama\u00f1o Aprox.: Bombillo: 16 x 8 x 8 cm<br \/>\n&#8211; Empaque: 16.5 x 8 x 8 cm<br \/>\n&#8211; Peso Aprox.: Bombillo: 102 g.<br \/>\n&#8211; Empaque: 142 g. Voltaje: 110V \/ 15W<br \/>\n&#8211; En la parte inferior tenemos un emisor de luz ultravioleta que atrae los insectos hasta una rejilla electrificada en donde son exterminados.<br \/>\n&#8211; En la zona superior se han incorporado una serie de LED que generan luz blanca con una potencia de 920 l\u00famenes.<br \/>\n&#8211; Este bombillo tienen una vida \u00fatil de 50.000 horas. Se conectan a un casquillo convencional y puede atraer y eliminar mosquitos en un \u00e1rea de unos 50 metros cuadrados.<br \/>\n&#8211; Adecuado para hotel, comedor, sala de reuniones, sala de estar, sala de exposiciones, tienda, pasillo, cabina telef\u00f3nica, estudio y exposici\u00f3n, entre otros.<br \/>\n&#8211; Posee dos funciones muy \u00fatiles, la iluminaci\u00f3n convencional con luz LED y la eliminaci\u00f3n de mosquitos gracias a su dise\u00f1o que incluye una rejilla con luz ultravioleta.<\/p>\n","protected":false},"excerpt":{"rendered":"<p>Bombillo mata zancudos<\/p>\n","protected":false},"featured_media":639,"template":"","meta":[],"product_brand":[],"product_cat":[17,18],"product_tag":[75,73,74,72,71],"class_list":{"0":"post-68","1":"product","2":"type-product","3":"status-publish","4":"has-post-thumbnail","6":"product_cat-hogar","7":"product_cat-tecnologia","8":"product_tag-antimosquitos","9":"product_tag-eliminador","10":"product_tag-mata-zancudos","11":"product_tag-mosquitos","12":"product_tag-zancudos","14":"first","15":"instock","16":"sale","17":"shipping-taxable","18":"purchasable","19":"product-type-simple"},"featured_image_urls":{"full":["https:\/\/elcomercioenlinea.com\/wp-content\/uploads\/2020\/03\/171122638317030251321703025132D_NQ_NP_2X_886938-MCO32719859299_102019-F.jpeg",751,719,false],"thumbnail":["https:\/\/elcomercioenlinea.com\/wp-content\/uploads\/2020\/03\/171122638317030251321703025132D_NQ_NP_2X_886938-MCO32719859299_102019-F-150x150.jpeg",150,150,true],"medium":["https:\/\/elcomercioenlinea.com\/wp-content\/uploads\/2020\/03\/171122638317030251321703025132D_NQ_NP_2X_886938-MCO32719859299_102019-F-300x287.jpeg",300,287,true],"medium_large":["https:\/\/elcomercioenlinea.com\/wp-content\/uploads\/2020\/03\/171122638317030251321703025132D_NQ_NP_2X_886938-MCO32719859299_102019-F.jpeg",751,719,false],"large":["https:\/\/elcomercioenlinea.com\/wp-content\/uploads\/2020\/03\/171122638317030251321703025132D_NQ_NP_2X_886938-MCO32719859299_102019-F.jpeg",751,719,false],"1536x1536":["https:\/\/elcomercioenlinea.com\/wp-content\/uploads\/2020\/03\/171122638317030251321703025132D_NQ_NP_2X_886938-MCO32719859299_102019-F.jpeg",751,719,false],"2048x2048":["https:\/\/elcomercioenlinea.com\/wp-content\/uploads\/2020\/03\/171122638317030251321703025132D_NQ_NP_2X_886938-MCO32719859299_102019-F.jpeg",751,719,false],"woocommerce_archive_thumbnail":["https:\/\/elcomercioenlinea.com\/wp-content\/uploads\/2020\/03\/171122638317030251321703025132D_NQ_NP_2X_886938-MCO32719859299_102019-F-300x287.jpeg",300,287,true],"woocommerce_thumbnail":["https:\/\/elcomercioenlinea.com\/wp-content\/uploads\/2020\/03\/171122638317030251321703025132D_NQ_NP_2X_886938-MCO32719859299_102019-F-300x300.jpeg",300,300,true],"woocommerce_single":["https:\/\/elcomercioenlinea.com\/wp-content\/uploads\/2020\/03\/171122638317030251321703025132D_NQ_NP_2X_886938-MCO32719859299_102019-F-600x574.jpeg",600,574,true],"woocommerce_gallery_thumbnail":["https:\/\/elcomercioenlinea.com\/wp-content\/uploads\/2020\/03\/171122638317030251321703025132D_NQ_NP_2X_886938-MCO32719859299_102019-F-100x100.jpeg",100,100,true]},"post_excerpt_stackable":"<p>Bombillo mata zancudos<\/p>\n","category_list":"","author_info":{"name":"","url":""},"comments_num":"1 comentario","jetpack_sharing_enabled":true,"_links":{"self":[{"href":"https:\/\/elcomercioenlinea.com\/index.php\/wp-json\/wp\/v2\/product\/68","targetHints":{"allow":["GET"]}}],"collection":[{"href":"https:\/\/elcomercioenlinea.com\/index.php\/wp-json\/wp\/v2\/product"}],"about":[{"href":"https:\/\/elcomercioenlinea.com\/index.php\/wp-json\/wp\/v2\/types\/product"}],"wp:featuredmedia":[{"embeddable":true,"href":"https:\/\/elcomercioenlinea.com\/index.php\/wp-json\/wp\/v2\/media\/639"}],"wp:attachment":[{"href":"https:\/\/elcomercioenlinea.com\/index.php\/wp-json\/wp\/v2\/media?parent=68"}],"wp:term":[{"taxonomy":"product_brand","embeddable":true,"href":"https:\/\/elcomercioenlinea.com\/index.php\/wp-json\/wp\/v2\/product_brand?post=68"},{"taxonomy":"product_cat","embeddable":true,"href":"https:\/\/elcomercioenlinea.com\/index.php\/wp-json\/wp\/v2\/product_cat?post=68"},{"taxonomy":"product_tag","embeddable":true,"href":"https:\/\/elcomercioenlinea.com\/index.php\/wp-json\/wp\/v2\/product_tag?post=68"}],"curies":[{"name":"wp","href":"https:\/\/api.w.org\/{rel}","templated":true}]}}